{"id":2631,"date":"2020-06-16T18:48:55","date_gmt":"2020-06-16T21:48:55","guid":{"rendered":"http:\/\/sme.goiania.go.gov.br\/conexaoescola\/?post_type=educacao_infantil&#038;p=2631"},"modified":"2020-06-16T18:48:57","modified_gmt":"2020-06-16T21:48:57","slug":"quem-e-jean-galvao","status":"publish","type":"educacao_infantil","link":"https:\/\/sme.goiania.go.gov.br\/conexaoescola\/educacao_infantil\/quem-e-jean-galvao\/","title":{"rendered":"Quem \u00e9 Jean Galv\u00e3o?"},"content":{"rendered":"\n<figure class=\"wp-block-embed-youtube wp-block-embed is-type-video is-provider-youtube wp-embed-aspect-4-3 wp-has-aspect-ratio\"><div class=\"wp-block-embed__wrapper\">\n<p class=\"responsive-video-wrap clr\"><iframe title=\"Beb\u00eas- Quem \u00e9 Jean Galv\u00e3o?\" width=\"1200\" height=\"900\" src=\"https:\/\/www.youtube.com\/embed\/mGNrxpceMBI?feature=oembed\" frameborder=\"0\" allow=\"accelerometer; autoplay; encrypted-media; gyroscope; picture-in-picture\" allowfullscreen><\/iframe><\/p>\n<\/div><figcaption>Fonte: Youtube. Quem \u00e9 Jean Galv\u00e3o? Canal: GEREIN-SME<\/figcaption><\/figure>\n\n\n\n<p class=\"has-medium-font-size\">Jean Galv\u00e3o foi quem ilustrou e escreveu o livro <a href=\"https:\/\/issuu.com\/jeangalvao\/docs\/samuel_procura_seu_chap_u_07_jun\">Samuel Procura seu Chap\u00e9u<\/a>!&nbsp;<\/p>\n\n\n\n<p class=\"has-medium-font-size\">No v\u00eddeo a seguir, Jean Galv\u00e3o conta que fez do desenho a sua profiss\u00e3o, criando e inventando hist\u00f3rias. Com seu trabalho j\u00e1 ganhou muitos pr\u00eamios importantes e hoje \u00e9 membro da Sociedade dos Ilustradores do Brasil.&nbsp;&nbsp;<\/p>\n\n\n\n<p class=\"has-medium-font-size\">Ele \u00e9 cartunista, desenhista, chargista, autor de livros infantis e diz que sempre gostou muito de desenhar,&nbsp; por isso come\u00e7ou a desenhar quando crian\u00e7a e nunca mais parou! Aprendeu muito observando e conversando com outros desenhistas.<\/p>\n\n\n\n<p class=\"has-medium-font-size\">Hoje ele cria desenhos e hist\u00f3rias o dia todo!\u00a0<\/p>\n\n\n\n<figure class=\"wp-block-embed-youtube wp-block-embed is-type-video is-provider-youtube wp-embed-aspect-16-9 wp-has-aspect-ratio\"><div class=\"wp-block-embed__wrapper\">\n<p class=\"responsive-video-wrap clr\"><iframe title=\"Quem \u00e9 Jean Galv\u00e3o?\" width=\"1200\" height=\"675\" src=\"https:\/\/www.youtube.com\/embed\/xjgYXH3S8BM?feature=oembed\" frameborder=\"0\" allow=\"accelerometer; autoplay; encrypted-media; gyroscope; picture-in-picture\" allowfullscreen><\/iframe><\/p>\n<\/div><figcaption>Fonte: Youtube. Quem \u00e9 Jean Galv\u00e3o? Canal: GEREIN-SME<\/figcaption><\/figure>\n","protected":false},"author":13,"featured_media":2632,"template":"","ei_categoria":[10],"class_list":["post-2631","educacao_infantil","type-educacao_infantil","status-publish","has-post-thumbnail","hentry","ei_categoria-bebes","entry","has-media"],"acf":[],"_links":{"self":[{"href":"https:\/\/sme.goiania.go.gov.br\/conexaoescola\/wp-json\/wp\/v2\/educacao_infantil\/2631","targetHints":{"allow":["GET"]}}],"collection":[{"href":"https:\/\/sme.goiania.go.gov.br\/conexaoescola\/wp-json\/wp\/v2\/educacao_infantil"}],"about":[{"href":"https:\/\/sme.goiania.go.gov.br\/conexaoescola\/wp-json\/wp\/v2\/types\/educacao_infantil"}],"author":[{"embeddable":true,"href":"https:\/\/sme.goiania.go.gov.br\/conexaoescola\/wp-json\/wp\/v2\/users\/13"}],"wp:featuredmedia":[{"embeddable":true,"href":"https:\/\/sme.goiania.go.gov.br\/conexaoescola\/wp-json\/wp\/v2\/media\/2632"}],"wp:attachment":[{"href":"https:\/\/sme.goiania.go.gov.br\/conexaoescola\/wp-json\/wp\/v2\/media?parent=2631"}],"wp:term":[{"taxonomy":"ei_categoria","embeddable":true,"href":"https:\/\/sme.goiania.go.gov.br\/conexaoescola\/wp-json\/wp\/v2\/ei_categoria?post=2631"}],"curies":[{"name":"wp","href":"https:\/\/api.w.org\/{rel}","templated":true}]}}

Quem é Jean Galvão?

<figure class="wp-block-embed-youtube wp-block-embed is-type-video is-provider-youtube wp-embed-aspect-4-3 wp-has-aspect-ratio"><div class="wp-block-embed__wrapper">
<p class="responsive-video-wrap clr"><iframe title="Bebês- Quem é Jean Galvão?" width="1200" height="900" src="https://www.youtube.com/embed/mGNrxpceMBI?feature=oembed" frameborder="0" allow="accelerometer; autoplay; encrypted-media; gyroscope; picture-in-picture" allowfullscreen></iframe></p>
</div><figcaption>Fonte: Youtube. Quem é Jean Galvão? Canal: GEREIN-SME</figcaption></figure>



<p class="has-medium-font-size">Jean Galvão foi quem ilustrou e escreveu o livro <a href="https://issuu.com/jeangalvao/docs/samuel_procura_seu_chap_u_07_jun">Samuel Procura seu Chapéu</a>!&nbsp;</p>



<p class="has-medium-font-size">No vídeo a seguir, Jean Galvão conta que fez do desenho a sua profissão, criando e inventando histórias. Com seu trabalho já ganhou muitos prêmios importantes e hoje é membro da Sociedade dos Ilustradores do Brasil.&nbsp;&nbsp;</p>



<p class="has-medium-font-size">Ele é cartunista, desenhista, chargista, autor de livros infantis e diz que sempre gostou muito de desenhar,&nbsp; por isso começou a desenhar quando criança e nunca mais parou! Aprendeu muito observando e conversando com outros desenhistas.</p>



<p class="has-medium-font-size">Hoje ele cria desenhos e histórias o dia todo! </p>



<figure class="wp-block-embed-youtube wp-block-embed is-type-video is-provider-youtube wp-embed-aspect-16-9 wp-has-aspect-ratio"><div class="wp-block-embed__wrapper">
<p class="responsive-video-wrap clr"><iframe title="Quem é Jean Galvão?" width="1200" height="675" src="https://www.youtube.com/embed/xjgYXH3S8BM?feature=oembed" frameborder="0" allow="accelerometer; autoplay; encrypted-media; gyroscope; picture-in-picture" allowfullscreen></iframe></p>
</div><figcaption>Fonte: Youtube. Quem é Jean Galvão? Canal: GEREIN-SME</figcaption></figure>
