{"id":2623,"date":"2020-06-16T16:59:38","date_gmt":"2020-06-16T19:59:38","guid":{"rendered":"http:\/\/sme.goiania.go.gov.br\/conexaoescola\/?post_type=educacao_infantil&#038;p=2623"},"modified":"2020-06-25T14:23:36","modified_gmt":"2020-06-25T17:23:36","slug":"samuel-procura-seu-chapeu","status":"publish","type":"educacao_infantil","link":"https:\/\/sme.goiania.go.gov.br\/conexaoescola\/educacao_infantil\/samuel-procura-seu-chapeu\/","title":{"rendered":"Samuel Procura seu Chap\u00e9u"},"content":{"rendered":"\n<figure class=\"wp-block-embed-youtube wp-block-embed is-type-video is-provider-youtube wp-embed-aspect-16-9 wp-has-aspect-ratio\"><div class=\"wp-block-embed__wrapper\">\n<p class=\"responsive-video-wrap clr\"><iframe title=\"Samuel Procura seu Chap\u00e9u\" width=\"1200\" height=\"675\" src=\"https:\/\/www.youtube.com\/embed\/INbPffag5z8?feature=oembed\" frameborder=\"0\" allow=\"accelerometer; autoplay; encrypted-media; gyroscope; picture-in-picture\" allowfullscreen><\/iframe><\/p>\n<\/div><figcaption>Fonte: YouTube. Samuel procura seu chap\u00e9u. GEREIN-SME<\/figcaption><\/figure>\n\n\n\n<p class=\"has-medium-font-size\">O livro <em>Samuel Procura seu Chap\u00e9u<\/em>, foi escrito e ilustrado pelo cartunista Jean Galv\u00e3o, que convida as crian\u00e7as da Secretaria Municipal de Educa\u00e7\u00e3o de Goi\u00e2nia para conhecer essa aventura.<\/p>\n\n\n\n<p class=\"has-medium-font-size\">Esse livro conta a hist\u00f3ria de Samuel, um bloco de madeira, que em busca de seu chap\u00e9u,&nbsp; percorre v\u00e1rios lugares, Cear\u00e1, China, fazenda, selva, deserto e at\u00e9 o planeta Saturno! Samuel tamb\u00e9m viaja no tempo e chega \u00e0 Era dos Dinossauros \u00e0 procura do seu chap\u00e9u! Com imagens que misturam os desenhos do cartunistas e blocos de montar, essa jornada chega a um final inesperado. Ser\u00e1 que ele encontrou seu chap\u00e9u?<\/p>\n\n\n\n<p class=\"has-medium-font-size\">Ao ler para seu beb\u00ea o importante n\u00e3o \u00e9 contar toda a hist\u00f3ria de uma s\u00f3 vez e sim ir lendo as palavras, rimas, os versos e chamando aten\u00e7\u00e3o para as imagens, aproveitando a intera\u00e7\u00e3o entre voc\u00eas! V\u00e1 devagar, fique atento as rea\u00e7\u00f5es do seu beb\u00ea, respeite o ritmo dele e saiba que essa a\u00e7\u00e3o ampliar\u00e1 suas experi\u00eancias e apoiar\u00e1 o desenvolvimento da sua linguagem.<\/p>\n\n\n\n<p class=\"has-medium-font-size\">Clique na imagem para conhecer a hist\u00f3ria.<\/p>\n\n\n\n<p class=\"has-text-align-center\"><a rel=\"noreferrer noopener\" href=\"https:\/\/issuu.com\/jeangalvao\/docs\/samuel_procura_seu_chap_u_07_jun\" target=\"_blank\"><img decoding=\"async\" src=\"https:\/\/lh5.googleusercontent.com\/qFIimL4LIkq9pPTHecoFidXEk7mtFmTegyQs79na6Mctibq3T5WTcfuspg4eiXXBtnQtL2Ql5fnzb-bu8vQDDuve1AjKbSdF0WLhctEeeoMfcoYjYR586MrXeHX6WqFtM3-E9qY\" style=\"width: 400px;\"><\/a><\/p>\n\n\n\n<p class=\"has-text-align-center\">Fonte da imagem: Site Issuu. Link do livro: <a href=\"https:\/\/issuu.com\/jeangalvao\/docs\/samuel_procura_seu_chap_u_07_jun\" target=\"_blank\" rel=\"noreferrer noopener\">https:\/\/issuu.com\/jeangalvao\/docs\/samuel_procura_seu_chap_u_07_jun<\/a><\/p>\n\n\n\n<p class=\"has-medium-font-size\">O Jean Galv\u00e3o que desenhou e escreveu essa hist\u00f3ria conta um pouco sobre seu trabalho e sobre como foi produzir esse livro. Conhe\u00e7am o autor clicando no link: <a href=\"https:\/\/youtu.be\/lDG2ugh46Pg\">https:\/\/youtu.be\/lDG2ugh46Pg<\/a><\/p>\n\n\n\n<hr class=\"wp-block-separator\"\/>\n\n\n\n<p class=\"has-text-align-center\">Educa\u00e7\u00e3o Infantil- Beb\u00eas<\/p>\n\n\n\n<p><\/p>\n","protected":false},"author":11,"featured_media":2624,"template":"","ei_categoria":[10],"class_list":["post-2623","educacao_infantil","type-educacao_infantil","status-publish","has-post-thumbnail","hentry","ei_categoria-bebes","entry","has-media"],"acf":[],"_links":{"self":[{"href":"https:\/\/sme.goiania.go.gov.br\/conexaoescola\/wp-json\/wp\/v2\/educacao_infantil\/2623","targetHints":{"allow":["GET"]}}],"collection":[{"href":"https:\/\/sme.goiania.go.gov.br\/conexaoescola\/wp-json\/wp\/v2\/educacao_infantil"}],"about":[{"href":"https:\/\/sme.goiania.go.gov.br\/conexaoescola\/wp-json\/wp\/v2\/types\/educacao_infantil"}],"author":[{"embeddable":true,"href":"https:\/\/sme.goiania.go.gov.br\/conexaoescola\/wp-json\/wp\/v2\/users\/11"}],"wp:featuredmedia":[{"embeddable":true,"href":"https:\/\/sme.goiania.go.gov.br\/conexaoescola\/wp-json\/wp\/v2\/media\/2624"}],"wp:attachment":[{"href":"https:\/\/sme.goiania.go.gov.br\/conexaoescola\/wp-json\/wp\/v2\/media?parent=2623"}],"wp:term":[{"taxonomy":"ei_categoria","embeddable":true,"href":"https:\/\/sme.goiania.go.gov.br\/conexaoescola\/wp-json\/wp\/v2\/ei_categoria?post=2623"}],"curies":[{"name":"wp","href":"https:\/\/api.w.org\/{rel}","templated":true}]}}

Samuel Procura seu Chapéu

<figure class="wp-block-embed-youtube wp-block-embed is-type-video is-provider-youtube wp-embed-aspect-16-9 wp-has-aspect-ratio"><div class="wp-block-embed__wrapper">
<p class="responsive-video-wrap clr"><iframe title="Samuel Procura seu Chapéu" width="1200" height="675" src="https://www.youtube.com/embed/INbPffag5z8?feature=oembed" frameborder="0" allow="accelerometer; autoplay; encrypted-media; gyroscope; picture-in-picture" allowfullscreen></iframe></p>
</div><figcaption>Fonte: YouTube. Samuel procura seu chapéu. GEREIN-SME</figcaption></figure>



<p class="has-medium-font-size">O livro <em>Samuel Procura seu Chapéu</em>, foi escrito e ilustrado pelo cartunista Jean Galvão, que convida as crianças da Secretaria Municipal de Educação de Goiânia para conhecer essa aventura.</p>



<p class="has-medium-font-size">Esse livro conta a história de Samuel, um bloco de madeira, que em busca de seu chapéu,&nbsp; percorre vários lugares, Ceará, China, fazenda, selva, deserto e até o planeta Saturno! Samuel também viaja no tempo e chega à Era dos Dinossauros à procura do seu chapéu! Com imagens que misturam os desenhos do cartunistas e blocos de montar, essa jornada chega a um final inesperado. Será que ele encontrou seu chapéu?</p>



<p class="has-medium-font-size">Ao ler para seu bebê o importante não é contar toda a história de uma só vez e sim ir lendo as palavras, rimas, os versos e chamando atenção para as imagens, aproveitando a interação entre vocês! Vá devagar, fique atento as reações do seu bebê, respeite o ritmo dele e saiba que essa ação ampliará suas experiências e apoiará o desenvolvimento da sua linguagem.</p>



<p class="has-medium-font-size">Clique na imagem para conhecer a história.</p>



<p class="has-text-align-center"><a rel="noreferrer noopener" href="https://issuu.com/jeangalvao/docs/samuel_procura_seu_chap_u_07_jun" target="_blank"><img decoding="async" src="https://lh5.googleusercontent.com/qFIimL4LIkq9pPTHecoFidXEk7mtFmTegyQs79na6Mctibq3T5WTcfuspg4eiXXBtnQtL2Ql5fnzb-bu8vQDDuve1AjKbSdF0WLhctEeeoMfcoYjYR586MrXeHX6WqFtM3-E9qY" style="width: 400px;"></a></p>



<p class="has-text-align-center">Fonte da imagem: Site Issuu. Link do livro: <a href="https://issuu.com/jeangalvao/docs/samuel_procura_seu_chap_u_07_jun" target="_blank" rel="noreferrer noopener">https://issuu.com/jeangalvao/docs/samuel_procura_seu_chap_u_07_jun</a></p>



<p class="has-medium-font-size">O Jean Galvão que desenhou e escreveu essa história conta um pouco sobre seu trabalho e sobre como foi produzir esse livro. Conheçam o autor clicando no link: <a href="https://youtu.be/lDG2ugh46Pg">https://youtu.be/lDG2ugh46Pg</a></p>



<hr class="wp-block-separator"/>



<p class="has-text-align-center">Educação Infantil- Bebês</p>



<p></p>
