{"id":2187,"date":"2020-06-08T15:20:08","date_gmt":"2020-06-08T18:20:08","guid":{"rendered":"http:\/\/sme.goiania.go.gov.br\/conexaoescola\/?post_type=educacao_infantil&#038;p=2187"},"modified":"2020-06-24T18:55:37","modified_gmt":"2020-06-24T21:55:37","slug":"caixa-de-memoria","status":"publish","type":"educacao_infantil","link":"https:\/\/sme.goiania.go.gov.br\/conexaoescola\/educacao_infantil\/caixa-de-memoria\/","title":{"rendered":"Uma caixa: muitas mem\u00f3rias."},"content":{"rendered":"\n<p class=\"has-text-align-center has-medium-font-size\"><\/p>\n\n\n\n<figure class=\"wp-block-embed-youtube wp-block-embed is-type-video is-provider-youtube wp-embed-aspect-16-9 wp-has-aspect-ratio\"><div class=\"wp-block-embed__wrapper\">\n<p class=\"responsive-video-wrap clr\"><iframe title=\"Uma caixa: muitas mem\u00f3rias!\" width=\"1200\" height=\"675\" src=\"https:\/\/www.youtube.com\/embed\/1vaM5XS8B14?feature=oembed\" frameborder=\"0\" allow=\"accelerometer; autoplay; encrypted-media; gyroscope; picture-in-picture\" allowfullscreen><\/iframe><\/p>\n<\/div><figcaption>Fonte: Youtube, Uma caixa: muitas mem\u00f3rias! do canal GEREIN SME<\/figcaption><\/figure>\n\n\n\n<p class=\"has-medium-font-size\">Organizar ou rever \u00e1lbuns de fotos antigas \u00e9 uma boa oportunidade de revisitar o passado e relembrar momentos vividos que marcaram e fizeram parte da hist\u00f3ria, por isso se constituem em identidade da fam\u00edlia.&nbsp;&nbsp;<\/p>\n\n\n\n<p class=\"has-medium-font-size\">Em cada imagem h\u00e1 uma hist\u00f3ria que pode ser resgatada e compartilhada com as crian\u00e7as, em casa, e com a fam\u00edlia toda. Esta \u00e9 uma maneira de aproximar e fortalecer os v\u00ednculos familiares e de manter viva a hist\u00f3ria da fam\u00edlia. Lembre-se: Conversa boa vem de ber\u00e7o!&nbsp;<\/p>\n\n\n\n<p class=\"has-medium-font-size\">As fotos antigas s\u00e3o importantes para a crian\u00e7a conhecer ou reconhecer pessoas que comp\u00f5em sua fam\u00edlia, h\u00e1bitos, costumes e lugares importantes para a fam\u00edlia. Revisitar um \u00e1lbum, fotos impressas ou digitais, como aquelas do celular, \u00e9 tamb\u00e9m revisitar hist\u00f3rias, que o adulto pode contar para a crian\u00e7a, transportando-a \u00e0quele tempo, \u00e0quele momento, como que em uma m\u00e1quina do tempo.&nbsp;&nbsp;<\/p>\n\n\n\n<p class=\"has-medium-font-size\">Al\u00e9m de um \u00e1lbum com fotos ou um &nbsp;livro do beb\u00ea, as mem\u00f3rias da fam\u00edlia tamb\u00e9m podem ser guardadas de outra forma, como em uma caixa com objetos importantes, que marcaram um momento da crian\u00e7a ou da fam\u00edlia, por exemplo desenhos, brinquedos, objetos que tenham sons, que guardam cheiros ou que remetam sabores.&nbsp;&nbsp;&nbsp;<\/p>\n\n\n\n<p class=\"has-medium-font-size\"><strong><span class=\"has-inline-color has-vivid-cyan-blue-color\">Que tal construir uma caixa de mem\u00f3rias?<\/span><\/strong> Nela, voc\u00eas podem escolher objetos e fotos atuais, que guardam a mem\u00f3ria desse per\u00edodo de isolamento social para que depois possam ser compartilhados com a crian\u00e7a e com outras pessoas.<\/p>\n\n\n\n<div class=\"wp-block-image\"><figure class=\"aligncenter size-large is-resized\"><img fetchpriority=\"high\" decoding=\"async\" src=\"http:\/\/sme.goiania.go.gov.br\/conexaoescola\/wp-content\/uploads\/2020\/06\/Caixa-memoria-2-e1591640038769.png\" alt=\"\" class=\"wp-image-2188\" width=\"489\" height=\"343\"\/><figcaption>Fonte da imagem: &#8220;COMO VOC\u00ca GUARDA LEMBRAN\u00c7A DOS SEUS FILHOS?&#8221;do Site M\u00e3e ao cubo. Dispon\u00edvel em: <a href=\"https:\/\/maeaocubo.com.br\/?s=caixa+de+memoria\" target=\"_blank\" rel=\"noreferrer noopener\">https:\/\/maeaocubo.com.br\/?s=caixa+de+memoria<\/a><\/figcaption><\/figure><\/div>\n\n\n\n<p><\/p>\n","protected":false},"author":13,"featured_media":2188,"template":"","ei_categoria":[11],"class_list":["post-2187","educacao_infantil","type-educacao_infantil","status-publish","has-post-thumbnail","hentry","ei_categoria-criancas-bem-pequenas","entry","has-media"],"acf":[],"_links":{"self":[{"href":"https:\/\/sme.goiania.go.gov.br\/conexaoescola\/wp-json\/wp\/v2\/educacao_infantil\/2187","targetHints":{"allow":["GET"]}}],"collection":[{"href":"https:\/\/sme.goiania.go.gov.br\/conexaoescola\/wp-json\/wp\/v2\/educacao_infantil"}],"about":[{"href":"https:\/\/sme.goiania.go.gov.br\/conexaoescola\/wp-json\/wp\/v2\/types\/educacao_infantil"}],"author":[{"embeddable":true,"href":"https:\/\/sme.goiania.go.gov.br\/conexaoescola\/wp-json\/wp\/v2\/users\/13"}],"wp:featuredmedia":[{"embeddable":true,"href":"https:\/\/sme.goiania.go.gov.br\/conexaoescola\/wp-json\/wp\/v2\/media\/2188"}],"wp:attachment":[{"href":"https:\/\/sme.goiania.go.gov.br\/conexaoescola\/wp-json\/wp\/v2\/media?parent=2187"}],"wp:term":[{"taxonomy":"ei_categoria","embeddable":true,"href":"https:\/\/sme.goiania.go.gov.br\/conexaoescola\/wp-json\/wp\/v2\/ei_categoria?post=2187"}],"curies":[{"name":"wp","href":"https:\/\/api.w.org\/{rel}","templated":true}]}}

Uma caixa: muitas memórias.

<p class="has-text-align-center has-medium-font-size"></p>



<figure class="wp-block-embed-youtube wp-block-embed is-type-video is-provider-youtube wp-embed-aspect-16-9 wp-has-aspect-ratio"><div class="wp-block-embed__wrapper">
<p class="responsive-video-wrap clr"><iframe title="Uma caixa: muitas memórias!" width="1200" height="675" src="https://www.youtube.com/embed/1vaM5XS8B14?feature=oembed" frameborder="0" allow="accelerometer; autoplay; encrypted-media; gyroscope; picture-in-picture" allowfullscreen></iframe></p>
</div><figcaption>Fonte: Youtube, Uma caixa: muitas memórias! do canal GEREIN SME</figcaption></figure>



<p class="has-medium-font-size">Organizar ou rever álbuns de fotos antigas é uma boa oportunidade de revisitar o passado e relembrar momentos vividos que marcaram e fizeram parte da história, por isso se constituem em identidade da família.&nbsp;&nbsp;</p>



<p class="has-medium-font-size">Em cada imagem há uma história que pode ser resgatada e compartilhada com as crianças, em casa, e com a família toda. Esta é uma maneira de aproximar e fortalecer os vínculos familiares e de manter viva a história da família. Lembre-se: Conversa boa vem de berço!&nbsp;</p>



<p class="has-medium-font-size">As fotos antigas são importantes para a criança conhecer ou reconhecer pessoas que compõem sua família, hábitos, costumes e lugares importantes para a família. Revisitar um álbum, fotos impressas ou digitais, como aquelas do celular, é também revisitar histórias, que o adulto pode contar para a criança, transportando-a àquele tempo, àquele momento, como que em uma máquina do tempo.&nbsp;&nbsp;</p>



<p class="has-medium-font-size">Além de um álbum com fotos ou um &nbsp;livro do bebê, as memórias da família também podem ser guardadas de outra forma, como em uma caixa com objetos importantes, que marcaram um momento da criança ou da família, por exemplo desenhos, brinquedos, objetos que tenham sons, que guardam cheiros ou que remetam sabores.&nbsp;&nbsp;&nbsp;</p>



<p class="has-medium-font-size"><strong><span class="has-inline-color has-vivid-cyan-blue-color">Que tal construir uma caixa de memórias?</span></strong> Nela, vocês podem escolher objetos e fotos atuais, que guardam a memória desse período de isolamento social para que depois possam ser compartilhados com a criança e com outras pessoas.</p>



<div class="wp-block-image"><figure class="aligncenter size-large is-resized"><img fetchpriority="high" decoding="async" src="http://sme.goiania.go.gov.br/conexaoescola/wp-content/uploads/2020/06/Caixa-memoria-2-e1591640038769.png" alt="" class="wp-image-2188" width="489" height="343"/><figcaption>Fonte da imagem: &#8220;COMO VOCÊ GUARDA LEMBRANÇA DOS SEUS FILHOS?&#8221;do Site Mãe ao cubo. Disponível em: <a href="https://maeaocubo.com.br/?s=caixa+de+memoria" target="_blank" rel="noreferrer noopener">https://maeaocubo.com.br/?s=caixa+de+memoria</a></figcaption></figure></div>



<p></p>
