{"id":149641,"date":"2022-09-12T23:14:08","date_gmt":"2022-09-13T02:14:08","guid":{"rendered":"https:\/\/sme.goiania.go.gov.br\/conexaoescola\/?post_type=educacao_infantil&#038;p=149641"},"modified":"2023-02-21T22:20:47","modified_gmt":"2023-02-22T01:20:47","slug":"todo-dia-e-dia-de-poesia","status":"publish","type":"educacao_infantil","link":"https:\/\/sme.goiania.go.gov.br\/conexaoescola\/educacao_infantil\/todo-dia-e-dia-de-poesia\/","title":{"rendered":"Todo dia \u00e9 dia de poesia!"},"content":{"rendered":"<div class=\"wp-block-image is-style-default\">\n<figure class=\"aligncenter size-large is-resized\"><img fetchpriority=\"high\" decoding=\"async\" src=\"https:\/\/sme.goiania.go.gov.br\/conexaoescola\/wp-content\/uploads\/2022\/09\/8-e1662749185666-1024x1024.jpg\" alt=\"\" class=\"wp-image-149985\" width=\"622\" height=\"622\" srcset=\"https:\/\/sme.goiania.go.gov.br\/conexaoescola\/wp-content\/uploads\/2022\/09\/8-e1662749185666-1024x1024.jpg 1024w, https:\/\/sme.goiania.go.gov.br\/conexaoescola\/wp-content\/uploads\/2022\/09\/8-e1662749185666-300x300.jpg 300w, https:\/\/sme.goiania.go.gov.br\/conexaoescola\/wp-content\/uploads\/2022\/09\/8-e1662749185666-150x150.jpg 150w, https:\/\/sme.goiania.go.gov.br\/conexaoescola\/wp-content\/uploads\/2022\/09\/8-e1662749185666-768x768.jpg 768w, https:\/\/sme.goiania.go.gov.br\/conexaoescola\/wp-content\/uploads\/2022\/09\/8-e1662749185666.jpg 1080w\" sizes=\"(max-width: 622px) 100vw, 622px\" \/><figcaption class=\"wp-element-caption\"> Crian\u00e7a lendo com pai. Fonte: Canva. Dispon\u00edvel: https:\/\/www.canva.com<\/figcaption><\/figure><\/div>\n\n\n<p class=\"has-text-align-center wp-embed-aspect-16-9 wp-has-aspect-ratio has-black-color has-text-color has-background has-medium-font-size\" style=\"background-color:#d0a6f9\"><strong>A crian\u00e7a l\u00ea de diferentes formas e em diferentes contextos. <\/strong><\/p>\n\n\n\n<p class=\"has-text-align-center wp-embed-aspect-16-9 wp-has-aspect-ratio has-black-color has-text-color has-background has-medium-font-size\" style=\"background-color:#f7eccf\"><strong>Ao folhear livros, ao ouvir e cantar can\u00e7\u00f5es, ao apreciar e recitar cantigas, ao se envolver em diversas situa\u00e7\u00f5es e formas de express\u00e3o e  linguagens.  <\/strong><\/p>\n\n\n\n<p class=\"has-text-align-center wp-embed-aspect-16-9 wp-has-aspect-ratio has-background has-medium-font-size\" style=\"background-color:#d0a6f9\"><strong><mark style=\"background-color:rgba(0, 0, 0, 0)\" class=\"has-inline-color has-black-color\">A poesia, por exemplo, \u00e9 uma linguagem e express\u00e3o liter\u00e1ria que contribui para o desenvolvimento da imagina\u00e7\u00e3o, da curiosidade, da oralidade, do apre\u00e7o pela leitura. \u00c9 tamb\u00e9m uma maneira da crian\u00e7a comunicar ideias, sentimentos e desejos. <\/mark><\/strong><\/p>\n\n\n\n<p class=\"has-text-align-center wp-embed-aspect-16-9 wp-has-aspect-ratio has-black-color has-text-color has-background has-medium-font-size\" style=\"background-color:#f7eccf\"><strong>Conhe\u00e7a o quadro &#8220;Dia de poesia&#8221; desenvolvido pela <span class=\"has-inline-color has-black-color\">TV UFG. <\/span><\/strong><\/p>\n\n\n\n<p class=\"has-text-align-center wp-embed-aspect-16-9 wp-has-aspect-ratio has-black-color has-text-color has-background has-medium-font-size\" style=\"background-color:#f7eccf\"><strong><span class=\"has-inline-color has-black-color\">O quadro r<\/span>e\u00fane poesias de grandes autores e de autores ainda pouco conhecidos gravadas pelo p\u00fablico no est\u00fadio da TV.<\/strong> <\/p>\n\n\n\n<p class=\"has-text-align-center wp-embed-aspect-16-9 wp-has-aspect-ratio has-black-color has-text-color has-background has-medium-font-size\" style=\"background-color:#d0a6f9\"><strong>Que tal convidar sua crian\u00e7a para apreciar alguns epis\u00f3dios de recita\u00e7\u00e3o de poesia<\/strong> <strong>feito especialmente por crian\u00e7as?<\/strong><\/p>\n\n\n\n<hr class=\"wp-block-separator has-css-opacity\"\/>\n\n\n\n<figure class=\"wp-block-embed is-type-video is-provider-youtube wp-block-embed-youtube wp-embed-aspect-16-9 wp-has-aspect-ratio\"><div class=\"wp-block-embed__wrapper\">\n<p class=\"responsive-video-wrap clr\"><iframe title=\"Dia da Poesia 2018 - Macaco\" width=\"1200\" height=\"675\" src=\"https:\/\/www.youtube.com\/embed\/uuBGXTNnMd4?feature=oembed\" frameborder=\"0\" allow=\"accelerometer; autoplay; clipboard-write; encrypted-media; gyroscope; picture-in-picture; web-share\" allowfullscreen><\/iframe><\/p>\n<\/div><figcaption class=\"wp-element-caption\"> Canal: TV UFG. Dia de poesia.  Dispon\u00edvel em: https:\/\/www.youtube.com\/watch?v=uuBGXTNnMd4<\/figcaption><\/figure>\n\n\n\n<hr class=\"wp-block-separator has-css-opacity\"\/>\n\n\n\n<figure class=\"wp-block-embed is-type-video is-provider-youtube wp-block-embed-youtube wp-embed-aspect-16-9 wp-has-aspect-ratio\"><div class=\"wp-block-embed__wrapper\">\n<p class=\"responsive-video-wrap clr\"><iframe title=\"A casa | DIA DA POESIA 2021\" width=\"1200\" height=\"675\" src=\"https:\/\/www.youtube.com\/embed\/XMRQhxcsags?list=PLowgBEHZ82KiGLrmsdWHJlMWLJz8hNg6m\" frameborder=\"0\" allow=\"accelerometer; autoplay; clipboard-write; encrypted-media; gyroscope; picture-in-picture; web-share\" allowfullscreen><\/iframe><\/p>\n<\/div><figcaption class=\"wp-element-caption\"> Canal: TV UFG. Dia de poesia. Dispon\u00edvel em: https:\/\/youtu.be\/XMRQhxcsags?list=PLowgBEHZ82KiGLrmsdWHJlMWLJz8hNg6m<\/figcaption><\/figure>\n\n\n\n<hr class=\"wp-block-separator has-css-opacity\"\/>\n\n\n\n<figure class=\"wp-block-embed is-type-video is-provider-youtube wp-block-embed-youtube wp-embed-aspect-16-9 wp-has-aspect-ratio\"><div class=\"wp-block-embed__wrapper\">\n<p class=\"responsive-video-wrap clr\"><iframe title=\"Hora da poesia | DIA DA POESIA 2021\" width=\"1200\" height=\"675\" src=\"https:\/\/www.youtube.com\/embed\/7V5hEQTY56A?list=PLowgBEHZ82KiGLrmsdWHJlMWLJz8hNg6m\" frameborder=\"0\" allow=\"accelerometer; autoplay; clipboard-write; encrypted-media; gyroscope; picture-in-picture; web-share\" allowfullscreen><\/iframe><\/p>\n<\/div><figcaption class=\"wp-element-caption\"> Canal: TV UFG. Dia de poesia. Dispon\u00edvel em: https:\/\/youtu.be\/7V5hEQTY56A?list=PLowgBEHZ82KiGLrmsdWHJlMWLJz8hNg6m<br><\/figcaption><\/figure>\n\n\n\n<hr class=\"wp-block-separator has-css-opacity\"\/>\n\n\n\n<figure class=\"wp-block-embed is-type-video is-provider-youtube wp-block-embed-youtube wp-embed-aspect-16-9 wp-has-aspect-ratio\"><div class=\"wp-block-embed__wrapper\">\n<p class=\"responsive-video-wrap clr\"><iframe title=\"A foca | DIA DA POESIA 2021\" width=\"1200\" height=\"675\" src=\"https:\/\/www.youtube.com\/embed\/M6eUyUlfMHs?feature=oembed\" frameborder=\"0\" allow=\"accelerometer; autoplay; clipboard-write; encrypted-media; gyroscope; picture-in-picture; web-share\" allowfullscreen><\/iframe><\/p>\n<\/div><figcaption class=\"wp-element-caption\">https:\/\/www.youtube.com\/watch?v=M6eUyUlfMHs<\/figcaption><\/figure>\n\n\n\n<p class=\"has-text-align-center has-black-color has-text-color has-background has-medium-font-size\" style=\"background-color:#dfbdff\"><strong>Recite poesias com sua crian\u00e7a! Para recitar \u00e9 s\u00f3 come\u00e7ar!<\/strong><\/p>\n\n\n\n<figure class=\"wp-block-table is-style-stripes\"><table><tbody><tr><td>Proponentes\/Curadoria<\/td><td>NEC<\/td><\/tr><tr><td>Parceiros<\/td><td>TV UFG<\/td><\/tr><\/tbody><\/table><figcaption class=\"wp-element-caption\">Educa\u00e7\u00e3o Infantil &#8211; Crian\u00e7as bem pequenas<\/figcaption><\/figure>\n","protected":false},"author":16,"featured_media":149985,"template":"","ei_categoria":[12],"class_list":["post-149641","educacao_infantil","type-educacao_infantil","status-publish","has-post-thumbnail","hentry","ei_categoria-criancas-pequenas","entry","has-media"],"acf":[],"_links":{"self":[{"href":"https:\/\/sme.goiania.go.gov.br\/conexaoescola\/wp-json\/wp\/v2\/educacao_infantil\/149641","targetHints":{"allow":["GET"]}}],"collection":[{"href":"https:\/\/sme.goiania.go.gov.br\/conexaoescola\/wp-json\/wp\/v2\/educacao_infantil"}],"about":[{"href":"https:\/\/sme.goiania.go.gov.br\/conexaoescola\/wp-json\/wp\/v2\/types\/educacao_infantil"}],"author":[{"embeddable":true,"href":"https:\/\/sme.goiania.go.gov.br\/conexaoescola\/wp-json\/wp\/v2\/users\/16"}],"wp:featuredmedia":[{"embeddable":true,"href":"https:\/\/sme.goiania.go.gov.br\/conexaoescola\/wp-json\/wp\/v2\/media\/149985"}],"wp:attachment":[{"href":"https:\/\/sme.goiania.go.gov.br\/conexaoescola\/wp-json\/wp\/v2\/media?parent=149641"}],"wp:term":[{"taxonomy":"ei_categoria","embeddable":true,"href":"https:\/\/sme.goiania.go.gov.br\/conexaoescola\/wp-json\/wp\/v2\/ei_categoria?post=149641"}],"curies":[{"name":"wp","href":"https:\/\/api.w.org\/{rel}","templated":true}]}}

Todo dia é dia de poesia!

<div class="wp-block-image is-style-default">
<figure class="aligncenter size-large is-resized"><img fetchpriority="high" decoding="async" src="https://sme.goiania.go.gov.br/conexaoescola/wp-content/uploads/2022/09/8-e1662749185666-1024x1024.jpg" alt="" class="wp-image-149985" width="622" height="622" srcset="https://sme.goiania.go.gov.br/conexaoescola/wp-content/uploads/2022/09/8-e1662749185666-1024x1024.jpg 1024w, https://sme.goiania.go.gov.br/conexaoescola/wp-content/uploads/2022/09/8-e1662749185666-300x300.jpg 300w, https://sme.goiania.go.gov.br/conexaoescola/wp-content/uploads/2022/09/8-e1662749185666-150x150.jpg 150w, https://sme.goiania.go.gov.br/conexaoescola/wp-content/uploads/2022/09/8-e1662749185666-768x768.jpg 768w, https://sme.goiania.go.gov.br/conexaoescola/wp-content/uploads/2022/09/8-e1662749185666.jpg 1080w" sizes="(max-width: 622px) 100vw, 622px" /><figcaption class="wp-element-caption"> Criança lendo com pai. Fonte: Canva. Disponível: https://www.canva.com</figcaption></figure></div>


<p class="has-text-align-center wp-embed-aspect-16-9 wp-has-aspect-ratio has-black-color has-text-color has-background has-medium-font-size" style="background-color:#d0a6f9"><strong>A criança lê de diferentes formas e em diferentes contextos. </strong></p>



<p class="has-text-align-center wp-embed-aspect-16-9 wp-has-aspect-ratio has-black-color has-text-color has-background has-medium-font-size" style="background-color:#f7eccf"><strong>Ao folhear livros, ao ouvir e cantar canções, ao apreciar e recitar cantigas, ao se envolver em diversas situações e formas de expressão e  linguagens.  </strong></p>



<p class="has-text-align-center wp-embed-aspect-16-9 wp-has-aspect-ratio has-background has-medium-font-size" style="background-color:#d0a6f9"><strong><mark style="background-color:rgba(0, 0, 0, 0)" class="has-inline-color has-black-color">A poesia, por exemplo, é uma linguagem e expressão literária que contribui para o desenvolvimento da imaginação, da curiosidade, da oralidade, do apreço pela leitura. É também uma maneira da criança comunicar ideias, sentimentos e desejos. </mark></strong></p>



<p class="has-text-align-center wp-embed-aspect-16-9 wp-has-aspect-ratio has-black-color has-text-color has-background has-medium-font-size" style="background-color:#f7eccf"><strong>Conheça o quadro &#8220;Dia de poesia&#8221; desenvolvido pela <span class="has-inline-color has-black-color">TV UFG. </span></strong></p>



<p class="has-text-align-center wp-embed-aspect-16-9 wp-has-aspect-ratio has-black-color has-text-color has-background has-medium-font-size" style="background-color:#f7eccf"><strong><span class="has-inline-color has-black-color">O quadro r</span>eúne poesias de grandes autores e de autores ainda pouco conhecidos gravadas pelo público no estúdio da TV.</strong> </p>



<p class="has-text-align-center wp-embed-aspect-16-9 wp-has-aspect-ratio has-black-color has-text-color has-background has-medium-font-size" style="background-color:#d0a6f9"><strong>Que tal convidar sua criança para apreciar alguns episódios de recitação de poesia</strong> <strong>feito especialmente por crianças?</strong></p>



<hr class="wp-block-separator has-css-opacity"/>



<figure class="wp-block-embed is-type-video is-provider-youtube wp-block-embed-youtube wp-embed-aspect-16-9 wp-has-aspect-ratio"><div class="wp-block-embed__wrapper">
<p class="responsive-video-wrap clr"><iframe title="Dia da Poesia 2018 - Macaco" width="1200" height="675" src="https://www.youtube.com/embed/uuBGXTNnMd4?feature=oembed" frameborder="0" allow="accelerometer; autoplay; clipboard-write; encrypted-media; gyroscope; picture-in-picture; web-share" allowfullscreen></iframe></p>
</div><figcaption class="wp-element-caption"> Canal: TV UFG. Dia de poesia.  Disponível em: https://www.youtube.com/watch?v=uuBGXTNnMd4</figcaption></figure>



<hr class="wp-block-separator has-css-opacity"/>



<figure class="wp-block-embed is-type-video is-provider-youtube wp-block-embed-youtube wp-embed-aspect-16-9 wp-has-aspect-ratio"><div class="wp-block-embed__wrapper">
<p class="responsive-video-wrap clr"><iframe title="A casa | DIA DA POESIA 2021" width="1200" height="675" src="https://www.youtube.com/embed/XMRQhxcsags?list=PLowgBEHZ82KiGLrmsdWHJlMWLJz8hNg6m" frameborder="0" allow="accelerometer; autoplay; clipboard-write; encrypted-media; gyroscope; picture-in-picture; web-share" allowfullscreen></iframe></p>
</div><figcaption class="wp-element-caption"> Canal: TV UFG. Dia de poesia. Disponível em: https://youtu.be/XMRQhxcsags?list=PLowgBEHZ82KiGLrmsdWHJlMWLJz8hNg6m</figcaption></figure>



<hr class="wp-block-separator has-css-opacity"/>



<figure class="wp-block-embed is-type-video is-provider-youtube wp-block-embed-youtube wp-embed-aspect-16-9 wp-has-aspect-ratio"><div class="wp-block-embed__wrapper">
<p class="responsive-video-wrap clr"><iframe title="Hora da poesia | DIA DA POESIA 2021" width="1200" height="675" src="https://www.youtube.com/embed/7V5hEQTY56A?list=PLowgBEHZ82KiGLrmsdWHJlMWLJz8hNg6m" frameborder="0" allow="accelerometer; autoplay; clipboard-write; encrypted-media; gyroscope; picture-in-picture; web-share" allowfullscreen></iframe></p>
</div><figcaption class="wp-element-caption"> Canal: TV UFG. Dia de poesia. Disponível em: https://youtu.be/7V5hEQTY56A?list=PLowgBEHZ82KiGLrmsdWHJlMWLJz8hNg6m<br></figcaption></figure>



<hr class="wp-block-separator has-css-opacity"/>



<figure class="wp-block-embed is-type-video is-provider-youtube wp-block-embed-youtube wp-embed-aspect-16-9 wp-has-aspect-ratio"><div class="wp-block-embed__wrapper">
<p class="responsive-video-wrap clr"><iframe title="A foca | DIA DA POESIA 2021" width="1200" height="675" src="https://www.youtube.com/embed/M6eUyUlfMHs?feature=oembed" frameborder="0" allow="accelerometer; autoplay; clipboard-write; encrypted-media; gyroscope; picture-in-picture; web-share" allowfullscreen></iframe></p>
</div><figcaption class="wp-element-caption">https://www.youtube.com/watch?v=M6eUyUlfMHs</figcaption></figure>



<p class="has-text-align-center has-black-color has-text-color has-background has-medium-font-size" style="background-color:#dfbdff"><strong>Recite poesias com sua criança! Para recitar é só começar!</strong></p>



<figure class="wp-block-table is-style-stripes"><table><tbody><tr><td>Proponentes/Curadoria</td><td>NEC</td></tr><tr><td>Parceiros</td><td>TV UFG</td></tr></tbody></table><figcaption class="wp-element-caption">Educação Infantil &#8211; Crianças bem pequenas</figcaption></figure>
