{"id":149040,"date":"2022-08-29T15:39:50","date_gmt":"2022-08-29T18:39:50","guid":{"rendered":"https:\/\/sme.goiania.go.gov.br\/conexaoescola\/?post_type=educacao_infantil&#038;p=149040"},"modified":"2023-02-21T22:24:46","modified_gmt":"2023-02-22T01:24:46","slug":"vamos-brincar-com-o-ser-crianca-e-natural","status":"publish","type":"educacao_infantil","link":"https:\/\/sme.goiania.go.gov.br\/conexaoescola\/educacao_infantil\/vamos-brincar-com-o-ser-crianca-e-natural\/","title":{"rendered":"Vamos Brincar com o Ser Crian\u00e7a \u00e9 Natural?"},"content":{"rendered":"<div class=\"wp-block-image is-style-default\">\n<figure class=\"aligncenter size-full\"><img fetchpriority=\"high\" decoding=\"async\" width=\"703\" height=\"387\" src=\"https:\/\/sme.goiania.go.gov.br\/conexaoescola\/wp-content\/uploads\/2022\/08\/natureza-criancas-agora.png\" alt=\"\" class=\"wp-image-149043\" srcset=\"https:\/\/sme.goiania.go.gov.br\/conexaoescola\/wp-content\/uploads\/2022\/08\/natureza-criancas-agora.png 703w, https:\/\/sme.goiania.go.gov.br\/conexaoescola\/wp-content\/uploads\/2022\/08\/natureza-criancas-agora-300x165.png 300w\" sizes=\"(max-width: 703px) 100vw, 703px\" \/><figcaption class=\"wp-element-caption\">Crian\u00e7as fazendo comidinhas com elementos da natureza. <strong>Fonte<\/strong>: Vamos brincar de comidinha. Dispon\u00edvel em: https:\/\/www.youtube.com\/watch?v=GH3kPgOO1RA&amp;t=24s<\/figcaption><\/figure><\/div>\n\n\n<p class=\"has-text-align-center wp-embed-aspect-16-9 wp-has-aspect-ratio has-black-color has-text-color has-background has-medium-font-size\" style=\"background-color:#94aba1\"><strong> \u00c9&nbsp;um&nbsp;<span class=\"has-inline-color has-black-color\">direito<\/span>&nbsp;de toda crian\u00e7a estar em contato com a natureza experimentando e descobrindo tudo que ela pode oferecer.<\/strong> <\/p>\n\n\n\n<p class=\"has-text-align-center wp-embed-aspect-16-9 wp-has-aspect-ratio has-black-color has-text-color has-background has-medium-font-size\" style=\"background-color:#fbcc4c\"><strong>O contato com ambientes naturais proporciona \u00e0s crian\u00e7as o brincar livre, a explora\u00e7\u00e3o, a cria\u00e7\u00e3o e <mark style=\"background-color:rgba(0, 0, 0, 0)\" class=\"has-inline-color has-black-color\">a imagina\u00e7\u00e3o!<\/mark><\/strong><\/p>\n\n\n\n<p class=\"has-text-align-center wp-embed-aspect-16-9 wp-has-aspect-ratio has-black-color has-text-color has-background has-medium-font-size\" style=\"background-color:#94aba1\"><strong>Que tal conhecer o\u00a0\u00a0programa\u00a0&#8220;Ser Crian\u00e7a \u00e9 Natural&#8221; ! Ele nasceu em 2013, com a chegada de<mark style=\"background-color:rgba(0, 0, 0, 0)\" class=\"has-inline-color has-black-color\"> Ana Carol Thom\u00e9 a<\/mark>o\u00a0<a rel=\"noreferrer noopener\" href=\"http:\/\/www.institutoroma.com.br\/\" target=\"_blank\">Instituto Rom\u00e3<\/a>. Desde ent\u00e3o o programa atua em duas frentes &#8211;\u00a0fam\u00edlia e educa\u00e7\u00e3o &#8211; promovendo\u00a0experi\u00eancias\u00a0para as crian\u00e7as e\u00a0forma\u00e7\u00e3o\u00a0para os adultos.<\/strong><\/p>\n\n\n\n<p class=\"has-text-align-center wp-embed-aspect-16-9 wp-has-aspect-ratio has-black-color has-text-color has-background has-medium-font-size\" style=\"background-color:#fbcc4c\"><strong>Vamos conhecer as a\u00e7\u00f5es do <\/strong><span class=\"has-inline-color has-black-color\"><strong>Ser Crian\u00e7a \u00e9 Natural?<\/strong> <\/span><\/p>\n\n\n\n<figure class=\"wp-block-embed is-type-video is-provider-youtube wp-block-embed-youtube wp-embed-aspect-16-9 wp-has-aspect-ratio\"><div class=\"wp-block-embed__wrapper\">\n<p class=\"responsive-video-wrap clr\"><iframe title=\"Ser Crian\u00e7a \u00e9 Natural | Beb\u00eas e Natureza - Parte 1\" width=\"1200\" height=\"675\" src=\"https:\/\/www.youtube.com\/embed\/OUk7EWghYTk?feature=oembed\" frameborder=\"0\" allow=\"accelerometer; autoplay; clipboard-write; encrypted-media; gyroscope; picture-in-picture; web-share\" allowfullscreen><\/iframe><\/p>\n<\/div><figcaption class=\"wp-element-caption\"> Canal: Ser Crian\u00e7a \u00e9 Natural &#8211; Beb\u00eas e Natureza. Dispon\u00edvel em: https:\/\/youtu.be\/OUk7EWghYTk <\/figcaption><\/figure>\n\n\n\n<p class=\"has-text-align-center has-black-color has-text-color has-background has-medium-font-size\" style=\"background-color:#94aba1\"> <strong><strong>Que tal aproveitar propostas que envolvem a <span class=\"has-inline-color has-black-color\">natureza<\/span> com seu filho(a)? Para brincar e aprender \u00e9 s\u00f3 come\u00e7ar! <\/strong> <\/strong> <\/p>\n\n\n\n<figure class=\"wp-block-embed is-type-video is-provider-youtube wp-block-embed-youtube wp-embed-aspect-16-9 wp-has-aspect-ratio\"><div class=\"wp-block-embed__wrapper\">\n<p class=\"responsive-video-wrap clr\"><iframe title=\"Vamos brincar de comidinha?\" width=\"1200\" height=\"675\" src=\"https:\/\/www.youtube.com\/embed\/GH3kPgOO1RA?start=24&#038;feature=oembed\" frameborder=\"0\" allow=\"accelerometer; autoplay; clipboard-write; encrypted-media; gyroscope; picture-in-picture; web-share\" allowfullscreen><\/iframe><\/p>\n<\/div><figcaption class=\"wp-element-caption\">  Canal: Ser crian\u00e7a \u00e9 natural &#8211; Vamos brincar de comidinha. Dispon\u00edvel em https:\/\/youtu.be\/GH3kPgOO1RA<\/figcaption><\/figure>\n\n\n\n<figure class=\"wp-block-embed is-type-video is-provider-youtube wp-block-embed-youtube wp-embed-aspect-16-9 wp-has-aspect-ratio\"><div class=\"wp-block-embed__wrapper\">\n<p class=\"responsive-video-wrap clr\"><iframe title=\"Amplie seu olhar | Brincar com Lupa - Vamos brincar com a natureza? com Ana Carol Thom\u00e9\" width=\"1200\" height=\"675\" src=\"https:\/\/www.youtube.com\/embed\/VH57YyNGzJo?feature=oembed\" frameborder=\"0\" allow=\"accelerometer; autoplay; clipboard-write; encrypted-media; gyroscope; picture-in-picture; web-share\" allowfullscreen><\/iframe><\/p>\n<\/div><figcaption class=\"wp-element-caption\"> Canal: Ser crian\u00e7a \u00e9 natural &#8211; Vamos brincar? Lupa brinque e amplie seu olhar. Dispon\u00edvel em https:\/\/youtu.be\/VH57YyNGzJo<\/figcaption><\/figure>\n\n\n\n<figure class=\"wp-block-table\"><table><tbody><tr><td>Proponente\/Curadoria <\/td><td>NEC<\/td><\/tr><tr><td>Parceiro<\/td><td>Ser Crian\u00e7a \u00e9 natural <\/td><\/tr><\/tbody><\/table><\/figure>\n","protected":false},"author":15,"featured_media":149043,"template":"","ei_categoria":[12],"class_list":["post-149040","educacao_infantil","type-educacao_infantil","status-publish","has-post-thumbnail","hentry","ei_categoria-criancas-pequenas","entry","has-media"],"acf":[],"_links":{"self":[{"href":"https:\/\/sme.goiania.go.gov.br\/conexaoescola\/wp-json\/wp\/v2\/educacao_infantil\/149040","targetHints":{"allow":["GET"]}}],"collection":[{"href":"https:\/\/sme.goiania.go.gov.br\/conexaoescola\/wp-json\/wp\/v2\/educacao_infantil"}],"about":[{"href":"https:\/\/sme.goiania.go.gov.br\/conexaoescola\/wp-json\/wp\/v2\/types\/educacao_infantil"}],"author":[{"embeddable":true,"href":"https:\/\/sme.goiania.go.gov.br\/conexaoescola\/wp-json\/wp\/v2\/users\/15"}],"wp:featuredmedia":[{"embeddable":true,"href":"https:\/\/sme.goiania.go.gov.br\/conexaoescola\/wp-json\/wp\/v2\/media\/149043"}],"wp:attachment":[{"href":"https:\/\/sme.goiania.go.gov.br\/conexaoescola\/wp-json\/wp\/v2\/media?parent=149040"}],"wp:term":[{"taxonomy":"ei_categoria","embeddable":true,"href":"https:\/\/sme.goiania.go.gov.br\/conexaoescola\/wp-json\/wp\/v2\/ei_categoria?post=149040"}],"curies":[{"name":"wp","href":"https:\/\/api.w.org\/{rel}","templated":true}]}}

Vamos Brincar com o Ser Criança é Natural?

<div class="wp-block-image is-style-default">
<figure class="aligncenter size-full"><img fetchpriority="high" decoding="async" width="703" height="387" src="https://sme.goiania.go.gov.br/conexaoescola/wp-content/uploads/2022/08/natureza-criancas-agora.png" alt="" class="wp-image-149043" srcset="https://sme.goiania.go.gov.br/conexaoescola/wp-content/uploads/2022/08/natureza-criancas-agora.png 703w, https://sme.goiania.go.gov.br/conexaoescola/wp-content/uploads/2022/08/natureza-criancas-agora-300x165.png 300w" sizes="(max-width: 703px) 100vw, 703px" /><figcaption class="wp-element-caption">Crianças fazendo comidinhas com elementos da natureza. <strong>Fonte</strong>: Vamos brincar de comidinha. Disponível em: https://www.youtube.com/watch?v=GH3kPgOO1RA&amp;t=24s</figcaption></figure></div>


<p class="has-text-align-center wp-embed-aspect-16-9 wp-has-aspect-ratio has-black-color has-text-color has-background has-medium-font-size" style="background-color:#94aba1"><strong> É&nbsp;um&nbsp;<span class="has-inline-color has-black-color">direito</span>&nbsp;de toda criança estar em contato com a natureza experimentando e descobrindo tudo que ela pode oferecer.</strong> </p>



<p class="has-text-align-center wp-embed-aspect-16-9 wp-has-aspect-ratio has-black-color has-text-color has-background has-medium-font-size" style="background-color:#fbcc4c"><strong>O contato com ambientes naturais proporciona às crianças o brincar livre, a exploração, a criação e <mark style="background-color:rgba(0, 0, 0, 0)" class="has-inline-color has-black-color">a imaginação!</mark></strong></p>



<p class="has-text-align-center wp-embed-aspect-16-9 wp-has-aspect-ratio has-black-color has-text-color has-background has-medium-font-size" style="background-color:#94aba1"><strong>Que tal conhecer o  programa &#8220;Ser Criança é Natural&#8221; ! Ele nasceu em 2013, com a chegada de<mark style="background-color:rgba(0, 0, 0, 0)" class="has-inline-color has-black-color"> Ana Carol Thomé a</mark>o <a rel="noreferrer noopener" href="http://www.institutoroma.com.br/" target="_blank">Instituto Romã</a>. Desde então o programa atua em duas frentes &#8211; família e educação &#8211; promovendo experiências para as crianças e formação para os adultos.</strong></p>



<p class="has-text-align-center wp-embed-aspect-16-9 wp-has-aspect-ratio has-black-color has-text-color has-background has-medium-font-size" style="background-color:#fbcc4c"><strong>Vamos conhecer as ações do </strong><span class="has-inline-color has-black-color"><strong>Ser Criança é Natural?</strong> </span></p>



<figure class="wp-block-embed is-type-video is-provider-youtube wp-block-embed-youtube wp-embed-aspect-16-9 wp-has-aspect-ratio"><div class="wp-block-embed__wrapper">
<p class="responsive-video-wrap clr"><iframe title="Ser Criança é Natural | Bebês e Natureza - Parte 1" width="1200" height="675" src="https://www.youtube.com/embed/OUk7EWghYTk?feature=oembed" frameborder="0" allow="accelerometer; autoplay; clipboard-write; encrypted-media; gyroscope; picture-in-picture; web-share" allowfullscreen></iframe></p>
</div><figcaption class="wp-element-caption"> Canal: Ser Criança é Natural &#8211; Bebês e Natureza. Disponível em: https://youtu.be/OUk7EWghYTk </figcaption></figure>



<p class="has-text-align-center has-black-color has-text-color has-background has-medium-font-size" style="background-color:#94aba1"> <strong><strong>Que tal aproveitar propostas que envolvem a <span class="has-inline-color has-black-color">natureza</span> com seu filho(a)? Para brincar e aprender é só começar! </strong> </strong> </p>



<figure class="wp-block-embed is-type-video is-provider-youtube wp-block-embed-youtube wp-embed-aspect-16-9 wp-has-aspect-ratio"><div class="wp-block-embed__wrapper">
<p class="responsive-video-wrap clr"><iframe title="Vamos brincar de comidinha?" width="1200" height="675" src="https://www.youtube.com/embed/GH3kPgOO1RA?start=24&#038;feature=oembed" frameborder="0" allow="accelerometer; autoplay; clipboard-write; encrypted-media; gyroscope; picture-in-picture; web-share" allowfullscreen></iframe></p>
</div><figcaption class="wp-element-caption">  Canal: Ser criança é natural &#8211; Vamos brincar de comidinha. Disponível em https://youtu.be/GH3kPgOO1RA</figcaption></figure>



<figure class="wp-block-embed is-type-video is-provider-youtube wp-block-embed-youtube wp-embed-aspect-16-9 wp-has-aspect-ratio"><div class="wp-block-embed__wrapper">
<p class="responsive-video-wrap clr"><iframe title="Amplie seu olhar | Brincar com Lupa - Vamos brincar com a natureza? com Ana Carol Thomé" width="1200" height="675" src="https://www.youtube.com/embed/VH57YyNGzJo?feature=oembed" frameborder="0" allow="accelerometer; autoplay; clipboard-write; encrypted-media; gyroscope; picture-in-picture; web-share" allowfullscreen></iframe></p>
</div><figcaption class="wp-element-caption"> Canal: Ser criança é natural &#8211; Vamos brincar? Lupa brinque e amplie seu olhar. Disponível em https://youtu.be/VH57YyNGzJo</figcaption></figure>



<figure class="wp-block-table"><table><tbody><tr><td>Proponente/Curadoria </td><td>NEC</td></tr><tr><td>Parceiro</td><td>Ser Criança é natural </td></tr></tbody></table></figure>
