{"id":143362,"date":"2022-05-10T12:45:54","date_gmt":"2022-05-10T15:45:54","guid":{"rendered":"https:\/\/sme.goiania.go.gov.br\/conexaoescola\/?post_type=educacao_infantil&#038;p=143362"},"modified":"2023-02-22T13:37:50","modified_gmt":"2023-02-22T16:37:50","slug":"um-tempo-junto-para-brincar","status":"publish","type":"educacao_infantil","link":"https:\/\/sme.goiania.go.gov.br\/conexaoescola\/educacao_infantil\/um-tempo-junto-para-brincar\/","title":{"rendered":"Um Tempo Junto para brincar!"},"content":{"rendered":"<div class=\"wp-block-image\">\n<figure class=\"aligncenter size-large\"><img decoding=\"async\" src=\"https:\/\/sme.goiania.go.gov.br\/conexaoescola\/wp-content\/uploads\/2022\/05\/brincar-10-scaled-e1652195823140-1024x648.jpg\" alt=\"\" class=\"wp-image-143444\"\/><figcaption class=\"wp-element-caption\">Crian\u00e7as brincando com a terra. Dispon\u00edvel em: Acervo SME<\/figcaption><\/figure><\/div>\n\n\n<p class=\"has-text-align-center wp-embed-aspect-16-9 wp-has-aspect-ratio has-black-color has-luminous-vivid-amber-to-luminous-vivid-orange-gradient-background has-text-color has-background has-medium-font-size\"><strong>A brincadeira \u00e9 a principal atividade das crian\u00e7as!<\/strong><\/p>\n\n\n\n<p class=\"has-text-align-center wp-embed-aspect-16-9 wp-has-aspect-ratio has-black-color has-text-color has-background has-medium-font-size\" style=\"background-color:#a7d2ec\"><strong>\u00c9 direito da crian\u00e7a brincar cotidianamente e em diferentes espa\u00e7os e tempos, com diferentes parceiros (crian\u00e7as e adultos), ampliando e diversificando seu acesso a produ\u00e7\u00f5es culturais, seus conhecimentos, sua imagina\u00e7\u00e3o e sua criatividade.<\/strong><\/p>\n\n\n\n<p class=\"has-text-align-center wp-embed-aspect-16-9 wp-has-aspect-ratio has-black-color has-text-color has-background has-medium-font-size\" style=\"background:linear-gradient(356deg,rgb(255,105,0) 0%,rgb(207,46,46) 100%)\"><strong>O ato de brincar \u00e9 sempre mediado pela cultura, o que possibilita a produ\u00e7\u00e3o de significados sobre o mundo f\u00edsico e sociocultural.<\/strong><\/p>\n\n\n\n<p class=\"has-text-align-center wp-embed-aspect-16-9 wp-has-aspect-ratio has-black-color has-text-color has-background has-medium-font-size\" style=\"background-color:#a7d2ec\"><strong>A turma do Canal Tempo gravou um v\u00eddeo falando sobre o como brincadeira deve fazer parte da na rotina! Vamos assistir?<\/strong><\/p>\n\n\n\n<hr class=\"wp-block-separator has-css-opacity\"\/>\n\n\n\n<figure class=\"wp-block-embed is-type-video is-provider-youtube wp-block-embed-youtube wp-embed-aspect-16-9 wp-has-aspect-ratio\"><div class=\"wp-block-embed__wrapper\">\n<p class=\"responsive-video-wrap clr\"><iframe title=\"Como brincar na rotina\" width=\"1200\" height=\"675\" src=\"https:\/\/www.youtube.com\/embed\/aa1QhPnQIQI?feature=oembed\" frameborder=\"0\" allow=\"accelerometer; autoplay; clipboard-write; encrypted-media; gyroscope; picture-in-picture; web-share\" allowfullscreen><\/iframe><\/p>\n<\/div><figcaption class=\"wp-element-caption\">Canal: Tempo Junto. Dispon\u00edvem em: &nbsp;https:\/\/www.youtube.com\/c\/Tempojunto<\/figcaption><\/figure>\n\n\n\n<p class=\"has-text-align-center has-black-color has-text-color has-background has-medium-font-size\" style=\"background-color:#f27923\"><strong>Confira algumas brincadeiras que podem ser realizadas com a sua crian\u00e7a. <\/strong><\/p>\n\n\n\n<figure class=\"wp-block-embed is-type-video is-provider-youtube wp-block-embed-youtube wp-embed-aspect-16-9 wp-has-aspect-ratio\"><div class=\"wp-block-embed__wrapper\">\n<p class=\"responsive-video-wrap clr\"><iframe title=\"TOP 10 BRINCADEIRAS PARA CRIAN\u00c7AS DE 4 A 5 ANOS\" width=\"1200\" height=\"675\" src=\"https:\/\/www.youtube.com\/embed\/nbiMov3Zo1k?feature=oembed\" frameborder=\"0\" allow=\"accelerometer; autoplay; clipboard-write; encrypted-media; gyroscope; picture-in-picture; web-share\" allowfullscreen><\/iframe><\/p>\n<\/div><figcaption class=\"wp-element-caption\">  Canal: Tempo Junto. Dispon\u00edvem em: &nbsp;https:\/\/www.youtube.com\/c\/Tempojunto<\/figcaption><\/figure>\n\n\n\n<hr class=\"wp-block-separator has-css-opacity\"\/>\n\n\n\n<figure class=\"wp-block-table is-style-stripes\"><table><tbody><tr><td>Proponentes\/Curadoria<\/td><td>NEC<\/td><\/tr><tr><td>Parceiros<\/td><td>Tempo Junto<\/td><\/tr><\/tbody><\/table><figcaption class=\"wp-element-caption\">Crian\u00e7as pequenas <\/figcaption><\/figure>\n","protected":false},"author":15,"featured_media":143444,"template":"","ei_categoria":[12],"class_list":["post-143362","educacao_infantil","type-educacao_infantil","status-publish","has-post-thumbnail","hentry","ei_categoria-criancas-pequenas","entry","has-media"],"acf":[],"_links":{"self":[{"href":"https:\/\/sme.goiania.go.gov.br\/conexaoescola\/wp-json\/wp\/v2\/educacao_infantil\/143362","targetHints":{"allow":["GET"]}}],"collection":[{"href":"https:\/\/sme.goiania.go.gov.br\/conexaoescola\/wp-json\/wp\/v2\/educacao_infantil"}],"about":[{"href":"https:\/\/sme.goiania.go.gov.br\/conexaoescola\/wp-json\/wp\/v2\/types\/educacao_infantil"}],"author":[{"embeddable":true,"href":"https:\/\/sme.goiania.go.gov.br\/conexaoescola\/wp-json\/wp\/v2\/users\/15"}],"wp:featuredmedia":[{"embeddable":true,"href":"https:\/\/sme.goiania.go.gov.br\/conexaoescola\/wp-json\/wp\/v2\/media\/143444"}],"wp:attachment":[{"href":"https:\/\/sme.goiania.go.gov.br\/conexaoescola\/wp-json\/wp\/v2\/media?parent=143362"}],"wp:term":[{"taxonomy":"ei_categoria","embeddable":true,"href":"https:\/\/sme.goiania.go.gov.br\/conexaoescola\/wp-json\/wp\/v2\/ei_categoria?post=143362"}],"curies":[{"name":"wp","href":"https:\/\/api.w.org\/{rel}","templated":true}]}}

<div class="wp-block-image">
<figure class="aligncenter size-large"><img decoding="async" src="https://sme.goiania.go.gov.br/conexaoescola/wp-content/uploads/2022/05/brincar-10-scaled-e1652195823140-1024x648.jpg" alt="" class="wp-image-143444"/><figcaption class="wp-element-caption">Crianças brincando com a terra. Disponível em: Acervo SME</figcaption></figure></div>


<p class="has-text-align-center wp-embed-aspect-16-9 wp-has-aspect-ratio has-black-color has-luminous-vivid-amber-to-luminous-vivid-orange-gradient-background has-text-color has-background has-medium-font-size"><strong>A brincadeira é a principal atividade das crianças!</strong></p>



<p class="has-text-align-center wp-embed-aspect-16-9 wp-has-aspect-ratio has-black-color has-text-color has-background has-medium-font-size" style="background-color:#a7d2ec"><strong>É direito da criança brincar cotidianamente e em diferentes espaços e tempos, com diferentes parceiros (crianças e adultos), ampliando e diversificando seu acesso a produções culturais, seus conhecimentos, sua imaginação e sua criatividade.</strong></p>



<p class="has-text-align-center wp-embed-aspect-16-9 wp-has-aspect-ratio has-black-color has-text-color has-background has-medium-font-size" style="background:linear-gradient(356deg,rgb(255,105,0) 0%,rgb(207,46,46) 100%)"><strong>O ato de brincar é sempre mediado pela cultura, o que possibilita a produção de significados sobre o mundo físico e sociocultural.</strong></p>



<p class="has-text-align-center wp-embed-aspect-16-9 wp-has-aspect-ratio has-black-color has-text-color has-background has-medium-font-size" style="background-color:#a7d2ec"><strong>A turma do Canal Tempo gravou um vídeo falando sobre o como brincadeira deve fazer parte da na rotina! Vamos assistir?</strong></p>



<hr class="wp-block-separator has-css-opacity"/>



<figure class="wp-block-embed is-type-video is-provider-youtube wp-block-embed-youtube wp-embed-aspect-16-9 wp-has-aspect-ratio"><div class="wp-block-embed__wrapper">
<p class="responsive-video-wrap clr"><iframe title="Como brincar na rotina" width="1200" height="675" src="https://www.youtube.com/embed/aa1QhPnQIQI?feature=oembed" frameborder="0" allow="accelerometer; autoplay; clipboard-write; encrypted-media; gyroscope; picture-in-picture; web-share" allowfullscreen></iframe></p>
</div><figcaption class="wp-element-caption">Canal: Tempo Junto. Disponívem em: &nbsp;https://www.youtube.com/c/Tempojunto</figcaption></figure>



<p class="has-text-align-center has-black-color has-text-color has-background has-medium-font-size" style="background-color:#f27923"><strong>Confira algumas brincadeiras que podem ser realizadas com a sua criança. </strong></p>



<figure class="wp-block-embed is-type-video is-provider-youtube wp-block-embed-youtube wp-embed-aspect-16-9 wp-has-aspect-ratio"><div class="wp-block-embed__wrapper">
<p class="responsive-video-wrap clr"><iframe title="TOP 10 BRINCADEIRAS PARA CRIANÇAS DE 4 A 5 ANOS" width="1200" height="675" src="https://www.youtube.com/embed/nbiMov3Zo1k?feature=oembed" frameborder="0" allow="accelerometer; autoplay; clipboard-write; encrypted-media; gyroscope; picture-in-picture; web-share" allowfullscreen></iframe></p>
</div><figcaption class="wp-element-caption">  Canal: Tempo Junto. Disponívem em: &nbsp;https://www.youtube.com/c/Tempojunto</figcaption></figure>



<hr class="wp-block-separator has-css-opacity"/>



<figure class="wp-block-table is-style-stripes"><table><tbody><tr><td>Proponentes/Curadoria</td><td>NEC</td></tr><tr><td>Parceiros</td><td>Tempo Junto</td></tr></tbody></table><figcaption class="wp-element-caption">Crianças pequenas </figcaption></figure>
