{"id":142029,"date":"2022-04-25T11:28:13","date_gmt":"2022-04-25T14:28:13","guid":{"rendered":"https:\/\/sme.goiania.go.gov.br\/conexaoescola\/?post_type=educacao_infantil&#038;p=142029"},"modified":"2023-02-22T13:41:07","modified_gmt":"2023-02-22T16:41:07","slug":"arte-em-todos-os-cantos","status":"publish","type":"educacao_infantil","link":"https:\/\/sme.goiania.go.gov.br\/conexaoescola\/educacao_infantil\/arte-em-todos-os-cantos\/","title":{"rendered":"Arte em todos os cantos!"},"content":{"rendered":"<div class=\"wp-block-image is-style-default\">\n<figure class=\"aligncenter size-full is-resized\"><img fetchpriority=\"high\" decoding=\"async\" src=\"https:\/\/sme.goiania.go.gov.br\/conexaoescola\/wp-content\/uploads\/2022\/04\/arte-urbana-e1650372532305.png\" alt=\"\" class=\"wp-image-142051\" width=\"468\" height=\"537\" srcset=\"https:\/\/sme.goiania.go.gov.br\/conexaoescola\/wp-content\/uploads\/2022\/04\/arte-urbana-e1650372532305.png 644w, https:\/\/sme.goiania.go.gov.br\/conexaoescola\/wp-content\/uploads\/2022\/04\/arte-urbana-e1650372532305-261x300.png 261w\" sizes=\"(max-width: 468px) 100vw, 468px\" \/><figcaption class=\"wp-element-caption\">Arte Urbana. Dispon\u00edvel em: Instagram Aproveite a cidade <\/figcaption><\/figure><\/div>\n\n\n<p class=\"has-text-align-center wp-embed-aspect-16-9 wp-has-aspect-ratio has-text-color has-background has-medium-font-size\" style=\"color:#01080a;background:linear-gradient(135deg,rgb(252,185,0) 82%,rgb(255,105,0) 100%)\"><strong>A crian\u00e7a constr\u00f3i a sua <span class=\"has-inline-color has-vivid-red-color\">identidade pessoal e cultural <\/span>se relacionando com as pessoas e o mundo ao seu redor. E \u00e9 nessa rela\u00e7\u00e3o com o outro e com tudo a sua volta que <span class=\"has-inline-color has-vivid-red-color\">aprende e se desenvolve<\/span>. <\/strong><\/p>\n\n\n\n<p class=\"has-text-align-center wp-embed-aspect-16-9 wp-has-aspect-ratio has-text-color has-background has-medium-font-size\" style=\"color:#020b0f;background-color:#f7d4bb\"><strong>Por isso, \u00e9 fundamental que desde beb\u00ea a crian\u00e7a tenha acesso a<span class=\"has-inline-color has-vivid-red-color\"> experi\u00eancias<\/span> que possibilitem a amplia\u00e7\u00e3o do seu repert\u00f3rio <span class=\"has-inline-color has-vivid-red-color\">art\u00edstico, cultural, cient\u00edfico e<\/span> etc. <\/strong><\/p>\n\n\n\n<p class=\"has-text-align-center wp-embed-aspect-16-9 wp-has-aspect-ratio has-text-color has-background has-medium-font-size\" style=\"color:#050d11;background:linear-gradient(135deg,rgb(252,185,0) 100%,rgb(255,105,0) 100%)\"><b>Por exemplo, ter acesso \u00e0s diferentes express\u00f5es art\u00edsticas e culturais da sua cidade \u00e9 um <\/b><mark style=\"background-color:rgba(0, 0, 0, 0)\" class=\"has-inline-color has-vivid-red-color\"><b>direito de toda crian\u00e7a<\/b><\/mark>, <strong>al\u00e9m de ser uma oportunidade para <mark style=\"background-color:rgba(0, 0, 0, 0)\" class=\"has-inline-color has-vivid-red-color\">conhecer, apreciar e se apropriar<\/mark> do mundo ao seu redor. <\/strong><\/p>\n\n\n\n<p class=\"has-text-align-center wp-embed-aspect-16-9 wp-has-aspect-ratio has-text-color has-background has-medium-font-size\" style=\"color:#070b0c;background-color:#f7d4bb\"><strong>J\u00e1 ouviu falar em <span class=\"has-inline-color has-vivid-red-color\">Arte Urbana?<\/span>  J\u00e1 parou para observar a arte cotidiana espalhada pelas ruas?<\/strong><\/p>\n\n\n\n<p class=\"has-text-align-center wp-embed-aspect-16-9 wp-has-aspect-ratio has-text-color has-background has-medium-font-size\" style=\"color:#02080a;background-color:#f7d4bb\"><strong> A <span class=\"has-inline-color has-vivid-red-color\">Arte<\/span> se apresenta de diferentes formas, em diferentes tempos e espa\u00e7os!<\/strong><\/p>\n\n\n\n<p class=\"has-text-align-center wp-embed-aspect-16-9 wp-has-aspect-ratio has-text-color has-background has-medium-font-size\" style=\"color:#020a0e;background:linear-gradient(135deg,rgb(252,185,0) 89%,rgb(255,105,0) 100%)\"><strong>O Canal <span class=\"has-inline-color has-vivid-red-color\">Aproveite a Cidade <\/span>fez um tour pelas ruas de Goi\u00e2nia e descobriu diferentes pontos em que a Arte Urbana se faz presente. <\/strong><\/p>\n\n\n\n<p class=\"has-text-align-center wp-embed-aspect-16-9 wp-has-aspect-ratio has-text-color has-background has-medium-font-size\" style=\"color:#01070a;background:linear-gradient(135deg,rgb(252,185,0) 100%,rgb(255,105,0) 100%)\"><strong>Quer conferir com a sua crian\u00e7a? Clique na imagem a seguir: <\/strong><\/p>\n\n\n\n<figure class=\"wp-block-embed is-type-video is-provider-youtube wp-block-embed-youtube wp-embed-aspect-16-9 wp-has-aspect-ratio\"><div class=\"wp-block-embed__wrapper\">\n<p class=\"responsive-video-wrap clr\"><iframe title=\"6 murais maravilhosos em Goi\u00e2nia e que voc\u00ea tem que conhecer! #shorts\" width=\"1200\" height=\"675\" src=\"https:\/\/www.youtube.com\/embed\/tV1zhxRdoCw?feature=oembed\" frameborder=\"0\" allow=\"accelerometer; autoplay; clipboard-write; encrypted-media; gyroscope; picture-in-picture; web-share\" allowfullscreen><\/iframe><\/p>\n<\/div><figcaption class=\"wp-element-caption\">Canal Aproveite a Cidade. Dispon\u00edvel em: https:\/\/youtu.be\/tV1zhxRdoCw<\/figcaption><\/figure>\n\n\n\n<figure class=\"wp-block-embed is-type-video is-provider-youtube wp-block-embed-youtube wp-embed-aspect-16-9 wp-has-aspect-ratio\"><div class=\"wp-block-embed__wrapper\">\n<p class=\"responsive-video-wrap clr\"><iframe title=\"Conhe\u00e7a os becos cheios de grafites do Setor Sul, em Goi\u00e2nia |  APROVEITE A CIDADE\" width=\"1200\" height=\"675\" src=\"https:\/\/www.youtube.com\/embed\/rmBmerG37iw?feature=oembed\" frameborder=\"0\" allow=\"accelerometer; autoplay; clipboard-write; encrypted-media; gyroscope; picture-in-picture; web-share\" allowfullscreen><\/iframe><\/p>\n<\/div><figcaption class=\"wp-element-caption\"> Canal Aproveite a Cidade. Dispon\u00edvel em:  https:\/\/youtu.be\/rmBmerG37iw<\/figcaption><\/figure>\n\n\n\n<p class=\"has-text-align-center has-luminous-vivid-amber-to-luminous-vivid-orange-gradient-background has-text-color has-background has-medium-font-size\" style=\"color:#010609\"><strong>Que tal convidar a sua crian\u00e7a para um <mark style=\"background-color:rgba(0, 0, 0, 0)\" class=\"has-inline-color has-vivid-red-color\">passeio pelo seu bairro<\/mark>? <\/strong><\/p>\n\n\n\n<figure class=\"wp-block-table is-style-stripes\"><table><tbody><tr><td>Proponentes\/Curadoria<\/td><td>NEC<\/td><\/tr><tr><td>Parceiros<\/td><td>Canal Aproveite a Cidade <\/td><\/tr><\/tbody><\/table><figcaption class=\"wp-element-caption\">Educa\u00e7\u00e3o Infantil &#8211; Crian\u00e7as bem pequenas <\/figcaption><\/figure>\n","protected":false},"author":16,"featured_media":142051,"template":"","ei_categoria":[11],"class_list":["post-142029","educacao_infantil","type-educacao_infantil","status-publish","has-post-thumbnail","hentry","ei_categoria-criancas-bem-pequenas","entry","has-media"],"acf":[],"_links":{"self":[{"href":"https:\/\/sme.goiania.go.gov.br\/conexaoescola\/wp-json\/wp\/v2\/educacao_infantil\/142029","targetHints":{"allow":["GET"]}}],"collection":[{"href":"https:\/\/sme.goiania.go.gov.br\/conexaoescola\/wp-json\/wp\/v2\/educacao_infantil"}],"about":[{"href":"https:\/\/sme.goiania.go.gov.br\/conexaoescola\/wp-json\/wp\/v2\/types\/educacao_infantil"}],"author":[{"embeddable":true,"href":"https:\/\/sme.goiania.go.gov.br\/conexaoescola\/wp-json\/wp\/v2\/users\/16"}],"wp:featuredmedia":[{"embeddable":true,"href":"https:\/\/sme.goiania.go.gov.br\/conexaoescola\/wp-json\/wp\/v2\/media\/142051"}],"wp:attachment":[{"href":"https:\/\/sme.goiania.go.gov.br\/conexaoescola\/wp-json\/wp\/v2\/media?parent=142029"}],"wp:term":[{"taxonomy":"ei_categoria","embeddable":true,"href":"https:\/\/sme.goiania.go.gov.br\/conexaoescola\/wp-json\/wp\/v2\/ei_categoria?post=142029"}],"curies":[{"name":"wp","href":"https:\/\/api.w.org\/{rel}","templated":true}]}}

<div class="wp-block-image is-style-default">
<figure class="aligncenter size-full is-resized"><img fetchpriority="high" decoding="async" src="https://sme.goiania.go.gov.br/conexaoescola/wp-content/uploads/2022/04/arte-urbana-e1650372532305.png" alt="" class="wp-image-142051" width="468" height="537" srcset="https://sme.goiania.go.gov.br/conexaoescola/wp-content/uploads/2022/04/arte-urbana-e1650372532305.png 644w, https://sme.goiania.go.gov.br/conexaoescola/wp-content/uploads/2022/04/arte-urbana-e1650372532305-261x300.png 261w" sizes="(max-width: 468px) 100vw, 468px" /><figcaption class="wp-element-caption">Arte Urbana. Disponível em: Instagram Aproveite a cidade </figcaption></figure></div>


<p class="has-text-align-center wp-embed-aspect-16-9 wp-has-aspect-ratio has-text-color has-background has-medium-font-size" style="color:#01080a;background:linear-gradient(135deg,rgb(252,185,0) 82%,rgb(255,105,0) 100%)"><strong>A criança constrói a sua <span class="has-inline-color has-vivid-red-color">identidade pessoal e cultural </span>se relacionando com as pessoas e o mundo ao seu redor. E é nessa relação com o outro e com tudo a sua volta que <span class="has-inline-color has-vivid-red-color">aprende e se desenvolve</span>. </strong></p>



<p class="has-text-align-center wp-embed-aspect-16-9 wp-has-aspect-ratio has-text-color has-background has-medium-font-size" style="color:#020b0f;background-color:#f7d4bb"><strong>Por isso, é fundamental que desde bebê a criança tenha acesso a<span class="has-inline-color has-vivid-red-color"> experiências</span> que possibilitem a ampliação do seu repertório <span class="has-inline-color has-vivid-red-color">artístico, cultural, científico e</span> etc. </strong></p>



<p class="has-text-align-center wp-embed-aspect-16-9 wp-has-aspect-ratio has-text-color has-background has-medium-font-size" style="color:#050d11;background:linear-gradient(135deg,rgb(252,185,0) 100%,rgb(255,105,0) 100%)"><b>Por exemplo, ter acesso às diferentes expressões artísticas e culturais da sua cidade é um </b><mark style="background-color:rgba(0, 0, 0, 0)" class="has-inline-color has-vivid-red-color"><b>direito de toda criança</b></mark>, <strong>além de ser uma oportunidade para <mark style="background-color:rgba(0, 0, 0, 0)" class="has-inline-color has-vivid-red-color">conhecer, apreciar e se apropriar</mark> do mundo ao seu redor. </strong></p>



<p class="has-text-align-center wp-embed-aspect-16-9 wp-has-aspect-ratio has-text-color has-background has-medium-font-size" style="color:#070b0c;background-color:#f7d4bb"><strong>Já ouviu falar em <span class="has-inline-color has-vivid-red-color">Arte Urbana?</span>  Já parou para observar a arte cotidiana espalhada pelas ruas?</strong></p>



<p class="has-text-align-center wp-embed-aspect-16-9 wp-has-aspect-ratio has-text-color has-background has-medium-font-size" style="color:#02080a;background-color:#f7d4bb"><strong> A <span class="has-inline-color has-vivid-red-color">Arte</span> se apresenta de diferentes formas, em diferentes tempos e espaços!</strong></p>



<p class="has-text-align-center wp-embed-aspect-16-9 wp-has-aspect-ratio has-text-color has-background has-medium-font-size" style="color:#020a0e;background:linear-gradient(135deg,rgb(252,185,0) 89%,rgb(255,105,0) 100%)"><strong>O Canal <span class="has-inline-color has-vivid-red-color">Aproveite a Cidade </span>fez um tour pelas ruas de Goiânia e descobriu diferentes pontos em que a Arte Urbana se faz presente. </strong></p>



<p class="has-text-align-center wp-embed-aspect-16-9 wp-has-aspect-ratio has-text-color has-background has-medium-font-size" style="color:#01070a;background:linear-gradient(135deg,rgb(252,185,0) 100%,rgb(255,105,0) 100%)"><strong>Quer conferir com a sua criança? Clique na imagem a seguir: </strong></p>



<figure class="wp-block-embed is-type-video is-provider-youtube wp-block-embed-youtube wp-embed-aspect-16-9 wp-has-aspect-ratio"><div class="wp-block-embed__wrapper">
<p class="responsive-video-wrap clr"><iframe title="6 murais maravilhosos em Goiânia e que você tem que conhecer! #shorts" width="1200" height="675" src="https://www.youtube.com/embed/tV1zhxRdoCw?feature=oembed" frameborder="0" allow="accelerometer; autoplay; clipboard-write; encrypted-media; gyroscope; picture-in-picture; web-share" allowfullscreen></iframe></p>
</div><figcaption class="wp-element-caption">Canal Aproveite a Cidade. Disponível em: https://youtu.be/tV1zhxRdoCw</figcaption></figure>



<figure class="wp-block-embed is-type-video is-provider-youtube wp-block-embed-youtube wp-embed-aspect-16-9 wp-has-aspect-ratio"><div class="wp-block-embed__wrapper">
<p class="responsive-video-wrap clr"><iframe title="Conheça os becos cheios de grafites do Setor Sul, em Goiânia |  APROVEITE A CIDADE" width="1200" height="675" src="https://www.youtube.com/embed/rmBmerG37iw?feature=oembed" frameborder="0" allow="accelerometer; autoplay; clipboard-write; encrypted-media; gyroscope; picture-in-picture; web-share" allowfullscreen></iframe></p>
</div><figcaption class="wp-element-caption"> Canal Aproveite a Cidade. Disponível em:  https://youtu.be/rmBmerG37iw</figcaption></figure>



<p class="has-text-align-center has-luminous-vivid-amber-to-luminous-vivid-orange-gradient-background has-text-color has-background has-medium-font-size" style="color:#010609"><strong>Que tal convidar a sua criança para um <mark style="background-color:rgba(0, 0, 0, 0)" class="has-inline-color has-vivid-red-color">passeio pelo seu bairro</mark>? </strong></p>



<figure class="wp-block-table is-style-stripes"><table><tbody><tr><td>Proponentes/Curadoria</td><td>NEC</td></tr><tr><td>Parceiros</td><td>Canal Aproveite a Cidade </td></tr></tbody></table><figcaption class="wp-element-caption">Educação Infantil &#8211; Crianças bem pequenas </figcaption></figure>
