{"id":131997,"date":"2021-09-20T15:51:29","date_gmt":"2021-09-20T18:51:29","guid":{"rendered":"https:\/\/sme.goiania.go.gov.br\/conexaoescola\/?post_type=educacao_infantil&#038;p=131997"},"modified":"2021-09-20T15:52:55","modified_gmt":"2021-09-20T18:52:55","slug":"a-cidade-e-dos-bebes","status":"publish","type":"educacao_infantil","link":"https:\/\/sme.goiania.go.gov.br\/conexaoescola\/educacao_infantil\/a-cidade-e-dos-bebes\/","title":{"rendered":"A cidade \u00e9 dos beb\u00eas!"},"content":{"rendered":"\n<div class=\"wp-block-image is-style-rounded\"><figure class=\"aligncenter size-large\"><img fetchpriority=\"high\" decoding=\"async\" width=\"1024\" height=\"683\" src=\"https:\/\/sme.goiania.go.gov.br\/conexaoescola\/wp-content\/uploads\/2021\/09\/portrait-of-a-smiling-toddler-boy-playing-with-toy-vehicles-1-scaled-e1632147566928-1024x683.jpg\" alt=\"\" class=\"wp-image-132001\" srcset=\"https:\/\/sme.goiania.go.gov.br\/conexaoescola\/wp-content\/uploads\/2021\/09\/portrait-of-a-smiling-toddler-boy-playing-with-toy-vehicles-1-scaled-e1632147566928-1024x683.jpg 1024w, https:\/\/sme.goiania.go.gov.br\/conexaoescola\/wp-content\/uploads\/2021\/09\/portrait-of-a-smiling-toddler-boy-playing-with-toy-vehicles-1-scaled-e1632147566928-300x200.jpg 300w, https:\/\/sme.goiania.go.gov.br\/conexaoescola\/wp-content\/uploads\/2021\/09\/portrait-of-a-smiling-toddler-boy-playing-with-toy-vehicles-1-scaled-e1632147566928-768x512.jpg 768w, https:\/\/sme.goiania.go.gov.br\/conexaoescola\/wp-content\/uploads\/2021\/09\/portrait-of-a-smiling-toddler-boy-playing-with-toy-vehicles-1-scaled-e1632147566928-1536x1024.jpg 1536w, https:\/\/sme.goiania.go.gov.br\/conexaoescola\/wp-content\/uploads\/2021\/09\/portrait-of-a-smiling-toddler-boy-playing-with-toy-vehicles-1-scaled-e1632147566928-2048x1366.jpg 2048w\" sizes=\"(max-width: 1024px) 100vw, 1024px\" \/><figcaption>Fonte: freepik.com<\/figcaption><\/figure><\/div>\n\n\n\n<p class=\"has-text-align-center has-black-color has-text-color has-background has-medium-font-size\" style=\"background-color:#5b879b\"><strong>A crian\u00e7a, desde beb\u00ea,<\/strong>&nbsp;<strong>demonstra <span class=\"has-inline-color has-vivid-red-color\">curiosidade e interesse<\/span> em compreender o funcionamento do mundo.<\/strong> <\/p>\n\n\n\n<p class=\"has-text-align-center has-black-color has-text-color has-background has-medium-font-size\" style=\"background-color:#95ddc3\"><strong>Ela \u00e9 capaz de explorar o espa\u00e7o e tudo o que ont\u00e9m nele. A <span class=\"has-inline-color has-vivid-red-color\">rua, o bairro e a cidade onde a crian\u00e7a vive<\/span>, mora ou estuda pode e deve ser um lugar de descobertas e aprendizagens.<\/strong><\/p>\n\n\n\n<p class=\"has-text-align-center has-black-color has-text-color has-background has-medium-font-size\" style=\"background-color:#fecd47\"><strong>Os espa\u00e7os e o que eles representam, marcam a trajet\u00f3ria das crian\u00e7as. Conhecer e ser reconhecido como um sujeito que faz parte d<strong>a cidade &#8211; <\/strong><span class=\"has-inline-color has-vivid-red-color\"><strong>em suas ruas e avenidas &#8211; <\/strong><\/span><span class=\"has-inline-color has-black-color\">\u00e9 um direito delas<\/span>!<\/strong><\/p>\n\n\n\n<p class=\"has-text-align-center has-black-color has-text-color has-background has-medium-font-size\" style=\"background-color:#5b879b\"><strong>Que tal conhecermos um pouco o \u00f3rg\u00e3o respons\u00e1vel pela gest\u00e3o e o planejamento da mobilidade urbana no Munic\u00edpio de Goi\u00e2nia, a SMM \u2013 <span class=\"has-inline-color has-vivid-red-color\">Secretaria Municipal de Mobilidade de Goi\u00e2nia<\/span>!<\/strong><\/p>\n\n\n\n<figure class=\"wp-block-embed is-type-video is-provider-youtube wp-block-embed-youtube wp-embed-aspect-16-9 wp-has-aspect-ratio\"><div class=\"wp-block-embed__wrapper\">\n<p class=\"responsive-video-wrap clr\"><iframe title=\"VIDEO-  DAISY SMM\" width=\"1200\" height=\"675\" src=\"https:\/\/www.youtube.com\/embed\/Xye5sqBmvv4?feature=oembed\" frameborder=\"0\" allow=\"accelerometer; autoplay; clipboard-write; encrypted-media; gyroscope; picture-in-picture\" allowfullscreen><\/iframe><\/p>\n<\/div><figcaption>Fonte: Canal do Youtube Portal Conex\u00e3o Escola <\/figcaption><\/figure>\n\n\n\n<p class=\"has-text-align-center has-black-color has-text-color has-background has-medium-font-size\" style=\"background-color:#ffd86c\"><strong><span class=\"has-inline-color has-vivid-red-color\">Perceber os diferentes espa\u00e7os da casa, da rua, do bairro<\/span> e suas possibilidades \u00e9 uma excelente maneira de brincar e se reconhecer! <\/strong><\/p>\n\n\n\n<p class=\"has-text-align-center has-black-color has-pale-cyan-blue-background-color has-text-color has-background has-medium-font-size\"><strong>Ent\u00e3o, que tal <span class=\"has-inline-color has-vivid-red-color\">oferecer para seu beb\u00ea, caixas de diferentes tamanhos e formatos<\/span> para explorarem e brincarem juntos?&nbsp;<\/strong>&nbsp;<\/p>\n\n\n\n<p class=\"has-text-align-center has-black-color has-text-color has-background has-medium-font-size\" style=\"background-color:#ffd86c\"><strong>As caixas podem ser grandes ou pequenas, como de sapato ou outras embalagens de produtos.&nbsp;Convide o seu beb\u00ea <span class=\"has-inline-color has-vivid-red-color\">explorar e brincar <\/span>com essas caixas, <span class=\"has-inline-color has-vivid-red-color\">entrando, saindo, empurrando, jogando, segurando, escondendo, guardando, subindo<\/span> em cima delas e empilhando! <\/strong><\/p>\n\n\n\n<p class=\"has-text-align-center has-black-color has-text-color has-background has-medium-font-size\" style=\"background-color:#ffd86c\"><strong>Que tal <span class=\"has-inline-color has-vivid-red-color\">construir uma casa ou um t\u00fanel com caixa<\/span>? Que tal a caixa se<span class=\"has-inline-color has-vivid-red-color\"> transformar em um carro ou caminh\u00e3o<\/span>? A melhor parte da brincadeira \u00e9 aproveitar esse momento juntos!  <\/strong><\/p>\n\n\n\n<figure class=\"wp-block-table is-style-stripes\"><table><tbody><tr><td>Proponentes\/Curadoria<\/td><td>NEC<\/td><\/tr><tr><td>Parceiros<\/td><td>SMM<\/td><\/tr><\/tbody><\/table><figcaption>Educa\u00e7\u00e3o Infantil &#8211; Beb\u00eas <\/figcaption><\/figure>\n\n\n\n<p class=\"has-text-align-center has-medium-font-size\"><\/p>\n\n\n\n<p><\/p>\n\n\n\n<p><\/p>\n","protected":false},"author":15,"featured_media":132001,"template":"","ei_categoria":[10],"class_list":["post-131997","educacao_infantil","type-educacao_infantil","status-publish","has-post-thumbnail","hentry","ei_categoria-bebes","entry","has-media"],"acf":[],"_links":{"self":[{"href":"https:\/\/sme.goiania.go.gov.br\/conexaoescola\/wp-json\/wp\/v2\/educacao_infantil\/131997","targetHints":{"allow":["GET"]}}],"collection":[{"href":"https:\/\/sme.goiania.go.gov.br\/conexaoescola\/wp-json\/wp\/v2\/educacao_infantil"}],"about":[{"href":"https:\/\/sme.goiania.go.gov.br\/conexaoescola\/wp-json\/wp\/v2\/types\/educacao_infantil"}],"author":[{"embeddable":true,"href":"https:\/\/sme.goiania.go.gov.br\/conexaoescola\/wp-json\/wp\/v2\/users\/15"}],"wp:featuredmedia":[{"embeddable":true,"href":"https:\/\/sme.goiania.go.gov.br\/conexaoescola\/wp-json\/wp\/v2\/media\/132001"}],"wp:attachment":[{"href":"https:\/\/sme.goiania.go.gov.br\/conexaoescola\/wp-json\/wp\/v2\/media?parent=131997"}],"wp:term":[{"taxonomy":"ei_categoria","embeddable":true,"href":"https:\/\/sme.goiania.go.gov.br\/conexaoescola\/wp-json\/wp\/v2\/ei_categoria?post=131997"}],"curies":[{"name":"wp","href":"https:\/\/api.w.org\/{rel}","templated":true}]}}

A cidade é dos bebês!

<div class="wp-block-image is-style-rounded"><figure class="aligncenter size-large"><img fetchpriority="high" decoding="async" width="1024" height="683" src="https://sme.goiania.go.gov.br/conexaoescola/wp-content/uploads/2021/09/portrait-of-a-smiling-toddler-boy-playing-with-toy-vehicles-1-scaled-e1632147566928-1024x683.jpg" alt="" class="wp-image-132001" srcset="https://sme.goiania.go.gov.br/conexaoescola/wp-content/uploads/2021/09/portrait-of-a-smiling-toddler-boy-playing-with-toy-vehicles-1-scaled-e1632147566928-1024x683.jpg 1024w, https://sme.goiania.go.gov.br/conexaoescola/wp-content/uploads/2021/09/portrait-of-a-smiling-toddler-boy-playing-with-toy-vehicles-1-scaled-e1632147566928-300x200.jpg 300w, https://sme.goiania.go.gov.br/conexaoescola/wp-content/uploads/2021/09/portrait-of-a-smiling-toddler-boy-playing-with-toy-vehicles-1-scaled-e1632147566928-768x512.jpg 768w, https://sme.goiania.go.gov.br/conexaoescola/wp-content/uploads/2021/09/portrait-of-a-smiling-toddler-boy-playing-with-toy-vehicles-1-scaled-e1632147566928-1536x1024.jpg 1536w, https://sme.goiania.go.gov.br/conexaoescola/wp-content/uploads/2021/09/portrait-of-a-smiling-toddler-boy-playing-with-toy-vehicles-1-scaled-e1632147566928-2048x1366.jpg 2048w" sizes="(max-width: 1024px) 100vw, 1024px" /><figcaption>Fonte: freepik.com</figcaption></figure></div>



<p class="has-text-align-center has-black-color has-text-color has-background has-medium-font-size" style="background-color:#5b879b"><strong>A criança, desde bebê,</strong>&nbsp;<strong>demonstra <span class="has-inline-color has-vivid-red-color">curiosidade e interesse</span> em compreender o funcionamento do mundo.</strong> </p>



<p class="has-text-align-center has-black-color has-text-color has-background has-medium-font-size" style="background-color:#95ddc3"><strong>Ela é capaz de explorar o espaço e tudo o que ontém nele. A <span class="has-inline-color has-vivid-red-color">rua, o bairro e a cidade onde a criança vive</span>, mora ou estuda pode e deve ser um lugar de descobertas e aprendizagens.</strong></p>



<p class="has-text-align-center has-black-color has-text-color has-background has-medium-font-size" style="background-color:#fecd47"><strong>Os espaços e o que eles representam, marcam a trajetória das crianças. Conhecer e ser reconhecido como um sujeito que faz parte d<strong>a cidade &#8211; </strong><span class="has-inline-color has-vivid-red-color"><strong>em suas ruas e avenidas &#8211; </strong></span><span class="has-inline-color has-black-color">é um direito delas</span>!</strong></p>



<p class="has-text-align-center has-black-color has-text-color has-background has-medium-font-size" style="background-color:#5b879b"><strong>Que tal conhecermos um pouco o órgão responsável pela gestão e o planejamento da mobilidade urbana no Município de Goiânia, a SMM – <span class="has-inline-color has-vivid-red-color">Secretaria Municipal de Mobilidade de Goiânia</span>!</strong></p>



<figure class="wp-block-embed is-type-video is-provider-youtube wp-block-embed-youtube wp-embed-aspect-16-9 wp-has-aspect-ratio"><div class="wp-block-embed__wrapper">
<p class="responsive-video-wrap clr"><iframe title="VIDEO-  DAISY SMM" width="1200" height="675" src="https://www.youtube.com/embed/Xye5sqBmvv4?feature=oembed" frameborder="0" allow="accelerometer; autoplay; clipboard-write; encrypted-media; gyroscope; picture-in-picture" allowfullscreen></iframe></p>
</div><figcaption>Fonte: Canal do Youtube Portal Conexão Escola </figcaption></figure>



<p class="has-text-align-center has-black-color has-text-color has-background has-medium-font-size" style="background-color:#ffd86c"><strong><span class="has-inline-color has-vivid-red-color">Perceber os diferentes espaços da casa, da rua, do bairro</span> e suas possibilidades é uma excelente maneira de brincar e se reconhecer! </strong></p>



<p class="has-text-align-center has-black-color has-pale-cyan-blue-background-color has-text-color has-background has-medium-font-size"><strong>Então, que tal <span class="has-inline-color has-vivid-red-color">oferecer para seu bebê, caixas de diferentes tamanhos e formatos</span> para explorarem e brincarem juntos?&nbsp;</strong>&nbsp;</p>



<p class="has-text-align-center has-black-color has-text-color has-background has-medium-font-size" style="background-color:#ffd86c"><strong>As caixas podem ser grandes ou pequenas, como de sapato ou outras embalagens de produtos.&nbsp;Convide o seu bebê <span class="has-inline-color has-vivid-red-color">explorar e brincar </span>com essas caixas, <span class="has-inline-color has-vivid-red-color">entrando, saindo, empurrando, jogando, segurando, escondendo, guardando, subindo</span> em cima delas e empilhando! </strong></p>



<p class="has-text-align-center has-black-color has-text-color has-background has-medium-font-size" style="background-color:#ffd86c"><strong>Que tal <span class="has-inline-color has-vivid-red-color">construir uma casa ou um túnel com caixa</span>? Que tal a caixa se<span class="has-inline-color has-vivid-red-color"> transformar em um carro ou caminhão</span>? A melhor parte da brincadeira é aproveitar esse momento juntos!  </strong></p>



<figure class="wp-block-table is-style-stripes"><table><tbody><tr><td>Proponentes/Curadoria</td><td>NEC</td></tr><tr><td>Parceiros</td><td>SMM</td></tr></tbody></table><figcaption>Educação Infantil &#8211; Bebês </figcaption></figure>



<p class="has-text-align-center has-medium-font-size"></p>



<p></p>



<p></p>
