{"id":131902,"date":"2021-09-20T15:53:16","date_gmt":"2021-09-20T18:53:16","guid":{"rendered":"https:\/\/sme.goiania.go.gov.br\/conexaoescola\/?post_type=educacao_infantil&#038;p=131902"},"modified":"2021-09-20T15:58:03","modified_gmt":"2021-09-20T18:58:03","slug":"a-cidade-e-das-criancas","status":"publish","type":"educacao_infantil","link":"https:\/\/sme.goiania.go.gov.br\/conexaoescola\/educacao_infantil\/a-cidade-e-das-criancas\/","title":{"rendered":"A cidade \u00e9 das crian\u00e7as!"},"content":{"rendered":"\n<div class=\"wp-block-image is-style-rounded\"><figure class=\"aligncenter size-large\"><img fetchpriority=\"high\" decoding=\"async\" width=\"705\" height=\"460\" src=\"https:\/\/sme.goiania.go.gov.br\/conexaoescola\/wp-content\/uploads\/2021\/09\/bebe-e-rua-e1632093013199.png\" alt=\"\" class=\"wp-image-131971\" srcset=\"https:\/\/sme.goiania.go.gov.br\/conexaoescola\/wp-content\/uploads\/2021\/09\/bebe-e-rua-e1632093013199.png 705w, https:\/\/sme.goiania.go.gov.br\/conexaoescola\/wp-content\/uploads\/2021\/09\/bebe-e-rua-e1632093013199-300x196.png 300w\" sizes=\"(max-width: 705px) 100vw, 705px\" \/><figcaption>Fonte: V\u00eddeo Caminhando com Tim TIm <\/figcaption><\/figure><\/div>\n\n\n\n<p class=\"has-text-align-center has-black-color has-text-color has-background has-medium-font-size\" style=\"background-color:#205dec\"><strong>A crian\u00e7a, desde beb\u00ea,<\/strong> <strong>demonstra<span class=\"has-inline-color has-vivid-red-color\"> curiosidade e interesse<\/span> em compreender o funcionamento do mundo<\/strong>. <\/p>\n\n\n\n<p class=\"has-text-align-center has-black-color has-pale-cyan-blue-background-color has-text-color has-background has-medium-font-size\"><strong>Ela \u00e9 capaz de explorar o espa\u00e7o e tudo o que cont\u00e9m nele. <span class=\"has-inline-color has-vivid-red-color\">A rua, o bairro e a cidade onde a crian\u00e7a vive<\/span>, mora ou estuda pode e deve ser um lugar de descobertas e aprendizagens. <\/strong><\/p>\n\n\n\n<p class=\"has-text-align-center has-black-color has-light-green-cyan-background-color has-text-color has-background has-medium-font-size\"><strong>Os espa\u00e7os e o que eles representam, marcam a trajet\u00f3ria das crian\u00e7as. Conhecer e ser reconhecido como um sujeito que faz parte da cidade &#8211; em suas ruas e avenidas &#8211; <span class=\"has-inline-color has-vivid-red-color\">\u00e9 um direito delas<\/span>!<\/strong><\/p>\n\n\n\n<p class=\"has-text-align-center has-black-color has-light-green-cyan-background-color has-text-color has-background has-medium-font-size\"><strong>Que tal conhecermos um pouco o \u00f3rg\u00e3o respons\u00e1vel pela gest\u00e3o e o planejamento da mobilidade urbana no munic\u00edpio de Goi\u00e2nia<span class=\"has-inline-color has-vivid-red-color\">, a SMM &#8211;  Secretaria Municipal de Mobilidade de Goi\u00e2nia<\/span><\/strong>?<\/p>\n\n\n\n<figure class=\"wp-block-embed is-type-video is-provider-youtube wp-block-embed-youtube wp-embed-aspect-16-9 wp-has-aspect-ratio\"><div class=\"wp-block-embed__wrapper\">\n<p class=\"responsive-video-wrap clr\"><iframe title=\"VIDEO-  DAISY SMM\" width=\"1200\" height=\"675\" src=\"https:\/\/www.youtube.com\/embed\/Xye5sqBmvv4?feature=oembed\" frameborder=\"0\" allow=\"accelerometer; autoplay; clipboard-write; encrypted-media; gyroscope; picture-in-picture\" allowfullscreen><\/iframe><\/p>\n<\/div><figcaption>Fonte: Portal do Youtube Conex\u00e3o Escola <\/figcaption><\/figure>\n\n\n\n<p class=\"has-text-align-center has-black-color has-text-color has-background has-medium-font-size\" style=\"background-color:#faed00\"><strong>Conhecer os espa\u00e7os da cidade, suas caracter\u00edsticas, modos de organiza\u00e7\u00e3o \u00e9 um <span class=\"has-inline-color has-vivid-red-color\">direito das crian\u00e7as<\/span>! <\/strong> <\/p>\n\n\n\n<p class=\"has-text-align-center has-black-color has-pale-cyan-blue-background-color has-text-color has-background has-medium-font-size\"><strong>Que tal separar <span class=\"has-inline-color has-vivid-red-color\">caixa de papel\u00e3o, fitas, brinquedos, gravetos, blocos, livros e bonecos para construir a sua cidade<\/span>? Se inspire na sugest\u00e3o do canal Massacuca e divirta-se!<\/strong><\/p>\n\n\n\n<figure class=\"wp-block-embed is-type-video is-provider-youtube wp-block-embed-youtube wp-embed-aspect-16-9 wp-has-aspect-ratio\"><div class=\"wp-block-embed__wrapper\">\n<p class=\"responsive-video-wrap clr\"><iframe title=\"Brincar de Construir Cidades\" width=\"1200\" height=\"675\" src=\"https:\/\/www.youtube.com\/embed\/epD9uULeAmA?feature=oembed\" frameborder=\"0\" allow=\"accelerometer; autoplay; clipboard-write; encrypted-media; gyroscope; picture-in-picture\" allowfullscreen><\/iframe><\/p>\n<\/div><figcaption>Fonte: Portal do Youtube Conex\u00e3o Escola <\/figcaption><\/figure>\n\n\n\n<figure class=\"wp-block-table is-style-stripes\"><table><tbody><tr><td>Proponentes\/Curadoria<\/td><td>NEC<\/td><\/tr><tr><td>Parceiros<\/td><td>SMM<\/td><\/tr><\/tbody><\/table><figcaption>Educa\u00e7\u00e3o Infantil &#8211; crian\u00e7as bem pequenas <\/figcaption><\/figure>\n","protected":false},"author":16,"featured_media":131971,"template":"","ei_categoria":[11],"class_list":["post-131902","educacao_infantil","type-educacao_infantil","status-publish","has-post-thumbnail","hentry","ei_categoria-criancas-bem-pequenas","entry","has-media"],"acf":[],"_links":{"self":[{"href":"https:\/\/sme.goiania.go.gov.br\/conexaoescola\/wp-json\/wp\/v2\/educacao_infantil\/131902","targetHints":{"allow":["GET"]}}],"collection":[{"href":"https:\/\/sme.goiania.go.gov.br\/conexaoescola\/wp-json\/wp\/v2\/educacao_infantil"}],"about":[{"href":"https:\/\/sme.goiania.go.gov.br\/conexaoescola\/wp-json\/wp\/v2\/types\/educacao_infantil"}],"author":[{"embeddable":true,"href":"https:\/\/sme.goiania.go.gov.br\/conexaoescola\/wp-json\/wp\/v2\/users\/16"}],"wp:featuredmedia":[{"embeddable":true,"href":"https:\/\/sme.goiania.go.gov.br\/conexaoescola\/wp-json\/wp\/v2\/media\/131971"}],"wp:attachment":[{"href":"https:\/\/sme.goiania.go.gov.br\/conexaoescola\/wp-json\/wp\/v2\/media?parent=131902"}],"wp:term":[{"taxonomy":"ei_categoria","embeddable":true,"href":"https:\/\/sme.goiania.go.gov.br\/conexaoescola\/wp-json\/wp\/v2\/ei_categoria?post=131902"}],"curies":[{"name":"wp","href":"https:\/\/api.w.org\/{rel}","templated":true}]}}

A cidade é das crianças!

<div class="wp-block-image is-style-rounded"><figure class="aligncenter size-large"><img fetchpriority="high" decoding="async" width="705" height="460" src="https://sme.goiania.go.gov.br/conexaoescola/wp-content/uploads/2021/09/bebe-e-rua-e1632093013199.png" alt="" class="wp-image-131971" srcset="https://sme.goiania.go.gov.br/conexaoescola/wp-content/uploads/2021/09/bebe-e-rua-e1632093013199.png 705w, https://sme.goiania.go.gov.br/conexaoescola/wp-content/uploads/2021/09/bebe-e-rua-e1632093013199-300x196.png 300w" sizes="(max-width: 705px) 100vw, 705px" /><figcaption>Fonte: Vídeo Caminhando com Tim TIm </figcaption></figure></div>



<p class="has-text-align-center has-black-color has-text-color has-background has-medium-font-size" style="background-color:#205dec"><strong>A criança, desde bebê,</strong> <strong>demonstra<span class="has-inline-color has-vivid-red-color"> curiosidade e interesse</span> em compreender o funcionamento do mundo</strong>. </p>



<p class="has-text-align-center has-black-color has-pale-cyan-blue-background-color has-text-color has-background has-medium-font-size"><strong>Ela é capaz de explorar o espaço e tudo o que contém nele. <span class="has-inline-color has-vivid-red-color">A rua, o bairro e a cidade onde a criança vive</span>, mora ou estuda pode e deve ser um lugar de descobertas e aprendizagens. </strong></p>



<p class="has-text-align-center has-black-color has-light-green-cyan-background-color has-text-color has-background has-medium-font-size"><strong>Os espaços e o que eles representam, marcam a trajetória das crianças. Conhecer e ser reconhecido como um sujeito que faz parte da cidade &#8211; em suas ruas e avenidas &#8211; <span class="has-inline-color has-vivid-red-color">é um direito delas</span>!</strong></p>



<p class="has-text-align-center has-black-color has-light-green-cyan-background-color has-text-color has-background has-medium-font-size"><strong>Que tal conhecermos um pouco o órgão responsável pela gestão e o planejamento da mobilidade urbana no município de Goiânia<span class="has-inline-color has-vivid-red-color">, a SMM &#8211;  Secretaria Municipal de Mobilidade de Goiânia</span></strong>?</p>



<figure class="wp-block-embed is-type-video is-provider-youtube wp-block-embed-youtube wp-embed-aspect-16-9 wp-has-aspect-ratio"><div class="wp-block-embed__wrapper">
<p class="responsive-video-wrap clr"><iframe title="VIDEO-  DAISY SMM" width="1200" height="675" src="https://www.youtube.com/embed/Xye5sqBmvv4?feature=oembed" frameborder="0" allow="accelerometer; autoplay; clipboard-write; encrypted-media; gyroscope; picture-in-picture" allowfullscreen></iframe></p>
</div><figcaption>Fonte: Portal do Youtube Conexão Escola </figcaption></figure>



<p class="has-text-align-center has-black-color has-text-color has-background has-medium-font-size" style="background-color:#faed00"><strong>Conhecer os espaços da cidade, suas características, modos de organização é um <span class="has-inline-color has-vivid-red-color">direito das crianças</span>! </strong> </p>



<p class="has-text-align-center has-black-color has-pale-cyan-blue-background-color has-text-color has-background has-medium-font-size"><strong>Que tal separar <span class="has-inline-color has-vivid-red-color">caixa de papelão, fitas, brinquedos, gravetos, blocos, livros e bonecos para construir a sua cidade</span>? Se inspire na sugestão do canal Massacuca e divirta-se!</strong></p>



<figure class="wp-block-embed is-type-video is-provider-youtube wp-block-embed-youtube wp-embed-aspect-16-9 wp-has-aspect-ratio"><div class="wp-block-embed__wrapper">
<p class="responsive-video-wrap clr"><iframe title="Brincar de Construir Cidades" width="1200" height="675" src="https://www.youtube.com/embed/epD9uULeAmA?feature=oembed" frameborder="0" allow="accelerometer; autoplay; clipboard-write; encrypted-media; gyroscope; picture-in-picture" allowfullscreen></iframe></p>
</div><figcaption>Fonte: Portal do Youtube Conexão Escola </figcaption></figure>



<figure class="wp-block-table is-style-stripes"><table><tbody><tr><td>Proponentes/Curadoria</td><td>NEC</td></tr><tr><td>Parceiros</td><td>SMM</td></tr></tbody></table><figcaption>Educação Infantil &#8211; crianças bem pequenas </figcaption></figure>
