{"id":131046,"date":"2021-08-30T17:02:35","date_gmt":"2021-08-30T20:02:35","guid":{"rendered":"https:\/\/sme.goiania.go.gov.br\/conexaoescola\/?post_type=educacao_infantil&#038;p=131046"},"modified":"2021-08-30T17:02:36","modified_gmt":"2021-08-30T20:02:36","slug":"vamos-descobrir-a-arte-na-cidade","status":"publish","type":"educacao_infantil","link":"https:\/\/sme.goiania.go.gov.br\/conexaoescola\/educacao_infantil\/vamos-descobrir-a-arte-na-cidade\/","title":{"rendered":"Vamos descobrir a Arte na cidade?"},"content":{"rendered":"\n<div class=\"wp-block-image is-style-rounded\"><figure class=\"aligncenter size-large is-resized\"><img fetchpriority=\"high\" decoding=\"async\" src=\"https:\/\/sme.goiania.go.gov.br\/conexaoescola\/wp-content\/uploads\/2021\/08\/image-17-e1630329308138.png\" alt=\"\" class=\"wp-image-131026\" width=\"813\" height=\"465\" srcset=\"https:\/\/sme.goiania.go.gov.br\/conexaoescola\/wp-content\/uploads\/2021\/08\/image-17-e1630329308138.png 700w, https:\/\/sme.goiania.go.gov.br\/conexaoescola\/wp-content\/uploads\/2021\/08\/image-17-e1630329308138-300x171.png 300w\" sizes=\"(max-width: 813px) 100vw, 813px\" \/><figcaption>Obra: Dedos de Deus  Artista: H\u00e9lio Miranda\u00a0&#8211; Arquivo pessoal <\/figcaption><\/figure><\/div>\n\n\n\n<p class=\"has-text-align-center has-vivid-green-cyan-background-color has-text-color has-background has-medium-font-size\" style=\"color:#010e14\"><strong>\u00c9 um direito da crian\u00e7a conhecer espa\u00e7os diversificados para <span class=\"has-inline-color has-vivid-red-color\">experimentar, explorar e expressar<\/span> tudo o que sente. A Arte presente nas ruas, bairros e setores, pode e deve ser um desses lugares de descobertas e aprendizagens pelas crian\u00e7as e suas fam\u00edlias.<\/strong><\/p>\n\n\n\n<p class=\"has-text-align-center has-text-color has-background has-medium-font-size\" style=\"background-color:#feab70;color:#020c11\"><strong>A Arte n\u00e3o est\u00e1 s\u00f3 nos museus ou galerias, ela est\u00e1 espalhada por v\u00e1rios lugares da cidade e se manifesta de diferentes maneiras. Ao <span class=\"has-inline-color has-vivid-red-color\">perceber, conhecer e explorar <\/span>as obras de Arte presentes nas ruas e bairros da sua cidade, as crian\u00e7as ampliam o olhar sobre o lugar onde vivem e conhecem diferentes manifesta\u00e7\u00f5es art\u00edsticas.<\/strong><\/p>\n\n\n\n<p class=\"has-text-align-center has-vivid-green-cyan-background-color has-text-color has-background has-medium-font-size\" style=\"color:#030e12\"><strong>O contato, o estranhamento, a contempla\u00e7\u00e3o e o di\u00e1logo que essas obras despertam, favorecem o <span class=\"has-inline-color has-vivid-red-color\">processo criativo<\/span> das crian\u00e7as e faz com que aprendam sobre o uso dos espa\u00e7os p\u00fablicos e as diferentes maneiras de ocup\u00e1-los.<\/strong><\/p>\n\n\n\n<p class=\"has-text-align-center has-text-color has-background has-medium-font-size\" style=\"background-color:#f4a872;color:#000f16\"><strong>Convide a sua crian\u00e7a para conhecer as obras de Arte da Pra\u00e7a Universit\u00e1ria &#8211; tamb\u00e9m conhecida como pra\u00e7a Honestino Guimar\u00e3es.<\/strong> <strong>A <span class=\"has-inline-color has-vivid-red-color\">professora Fernanda Moura da Escola Municipal Jardim Am\u00e9rica <\/span>gravou um v\u00eddeo apresentando a pra\u00e7a e suas obras. Vamos conferir?<\/strong><\/p>\n\n\n\n<figure class=\"wp-block-embed is-type-video is-provider-youtube wp-block-embed-youtube wp-embed-aspect-16-9 wp-has-aspect-ratio\"><div class=\"wp-block-embed__wrapper\">\n<p class=\"responsive-video-wrap clr\"><iframe title=\"Nossa cidade tem arte\" width=\"1200\" height=\"675\" src=\"https:\/\/www.youtube.com\/embed\/I6Oi8WuKCwI?feature=oembed\" frameborder=\"0\" allow=\"accelerometer; autoplay; clipboard-write; encrypted-media; gyroscope; picture-in-picture\" allowfullscreen><\/iframe><\/p>\n<\/div><figcaption>Fonte: Canal do Youtube Professora Fernanda <\/figcaption><\/figure>\n\n\n\n<p class=\"has-text-align-center has-pale-cyan-blue-background-color has-text-color has-background has-medium-font-size\" style=\"color:#03090c\"><strong>Com seguran\u00e7a <strong>que tal convidar o seu filho ou filha para explorar a Arte na cidade? Apresente para ele esculturas, monumentos, pinturas.<\/strong> <strong>Voc\u00ea pode come\u00e7ar pelo seu bairro, rua ou lugar onde mora<\/strong>!<\/strong><\/p>\n\n\n\n<p class=\"has-text-align-center has-pale-cyan-blue-background-color has-text-color has-background has-medium-font-size\" style=\"color:#020f14\"><strong>Registre esse momento, por meio de v\u00eddeos e fotos.<\/strong><\/p>\n\n\n\n<p class=\"has-text-align-center has-vivid-green-cyan-background-color has-text-color has-background has-medium-font-size\" style=\"color:#02070a\"><strong>Essa proposta fez parte do Programa Conex\u00e3o Escola com o tema<span class=\"has-inline-color has-vivid-red-color\">&nbsp;<em>Arte na cidade<\/em><\/span><em>&nbsp;<\/em>transmitido pela TV UFG (Canal 15.1 UHF | 21 NET).Quer assistir na \u00edntegra? Acesse os links abaixo!<\/strong><\/p>\n\n\n\n<figure class=\"wp-block-embed alignleft is-type-video is-provider-youtube wp-block-embed-youtube wp-embed-aspect-16-9 wp-has-aspect-ratio\"><div class=\"wp-block-embed__wrapper\">\n<p class=\"responsive-video-wrap clr\"><iframe title=\"Educa\u00e7\u00e3o Infantil - Programa 72 - Arte na Cidade - 27\/08\/2021\" width=\"1200\" height=\"675\" src=\"https:\/\/www.youtube.com\/embed\/cEz2-qKNYGw?feature=oembed\" frameborder=\"0\" allow=\"accelerometer; autoplay; clipboard-write; encrypted-media; gyroscope; picture-in-picture\" allowfullscreen><\/iframe><\/p>\n<\/div><\/figure>\n\n\n\n<figure class=\"wp-block-table is-style-stripes\"><table><tbody><tr><td>Proponentes\/Curadoria<\/td><td>NEC<\/td><\/tr><tr><td>Professor convidado <\/td><td>Fernanda Moura &#8211; Escola Municipal Jardim Am\u00e9rica <\/td><\/tr><\/tbody><\/table><figcaption>Educa\u00e7\u00e3o Infantil &#8211; crian\u00e7as bem pequenas<\/figcaption><\/figure>\n","protected":false},"author":15,"featured_media":131026,"template":"","ei_categoria":[11],"class_list":["post-131046","educacao_infantil","type-educacao_infantil","status-publish","has-post-thumbnail","hentry","ei_categoria-criancas-bem-pequenas","entry","has-media"],"acf":[],"_links":{"self":[{"href":"https:\/\/sme.goiania.go.gov.br\/conexaoescola\/wp-json\/wp\/v2\/educacao_infantil\/131046","targetHints":{"allow":["GET"]}}],"collection":[{"href":"https:\/\/sme.goiania.go.gov.br\/conexaoescola\/wp-json\/wp\/v2\/educacao_infantil"}],"about":[{"href":"https:\/\/sme.goiania.go.gov.br\/conexaoescola\/wp-json\/wp\/v2\/types\/educacao_infantil"}],"author":[{"embeddable":true,"href":"https:\/\/sme.goiania.go.gov.br\/conexaoescola\/wp-json\/wp\/v2\/users\/15"}],"wp:featuredmedia":[{"embeddable":true,"href":"https:\/\/sme.goiania.go.gov.br\/conexaoescola\/wp-json\/wp\/v2\/media\/131026"}],"wp:attachment":[{"href":"https:\/\/sme.goiania.go.gov.br\/conexaoescola\/wp-json\/wp\/v2\/media?parent=131046"}],"wp:term":[{"taxonomy":"ei_categoria","embeddable":true,"href":"https:\/\/sme.goiania.go.gov.br\/conexaoescola\/wp-json\/wp\/v2\/ei_categoria?post=131046"}],"curies":[{"name":"wp","href":"https:\/\/api.w.org\/{rel}","templated":true}]}}

<div class="wp-block-image is-style-rounded"><figure class="aligncenter size-large is-resized"><img fetchpriority="high" decoding="async" src="https://sme.goiania.go.gov.br/conexaoescola/wp-content/uploads/2021/08/image-17-e1630329308138.png" alt="" class="wp-image-131026" width="813" height="465" srcset="https://sme.goiania.go.gov.br/conexaoescola/wp-content/uploads/2021/08/image-17-e1630329308138.png 700w, https://sme.goiania.go.gov.br/conexaoescola/wp-content/uploads/2021/08/image-17-e1630329308138-300x171.png 300w" sizes="(max-width: 813px) 100vw, 813px" /><figcaption>Obra: Dedos de Deus  Artista: Hélio Miranda &#8211; Arquivo pessoal </figcaption></figure></div>



<p class="has-text-align-center has-vivid-green-cyan-background-color has-text-color has-background has-medium-font-size" style="color:#010e14"><strong>É um direito da criança conhecer espaços diversificados para <span class="has-inline-color has-vivid-red-color">experimentar, explorar e expressar</span> tudo o que sente. A Arte presente nas ruas, bairros e setores, pode e deve ser um desses lugares de descobertas e aprendizagens pelas crianças e suas famílias.</strong></p>



<p class="has-text-align-center has-text-color has-background has-medium-font-size" style="background-color:#feab70;color:#020c11"><strong>A Arte não está só nos museus ou galerias, ela está espalhada por vários lugares da cidade e se manifesta de diferentes maneiras. Ao <span class="has-inline-color has-vivid-red-color">perceber, conhecer e explorar </span>as obras de Arte presentes nas ruas e bairros da sua cidade, as crianças ampliam o olhar sobre o lugar onde vivem e conhecem diferentes manifestações artísticas.</strong></p>



<p class="has-text-align-center has-vivid-green-cyan-background-color has-text-color has-background has-medium-font-size" style="color:#030e12"><strong>O contato, o estranhamento, a contemplação e o diálogo que essas obras despertam, favorecem o <span class="has-inline-color has-vivid-red-color">processo criativo</span> das crianças e faz com que aprendam sobre o uso dos espaços públicos e as diferentes maneiras de ocupá-los.</strong></p>



<p class="has-text-align-center has-text-color has-background has-medium-font-size" style="background-color:#f4a872;color:#000f16"><strong>Convide a sua criança para conhecer as obras de Arte da Praça Universitária &#8211; também conhecida como praça Honestino Guimarães.</strong> <strong>A <span class="has-inline-color has-vivid-red-color">professora Fernanda Moura da Escola Municipal Jardim América </span>gravou um vídeo apresentando a praça e suas obras. Vamos conferir?</strong></p>



<figure class="wp-block-embed is-type-video is-provider-youtube wp-block-embed-youtube wp-embed-aspect-16-9 wp-has-aspect-ratio"><div class="wp-block-embed__wrapper">
<p class="responsive-video-wrap clr"><iframe title="Nossa cidade tem arte" width="1200" height="675" src="https://www.youtube.com/embed/I6Oi8WuKCwI?feature=oembed" frameborder="0" allow="accelerometer; autoplay; clipboard-write; encrypted-media; gyroscope; picture-in-picture" allowfullscreen></iframe></p>
</div><figcaption>Fonte: Canal do Youtube Professora Fernanda </figcaption></figure>



<p class="has-text-align-center has-pale-cyan-blue-background-color has-text-color has-background has-medium-font-size" style="color:#03090c"><strong>Com segurança <strong>que tal convidar o seu filho ou filha para explorar a Arte na cidade? Apresente para ele esculturas, monumentos, pinturas.</strong> <strong>Você pode começar pelo seu bairro, rua ou lugar onde mora</strong>!</strong></p>



<p class="has-text-align-center has-pale-cyan-blue-background-color has-text-color has-background has-medium-font-size" style="color:#020f14"><strong>Registre esse momento, por meio de vídeos e fotos.</strong></p>



<p class="has-text-align-center has-vivid-green-cyan-background-color has-text-color has-background has-medium-font-size" style="color:#02070a"><strong>Essa proposta fez parte do Programa Conexão Escola com o tema<span class="has-inline-color has-vivid-red-color">&nbsp;<em>Arte na cidade</em></span><em>&nbsp;</em>transmitido pela TV UFG (Canal 15.1 UHF | 21 NET).Quer assistir na íntegra? Acesse os links abaixo!</strong></p>



<figure class="wp-block-embed alignleft is-type-video is-provider-youtube wp-block-embed-youtube wp-embed-aspect-16-9 wp-has-aspect-ratio"><div class="wp-block-embed__wrapper">
<p class="responsive-video-wrap clr"><iframe title="Educação Infantil - Programa 72 - Arte na Cidade - 27/08/2021" width="1200" height="675" src="https://www.youtube.com/embed/cEz2-qKNYGw?feature=oembed" frameborder="0" allow="accelerometer; autoplay; clipboard-write; encrypted-media; gyroscope; picture-in-picture" allowfullscreen></iframe></p>
</div></figure>



<figure class="wp-block-table is-style-stripes"><table><tbody><tr><td>Proponentes/Curadoria</td><td>NEC</td></tr><tr><td>Professor convidado </td><td>Fernanda Moura &#8211; Escola Municipal Jardim América </td></tr></tbody></table><figcaption>Educação Infantil &#8211; crianças bem pequenas</figcaption></figure>
