{"id":130362,"date":"2021-08-23T08:13:02","date_gmt":"2021-08-23T11:13:02","guid":{"rendered":"https:\/\/sme.goiania.go.gov.br\/conexaoescola\/?post_type=educacao_infantil&#038;p=130362"},"modified":"2021-08-23T08:16:17","modified_gmt":"2021-08-23T11:16:17","slug":"e-hora-de-brincar-com-as-palavras","status":"publish","type":"educacao_infantil","link":"https:\/\/sme.goiania.go.gov.br\/conexaoescola\/educacao_infantil\/e-hora-de-brincar-com-as-palavras\/","title":{"rendered":"\u00c9 hora de brincar com as palavras!"},"content":{"rendered":"\n<figure class=\"wp-block-image is-style-default\"><img decoding=\"async\" src=\"https:\/\/lunetas.com.br\/wp-content\/uploads\/2018\/11\/aquisicao-da-fala.jpg\" alt=\"Aquisi\u00e7\u00e3o da fala: 5 d\u00favidas sobre as primeiras palavras do beb\u00ea\"\/><figcaption>Foto: Portal Lunetas <\/figcaption><\/figure>\n\n\n\n<p class=\"has-drop-cap has-text-align-center has-pale-pink-background-color has-text-color has-background has-medium-font-size\" style=\"color:#000608\"><strong>Para que a crian\u00e7a <span class=\"has-inline-color has-vivid-red-color\">desenvolva e se aproprie da linguagem oral<\/span> \u00e9 preciso que cotidianamente ela esteja inserida em<span class=\"has-inline-color has-vivid-red-color\">&nbsp;situa\u00e7\u00f5es comunicativas e expressivas<\/span>&nbsp;que enrique\u00e7am seu vocabul\u00e1rio e repert\u00f3rio de fala.<\/strong><\/p>\n\n\n\n<p class=\"has-text-align-center has-vivid-green-cyan-background-color has-text-color has-background has-medium-font-size\" style=\"color:#020a0d\"><strong>Assim,&nbsp;<span class=\"has-inline-color has-vivid-red-color\">ouvir e apreciar can\u00e7\u00f5es, parlendas, poesias, trava-l\u00ednguas, manusear livros, ouvir e contar hist\u00f3rias, brincar com rimas e&nbsp;cantigas de roda<\/span>&nbsp;s\u00e3o a\u00e7\u00f5es que auxiliam \u00e0 crian\u00e7a a aprender a falar, ouvir e ampliar a sua participa\u00e7\u00e3o na cultura oral.<\/strong><\/p>\n\n\n\n<p class=\"has-text-align-center has-pale-pink-background-color has-text-color has-background has-medium-font-size\" style=\"color:#03080a\"><strong>Organize um tempo na rotina familiar e&nbsp;<span class=\"has-inline-color has-vivid-red-color\">apresente para sua crian\u00e7a <\/span>diferentes propostas que envolvam essas situa\u00e7\u00f5es comunicativas.<\/strong><\/p>\n\n\n\n<p class=\"has-text-align-center has-light-green-cyan-background-color has-text-color has-background has-medium-font-size\" style=\"color:#01070a\"><strong>A&nbsp;<span class=\"has-inline-color has-vivid-red-color\">professora Adriana da&nbsp;Escola Municipal Recanto do Bosque&nbsp;<\/span>gravou uma sequ\u00eancia de v\u00eddeos com sugest\u00f5es de versos, rimas e cantigas que voc\u00ea pode apresentar para seu filho(a).<\/strong><\/p>\n\n\n\n<p class=\"has-text-align-center has-vivid-red-background-color has-text-color has-background has-medium-font-size\" style=\"color:#01070a\"><strong>Ou\u00e7am e cantem juntos!!!&nbsp;E n\u00e3o se esque\u00e7a de gravar os v\u00eddeos, registrando esse momento!<\/strong><\/p>\n\n\n\n<figure class=\"wp-block-embed is-type-video is-provider-youtube wp-block-embed-youtube wp-embed-aspect-16-9 wp-has-aspect-ratio\"><div class=\"wp-block-embed__wrapper\">\n<p class=\"responsive-video-wrap clr\"><iframe title=\"Versos infantis\" width=\"1200\" height=\"675\" src=\"https:\/\/www.youtube.com\/embed\/Il-ulaB8lzE?feature=oembed\" frameborder=\"0\" allow=\"accelerometer; autoplay; clipboard-write; encrypted-media; gyroscope; picture-in-picture\" allowfullscreen><\/iframe><\/p>\n<\/div><figcaption>Fonte: Canal do Youtube <a href=\"https:\/\/www.youtube.com\/channel\/UC_HakzQTRCSTXN9q1KM0oCw\">O caldeir\u00e3o da professora Dryka<\/a><\/figcaption><\/figure>\n\n\n\n<figure class=\"wp-block-embed is-type-video is-provider-youtube wp-block-embed-youtube wp-embed-aspect-16-9 wp-has-aspect-ratio\"><div class=\"wp-block-embed__wrapper\">\n<p class=\"responsive-video-wrap clr\"><iframe title=\"A cobra n\u00e3o tem pe\/ limao limoeiro - Profa Adriana\" width=\"1200\" height=\"675\" src=\"https:\/\/www.youtube.com\/embed\/99kZGbHx7EE?feature=oembed\" frameborder=\"0\" allow=\"accelerometer; autoplay; clipboard-write; encrypted-media; gyroscope; picture-in-picture\" allowfullscreen><\/iframe><\/p>\n<\/div><figcaption>Fonte: Canal do Youtube <a href=\"https:\/\/www.youtube.com\/channel\/UCtoYS7J0PS_iO3KMA1JsnCA\">Portal Conex\u00e3o Escola<\/a><\/figcaption><\/figure>\n\n\n\n<p class=\"has-text-align-center has-vivid-red-background-color has-background has-medium-font-size\"><strong><span class=\"has-inline-color has-white-color\">SAIBA MAIS<\/span><\/strong><\/p>\n\n\n\n<p class=\"has-text-align-center has-text-color has-background has-medium-font-size\" style=\"background-color:#9bd1f1;color:#010a0d\"><strong>Se quiser ampliar as situa\u00e7\u00f5es de aprecia\u00e7\u00e3o e intera\u00e7\u00e3o com a linguagem oral da sua crian\u00e7a, ou\u00e7am e cantem juntos o <span class=\"has-inline-color has-vivid-red-color\">trava-l\u00edngua&nbsp;&#8220;O doce de batata doce\u201d<\/span>&nbsp;gravado pelo canal <span class=\"has-inline-color has-vivid-red-color\">Ma Mi Mo Musica<\/span>. Para assistir basta clicar na imagem a seguir:<\/strong><\/p>\n\n\n\n<figure class=\"wp-block-embed is-type-video is-provider-youtube wp-block-embed-youtube wp-embed-aspect-16-9 wp-has-aspect-ratio\"><div class=\"wp-block-embed__wrapper\">\n<p class=\"responsive-video-wrap clr\"><iframe title=\"Cantando Trava-l\u00ednguas (O doce de batata doce)\" width=\"1200\" height=\"675\" src=\"https:\/\/www.youtube.com\/embed\/70eb63jcLa0?feature=oembed\" frameborder=\"0\" allow=\"accelerometer; autoplay; clipboard-write; encrypted-media; gyroscope; picture-in-picture\" allowfullscreen><\/iframe><\/p>\n<\/div><\/figure>\n\n\n\n<hr class=\"wp-block-separator\"\/>\n\n\n\n<figure class=\"wp-block-table aligncenter is-style-stripes\"><table><tbody><tr><td>Proponentes\/Curadoria<\/td><td>NEC<\/td><\/tr><tr><td>Professora Convidada<\/td><td>Adriana L\u00facia<\/td><\/tr><tr><td>Parceiros\/Autoriza\u00e7\u00e3o<\/td><td>Ma Me Mi Mo M\u00fasica<\/td><\/tr><\/tbody><\/table><figcaption>Educa\u00e7\u00e3o Infantil &#8211; Crian\u00e7as bem pequenas <\/figcaption><\/figure>\n","protected":false},"author":16,"featured_media":130382,"template":"","ei_categoria":[11],"class_list":["post-130362","educacao_infantil","type-educacao_infantil","status-publish","has-post-thumbnail","hentry","ei_categoria-criancas-bem-pequenas","entry","has-media"],"acf":[],"_links":{"self":[{"href":"https:\/\/sme.goiania.go.gov.br\/conexaoescola\/wp-json\/wp\/v2\/educacao_infantil\/130362","targetHints":{"allow":["GET"]}}],"collection":[{"href":"https:\/\/sme.goiania.go.gov.br\/conexaoescola\/wp-json\/wp\/v2\/educacao_infantil"}],"about":[{"href":"https:\/\/sme.goiania.go.gov.br\/conexaoescola\/wp-json\/wp\/v2\/types\/educacao_infantil"}],"author":[{"embeddable":true,"href":"https:\/\/sme.goiania.go.gov.br\/conexaoescola\/wp-json\/wp\/v2\/users\/16"}],"wp:featuredmedia":[{"embeddable":true,"href":"https:\/\/sme.goiania.go.gov.br\/conexaoescola\/wp-json\/wp\/v2\/media\/130382"}],"wp:attachment":[{"href":"https:\/\/sme.goiania.go.gov.br\/conexaoescola\/wp-json\/wp\/v2\/media?parent=130362"}],"wp:term":[{"taxonomy":"ei_categoria","embeddable":true,"href":"https:\/\/sme.goiania.go.gov.br\/conexaoescola\/wp-json\/wp\/v2\/ei_categoria?post=130362"}],"curies":[{"name":"wp","href":"https:\/\/api.w.org\/{rel}","templated":true}]}}

É hora de brincar com as palavras!

<figure class="wp-block-image is-style-default"><img decoding="async" src="https://lunetas.com.br/wp-content/uploads/2018/11/aquisicao-da-fala.jpg" alt="Aquisição da fala: 5 dúvidas sobre as primeiras palavras do bebê"/><figcaption>Foto: Portal Lunetas </figcaption></figure>



<p class="has-drop-cap has-text-align-center has-pale-pink-background-color has-text-color has-background has-medium-font-size" style="color:#000608"><strong>Para que a criança <span class="has-inline-color has-vivid-red-color">desenvolva e se aproprie da linguagem oral</span> é preciso que cotidianamente ela esteja inserida em<span class="has-inline-color has-vivid-red-color">&nbsp;situações comunicativas e expressivas</span>&nbsp;que enriqueçam seu vocabulário e repertório de fala.</strong></p>



<p class="has-text-align-center has-vivid-green-cyan-background-color has-text-color has-background has-medium-font-size" style="color:#020a0d"><strong>Assim,&nbsp;<span class="has-inline-color has-vivid-red-color">ouvir e apreciar canções, parlendas, poesias, trava-línguas, manusear livros, ouvir e contar histórias, brincar com rimas e&nbsp;cantigas de roda</span>&nbsp;são ações que auxiliam à criança a aprender a falar, ouvir e ampliar a sua participação na cultura oral.</strong></p>



<p class="has-text-align-center has-pale-pink-background-color has-text-color has-background has-medium-font-size" style="color:#03080a"><strong>Organize um tempo na rotina familiar e&nbsp;<span class="has-inline-color has-vivid-red-color">apresente para sua criança </span>diferentes propostas que envolvam essas situações comunicativas.</strong></p>



<p class="has-text-align-center has-light-green-cyan-background-color has-text-color has-background has-medium-font-size" style="color:#01070a"><strong>A&nbsp;<span class="has-inline-color has-vivid-red-color">professora Adriana da&nbsp;Escola Municipal Recanto do Bosque&nbsp;</span>gravou uma sequência de vídeos com sugestões de versos, rimas e cantigas que você pode apresentar para seu filho(a).</strong></p>



<p class="has-text-align-center has-vivid-red-background-color has-text-color has-background has-medium-font-size" style="color:#01070a"><strong>Ouçam e cantem juntos!!!&nbsp;E não se esqueça de gravar os vídeos, registrando esse momento!</strong></p>



<figure class="wp-block-embed is-type-video is-provider-youtube wp-block-embed-youtube wp-embed-aspect-16-9 wp-has-aspect-ratio"><div class="wp-block-embed__wrapper">
<p class="responsive-video-wrap clr"><iframe title="Versos infantis" width="1200" height="675" src="https://www.youtube.com/embed/Il-ulaB8lzE?feature=oembed" frameborder="0" allow="accelerometer; autoplay; clipboard-write; encrypted-media; gyroscope; picture-in-picture" allowfullscreen></iframe></p>
</div><figcaption>Fonte: Canal do Youtube <a href="https://www.youtube.com/channel/UC_HakzQTRCSTXN9q1KM0oCw">O caldeirão da professora Dryka</a></figcaption></figure>



<figure class="wp-block-embed is-type-video is-provider-youtube wp-block-embed-youtube wp-embed-aspect-16-9 wp-has-aspect-ratio"><div class="wp-block-embed__wrapper">
<p class="responsive-video-wrap clr"><iframe title="A cobra não tem pe/ limao limoeiro - Profa Adriana" width="1200" height="675" src="https://www.youtube.com/embed/99kZGbHx7EE?feature=oembed" frameborder="0" allow="accelerometer; autoplay; clipboard-write; encrypted-media; gyroscope; picture-in-picture" allowfullscreen></iframe></p>
</div><figcaption>Fonte: Canal do Youtube <a href="https://www.youtube.com/channel/UCtoYS7J0PS_iO3KMA1JsnCA">Portal Conexão Escola</a></figcaption></figure>



<p class="has-text-align-center has-vivid-red-background-color has-background has-medium-font-size"><strong><span class="has-inline-color has-white-color">SAIBA MAIS</span></strong></p>



<p class="has-text-align-center has-text-color has-background has-medium-font-size" style="background-color:#9bd1f1;color:#010a0d"><strong>Se quiser ampliar as situações de apreciação e interação com a linguagem oral da sua criança, ouçam e cantem juntos o <span class="has-inline-color has-vivid-red-color">trava-língua&nbsp;&#8220;O doce de batata doce”</span>&nbsp;gravado pelo canal <span class="has-inline-color has-vivid-red-color">Ma Mi Mo Musica</span>. Para assistir basta clicar na imagem a seguir:</strong></p>



<figure class="wp-block-embed is-type-video is-provider-youtube wp-block-embed-youtube wp-embed-aspect-16-9 wp-has-aspect-ratio"><div class="wp-block-embed__wrapper">
<p class="responsive-video-wrap clr"><iframe title="Cantando Trava-línguas (O doce de batata doce)" width="1200" height="675" src="https://www.youtube.com/embed/70eb63jcLa0?feature=oembed" frameborder="0" allow="accelerometer; autoplay; clipboard-write; encrypted-media; gyroscope; picture-in-picture" allowfullscreen></iframe></p>
</div></figure>



<hr class="wp-block-separator"/>



<figure class="wp-block-table aligncenter is-style-stripes"><table><tbody><tr><td>Proponentes/Curadoria</td><td>NEC</td></tr><tr><td>Professora Convidada</td><td>Adriana Lúcia</td></tr><tr><td>Parceiros/Autorização</td><td>Ma Me Mi Mo Música</td></tr></tbody></table><figcaption>Educação Infantil &#8211; Crianças bem pequenas </figcaption></figure>
