{"id":129118,"date":"2021-08-10T15:24:48","date_gmt":"2021-08-10T18:24:48","guid":{"rendered":"https:\/\/sme.goiania.go.gov.br\/conexaoescola\/?post_type=educacao_infantil&#038;p=129118"},"modified":"2021-08-10T15:24:49","modified_gmt":"2021-08-10T18:24:49","slug":"mexe-e-remexe","status":"publish","type":"educacao_infantil","link":"https:\/\/sme.goiania.go.gov.br\/conexaoescola\/educacao_infantil\/mexe-e-remexe\/","title":{"rendered":"Mexe e Remexe!"},"content":{"rendered":"\n<figure class=\"wp-block-image size-large is-resized is-style-rounded\"><img fetchpriority=\"high\" decoding=\"async\" src=\"https:\/\/sme.goiania.go.gov.br\/conexaoescola\/wp-content\/uploads\/2021\/08\/IMG_0600-1024x683.jpg\" alt=\"\" class=\"wp-image-129117\" width=\"859\" height=\"573\" srcset=\"https:\/\/sme.goiania.go.gov.br\/conexaoescola\/wp-content\/uploads\/2021\/08\/IMG_0600-1024x683.jpg 1024w, https:\/\/sme.goiania.go.gov.br\/conexaoescola\/wp-content\/uploads\/2021\/08\/IMG_0600-300x200.jpg 300w, https:\/\/sme.goiania.go.gov.br\/conexaoescola\/wp-content\/uploads\/2021\/08\/IMG_0600-768x512.jpg 768w, https:\/\/sme.goiania.go.gov.br\/conexaoescola\/wp-content\/uploads\/2021\/08\/IMG_0600-1536x1024.jpg 1536w, https:\/\/sme.goiania.go.gov.br\/conexaoescola\/wp-content\/uploads\/2021\/08\/IMG_0600-2048x1365.jpg 2048w\" sizes=\"(max-width: 859px) 100vw, 859px\" \/><figcaption>Fonte: Acervo SME <\/figcaption><\/figure>\n\n\n\n<p class=\"has-text-align-center has-black-color has-text-color has-background has-medium-font-size\" style=\"background-color:#e489a0\"><strong>O <span class=\"has-inline-color has-vivid-red-color\">corpo<\/span> representa o primeiro canal de comunica\u00e7\u00e3o das crian\u00e7as com o mundo. <\/strong><\/p>\n\n\n\n<p class=\"has-text-align-center has-black-color has-text-color has-background has-medium-font-size\" style=\"background-color:#30bd6b\"><strong><strong>E \u00e9 atrav\u00e9s das&nbsp;<span class=\"has-inline-color has-vivid-red-color\">m\u00fasicas, das&nbsp;dan\u00e7as&nbsp;e das&nbsp;diferentes brincadeiras<\/span>&nbsp;que elas podem aprender a&nbsp;<strong>pular, dan\u00e7ar, balan\u00e7ar e se movimenta<\/strong>r, ampliando assim a compreens\u00e3o sobre si e sobre o universo a seu redor.<\/strong><\/strong><\/p>\n\n\n\n<p class=\"has-text-align-center has-black-color has-text-color has-background has-medium-font-size\" style=\"background-color:#b6bec4\"><strong><strong>Acompanhar os&nbsp;interesses&nbsp;das crian\u00e7as, <span class=\"has-inline-color has-vivid-red-color\">estabelecer um&nbsp;di\u00e1logo<\/span> por meio da <span class=\"has-inline-color has-vivid-red-color\">voz,&nbsp;express\u00f5es,&nbsp;movimentos e gestos&nbsp;<\/span>\u00e9 uma importante a\u00e7\u00e3o para que elas se expressem, aprendam e se desenvolvam. E \u00e9 fundamental nesse processo, respeitar os ritmos e tempos de cada uma.<\/strong><\/strong><\/p>\n\n\n\n<p class=\"has-text-align-center has-black-color has-text-color has-background has-medium-font-size\" style=\"background-color:#e489a0\"><strong><strong>Que tal convidar o seu filho(a) para mexer o corpo todo com o&nbsp;m\u00fasico <span class=\"has-inline-color has-vivid-red-color\">Marcelo Serralva?<\/span><br>Basta clicar na imagem a seguir e se divertir!<\/strong><\/strong><\/p>\n\n\n\n<figure class=\"wp-block-embed is-type-video is-provider-youtube wp-block-embed-youtube wp-embed-aspect-16-9 wp-has-aspect-ratio\"><div class=\"wp-block-embed__wrapper\">\n<p class=\"responsive-video-wrap clr\"><iframe title=\"DAN\u00c7A DO DINOSSAURO - COREOGRAFIA (DINOSSAURO ROB\u00d4)\" width=\"1200\" height=\"675\" src=\"https:\/\/www.youtube.com\/embed\/gX_Dnx4xTaU?start=1&#038;feature=oembed\" frameborder=\"0\" allow=\"accelerometer; autoplay; clipboard-write; encrypted-media; gyroscope; picture-in-picture\" allowfullscreen><\/iframe><\/p>\n<\/div><figcaption>Fonte: Fonte: Youtube Marcelo Serralva<\/figcaption><\/figure>\n\n\n\n<figure class=\"wp-block-embed is-type-video is-provider-youtube wp-block-embed-youtube wp-embed-aspect-16-9 wp-has-aspect-ratio\"><div class=\"wp-block-embed__wrapper\">\n<p class=\"responsive-video-wrap clr\"><iframe title=\"DEVAGARINHO - M\u00fasica para trabalhar lento e r\u00e1pido na educa\u00e7\u00e3o infantil\" width=\"1200\" height=\"675\" src=\"https:\/\/www.youtube.com\/embed\/-qPs2S_XNf8?feature=oembed\" frameborder=\"0\" allow=\"accelerometer; autoplay; clipboard-write; encrypted-media; gyroscope; picture-in-picture\" allowfullscreen><\/iframe><\/p>\n<\/div><figcaption>Fonte: Youtube Marcelo Serralva<\/figcaption><\/figure>\n\n\n\n<hr class=\"wp-block-separator\"\/>\n\n\n\n<p class=\"has-text-align-center has-black-color has-text-color has-background has-medium-font-size\" style=\"background-color:#30bd6b\"><strong>Que tal organizar um momento para que a sua crian\u00e7a se movimente e descubra as <span class=\"has-inline-color has-vivid-red-color\">diferentes possibilidades<\/span> do seu corpo?<\/strong><\/p>\n\n\n\n<p class=\"has-text-align-left has-black-color has-text-color has-background has-medium-font-size\" style=\"background-color:#b6bec4\">\u2022<strong> <span class=\"has-inline-color has-vivid-red-color\">Convide-a brincar <\/span>de EST\u00c1TUA\/AMARELINHA\/DAN\u00c7A DA CADEIRA<br>\u2022 <span class=\"has-inline-color has-vivid-red-color\">Brinquem de luz e sombra<\/span>, mostre para sua crian\u00e7a formas de se movimentar atrav\u00e9s das sombras \u2013 Diga: vamos ver como fica a sua sombra se voc\u00ea abrir o bra\u00e7o? E se colocar \u00e0s m\u00e3os acima da cabe\u00e7a?<br>\u2022 <span class=\"has-inline-color has-vivid-red-color\">Proponha para sua crian\u00e7a se locomover como os animais:<\/span> como ser\u00e1 que o coelho salta? E a cobra, como ela rasteja? Vamos pular, como o sapo? Vamos imitar o andar das formigas?<br>\u2022 <span class=\"has-inline-color has-vivid-red-color\">Dancem m\u00fasicas de diferentes g\u00eaneros juntos<\/span>: Que tal dan\u00e7ar ao som de uma catira? Dan\u00e7ar embalados por uma m\u00fasica Rock, de Jazz ou sertanejo?<br>\u2022 <span class=\"has-inline-color has-vivid-red-color\">Desafie a sua crian\u00e7a<\/span> a subir, descer, pular, rolar e saltar!<\/strong><\/p>\n\n\n\n<figure class=\"wp-block-table is-style-stripes\"><table><tbody><tr><td>Proponentes\/Curadoria<\/td><td>NEC<\/td><\/tr><tr><td>Parceiros\/Convidados<\/td><td>Marcelo Serralva<\/td><\/tr><\/tbody><\/table><figcaption>Educa\u00e7\u00e3o Infantil &#8211; crian\u00e7as bem pequenas <\/figcaption><\/figure>\n","protected":false},"author":15,"featured_media":129117,"template":"","ei_categoria":[11],"class_list":["post-129118","educacao_infantil","type-educacao_infantil","status-publish","has-post-thumbnail","hentry","ei_categoria-criancas-bem-pequenas","entry","has-media"],"acf":[],"_links":{"self":[{"href":"https:\/\/sme.goiania.go.gov.br\/conexaoescola\/wp-json\/wp\/v2\/educacao_infantil\/129118","targetHints":{"allow":["GET"]}}],"collection":[{"href":"https:\/\/sme.goiania.go.gov.br\/conexaoescola\/wp-json\/wp\/v2\/educacao_infantil"}],"about":[{"href":"https:\/\/sme.goiania.go.gov.br\/conexaoescola\/wp-json\/wp\/v2\/types\/educacao_infantil"}],"author":[{"embeddable":true,"href":"https:\/\/sme.goiania.go.gov.br\/conexaoescola\/wp-json\/wp\/v2\/users\/15"}],"wp:featuredmedia":[{"embeddable":true,"href":"https:\/\/sme.goiania.go.gov.br\/conexaoescola\/wp-json\/wp\/v2\/media\/129117"}],"wp:attachment":[{"href":"https:\/\/sme.goiania.go.gov.br\/conexaoescola\/wp-json\/wp\/v2\/media?parent=129118"}],"wp:term":[{"taxonomy":"ei_categoria","embeddable":true,"href":"https:\/\/sme.goiania.go.gov.br\/conexaoescola\/wp-json\/wp\/v2\/ei_categoria?post=129118"}],"curies":[{"name":"wp","href":"https:\/\/api.w.org\/{rel}","templated":true}]}}

<figure class="wp-block-image size-large is-resized is-style-rounded"><img fetchpriority="high" decoding="async" src="https://sme.goiania.go.gov.br/conexaoescola/wp-content/uploads/2021/08/IMG_0600-1024x683.jpg" alt="" class="wp-image-129117" width="859" height="573" srcset="https://sme.goiania.go.gov.br/conexaoescola/wp-content/uploads/2021/08/IMG_0600-1024x683.jpg 1024w, https://sme.goiania.go.gov.br/conexaoescola/wp-content/uploads/2021/08/IMG_0600-300x200.jpg 300w, https://sme.goiania.go.gov.br/conexaoescola/wp-content/uploads/2021/08/IMG_0600-768x512.jpg 768w, https://sme.goiania.go.gov.br/conexaoescola/wp-content/uploads/2021/08/IMG_0600-1536x1024.jpg 1536w, https://sme.goiania.go.gov.br/conexaoescola/wp-content/uploads/2021/08/IMG_0600-2048x1365.jpg 2048w" sizes="(max-width: 859px) 100vw, 859px" /><figcaption>Fonte: Acervo SME </figcaption></figure>



<p class="has-text-align-center has-black-color has-text-color has-background has-medium-font-size" style="background-color:#e489a0"><strong>O <span class="has-inline-color has-vivid-red-color">corpo</span> representa o primeiro canal de comunicação das crianças com o mundo. </strong></p>



<p class="has-text-align-center has-black-color has-text-color has-background has-medium-font-size" style="background-color:#30bd6b"><strong><strong>E é através das&nbsp;<span class="has-inline-color has-vivid-red-color">músicas, das&nbsp;danças&nbsp;e das&nbsp;diferentes brincadeiras</span>&nbsp;que elas podem aprender a&nbsp;<strong>pular, dançar, balançar e se movimenta</strong>r, ampliando assim a compreensão sobre si e sobre o universo a seu redor.</strong></strong></p>



<p class="has-text-align-center has-black-color has-text-color has-background has-medium-font-size" style="background-color:#b6bec4"><strong><strong>Acompanhar os&nbsp;interesses&nbsp;das crianças, <span class="has-inline-color has-vivid-red-color">estabelecer um&nbsp;diálogo</span> por meio da <span class="has-inline-color has-vivid-red-color">voz,&nbsp;expressões,&nbsp;movimentos e gestos&nbsp;</span>é uma importante ação para que elas se expressem, aprendam e se desenvolvam. E é fundamental nesse processo, respeitar os ritmos e tempos de cada uma.</strong></strong></p>



<p class="has-text-align-center has-black-color has-text-color has-background has-medium-font-size" style="background-color:#e489a0"><strong><strong>Que tal convidar o seu filho(a) para mexer o corpo todo com o&nbsp;músico <span class="has-inline-color has-vivid-red-color">Marcelo Serralva?</span><br>Basta clicar na imagem a seguir e se divertir!</strong></strong></p>



<figure class="wp-block-embed is-type-video is-provider-youtube wp-block-embed-youtube wp-embed-aspect-16-9 wp-has-aspect-ratio"><div class="wp-block-embed__wrapper">
<p class="responsive-video-wrap clr"><iframe title="DANÇA DO DINOSSAURO - COREOGRAFIA (DINOSSAURO ROBÔ)" width="1200" height="675" src="https://www.youtube.com/embed/gX_Dnx4xTaU?start=1&#038;feature=oembed" frameborder="0" allow="accelerometer; autoplay; clipboard-write; encrypted-media; gyroscope; picture-in-picture" allowfullscreen></iframe></p>
</div><figcaption>Fonte: Fonte: Youtube Marcelo Serralva</figcaption></figure>



<figure class="wp-block-embed is-type-video is-provider-youtube wp-block-embed-youtube wp-embed-aspect-16-9 wp-has-aspect-ratio"><div class="wp-block-embed__wrapper">
<p class="responsive-video-wrap clr"><iframe title="DEVAGARINHO - Música para trabalhar lento e rápido na educação infantil" width="1200" height="675" src="https://www.youtube.com/embed/-qPs2S_XNf8?feature=oembed" frameborder="0" allow="accelerometer; autoplay; clipboard-write; encrypted-media; gyroscope; picture-in-picture" allowfullscreen></iframe></p>
</div><figcaption>Fonte: Youtube Marcelo Serralva</figcaption></figure>



<hr class="wp-block-separator"/>



<p class="has-text-align-center has-black-color has-text-color has-background has-medium-font-size" style="background-color:#30bd6b"><strong>Que tal organizar um momento para que a sua criança se movimente e descubra as <span class="has-inline-color has-vivid-red-color">diferentes possibilidades</span> do seu corpo?</strong></p>



<p class="has-text-align-left has-black-color has-text-color has-background has-medium-font-size" style="background-color:#b6bec4">•<strong> <span class="has-inline-color has-vivid-red-color">Convide-a brincar </span>de ESTÁTUA/AMARELINHA/DANÇA DA CADEIRA<br>• <span class="has-inline-color has-vivid-red-color">Brinquem de luz e sombra</span>, mostre para sua criança formas de se movimentar através das sombras – Diga: vamos ver como fica a sua sombra se você abrir o braço? E se colocar às mãos acima da cabeça?<br>• <span class="has-inline-color has-vivid-red-color">Proponha para sua criança se locomover como os animais:</span> como será que o coelho salta? E a cobra, como ela rasteja? Vamos pular, como o sapo? Vamos imitar o andar das formigas?<br>• <span class="has-inline-color has-vivid-red-color">Dancem músicas de diferentes gêneros juntos</span>: Que tal dançar ao som de uma catira? Dançar embalados por uma música Rock, de Jazz ou sertanejo?<br>• <span class="has-inline-color has-vivid-red-color">Desafie a sua criança</span> a subir, descer, pular, rolar e saltar!</strong></p>



<figure class="wp-block-table is-style-stripes"><table><tbody><tr><td>Proponentes/Curadoria</td><td>NEC</td></tr><tr><td>Parceiros/Convidados</td><td>Marcelo Serralva</td></tr></tbody></table><figcaption>Educação Infantil &#8211; crianças bem pequenas </figcaption></figure>
