{"id":128593,"date":"2021-06-29T08:50:53","date_gmt":"2021-06-29T11:50:53","guid":{"rendered":"https:\/\/sme.goiania.go.gov.br\/conexaoescola\/?post_type=educacao_infantil&#038;p=128593"},"modified":"2021-07-28T11:11:32","modified_gmt":"2021-07-28T14:11:32","slug":"vem-mexer-o-corpo","status":"publish","type":"educacao_infantil","link":"https:\/\/sme.goiania.go.gov.br\/conexaoescola\/educacao_infantil\/vem-mexer-o-corpo\/","title":{"rendered":"Vem mexer o corpo!"},"content":{"rendered":"\n<div class=\"wp-block-image is-style-rounded\"><figure class=\"aligncenter size-large is-resized\"><img fetchpriority=\"high\" decoding=\"async\" src=\"https:\/\/sme.goiania.go.gov.br\/conexaoescola\/wp-content\/uploads\/2021\/06\/IMG_3634-683x1024.jpg\" alt=\"\" class=\"wp-image-128594\" width=\"568\" height=\"852\" srcset=\"https:\/\/sme.goiania.go.gov.br\/conexaoescola\/wp-content\/uploads\/2021\/06\/IMG_3634-683x1024.jpg 683w, https:\/\/sme.goiania.go.gov.br\/conexaoescola\/wp-content\/uploads\/2021\/06\/IMG_3634-200x300.jpg 200w, https:\/\/sme.goiania.go.gov.br\/conexaoescola\/wp-content\/uploads\/2021\/06\/IMG_3634-768x1152.jpg 768w, https:\/\/sme.goiania.go.gov.br\/conexaoescola\/wp-content\/uploads\/2021\/06\/IMG_3634-1024x1536.jpg 1024w, https:\/\/sme.goiania.go.gov.br\/conexaoescola\/wp-content\/uploads\/2021\/06\/IMG_3634-1365x2048.jpg 1365w, https:\/\/sme.goiania.go.gov.br\/conexaoescola\/wp-content\/uploads\/2021\/06\/IMG_3634-scaled.jpg 1707w\" sizes=\"(max-width: 568px) 100vw, 568px\" \/><figcaption>Fonte: Acervo SME <\/figcaption><\/figure><\/div>\n\n\n\n<p class=\"has-text-align-center has-black-color has-text-color has-background has-medium-font-size\" style=\"background-color:#54a0cc\"><strong><strong>As primeiras formas de express\u00e3o da crian\u00e7a com o outro e com o mundo se d\u00e3o atrav\u00e9s do corpo<\/strong>.<\/strong><\/p>\n\n\n\n<p class=\"has-text-align-center has-black-color has-cyan-bluish-gray-background-color has-text-color has-background has-medium-font-size\"><strong>Explorar os movimentos do corpo possibilita as crian\u00e7as conhecerem a si mesmas. Ter consci\u00eancia sobre seu corpo proporciona  o desenvolvimento da autonomia  da tomada de decis\u00f5es, e consequentemente possibilita maior participa\u00e7\u00e3o da crian\u00e7a no mundo.<\/strong><\/p>\n\n\n\n<p class=\"has-text-align-center has-black-color has-text-color has-background has-medium-font-size\" style=\"background-color:#ffd35a\"><strong> Por isso, conhecer as possibilidades que o corpo pode oferecer e participar de brincadeiras e momentos nas quais se possa manipular diferentes objetos e entender como funcionam, apreciar e produzir m\u00fasicas, brincar de casinha ou de super-her\u00f3is, ouvir e contar hist\u00f3rias, desenhar, modelar, pintar, dan\u00e7ar, cantar, observar, criar e movimentar todo o corpo \u00e9 um direito de toda crian\u00e7a. <\/strong><\/p>\n\n\n\n<p class=\"has-text-align-center has-black-color has-text-color has-background has-medium-font-size\" style=\"background-color:#f9a86e\"><strong>A professora D\u00e9bora Machado, professora de Educa\u00e7\u00e3o f\u00edsica, dan\u00e7a e Bailarina, deixou um recado falando da import\u00e2ncia das crian\u00e7as movimentarem o corpo e deixa como exemplo de atividade com o corpo os Jogos Virtuais 2021 \u2013 A\u00e7\u00e3o realizada pela Gerencia de Desporto Educacional da Secretaria Municipal de Educa\u00e7\u00e3o de Goi\u00e2nia. Vamos assistir?<\/strong><\/p>\n\n\n\n<figure class=\"wp-block-embed is-type-video is-provider-youtube wp-block-embed-youtube wp-embed-aspect-16-9 wp-has-aspect-ratio\"><div class=\"wp-block-embed__wrapper\">\n<p class=\"responsive-video-wrap clr\"><iframe title=\"Chamada para os v\u00eddeos da Educa\u00e7\u00e3o infantil\" width=\"1200\" height=\"675\" src=\"https:\/\/www.youtube.com\/embed\/DWFjiQhRlnc?feature=oembed\" frameborder=\"0\" allow=\"accelerometer; autoplay; clipboard-write; encrypted-media; gyroscope; picture-in-picture\" allowfullscreen><\/iframe><\/p>\n<\/div><\/figure>\n\n\n\n<p class=\"has-text-align-center has-black-color has-text-color has-background has-medium-font-size\" style=\"background-color:#54a0cc\"><strong>Que tal se inspirar nas crian\u00e7as e fam\u00edlias que participaram dos Jogos Educacionais Virtuais da SME<\/strong>?&nbsp;<strong>Clique nas imagens abaixo e aproveitem! Para Movimentar e Brincar \u00e9 s\u00f3 come\u00e7ar!<\/strong><\/p>\n\n\n\n<figure class=\"wp-block-embed aligncenter is-type-video is-provider-youtube wp-block-embed-youtube wp-embed-aspect-16-9 wp-has-aspect-ratio\"><div class=\"wp-block-embed__wrapper\">\n<p class=\"responsive-video-wrap clr\"><iframe title=\"V\u00cdDEO 011 EDUCA\u00c7\u00c3O INFANTIL\" width=\"1200\" height=\"675\" src=\"https:\/\/www.youtube.com\/embed\/85o6_BjPFkU?feature=oembed\" frameborder=\"0\" allow=\"accelerometer; autoplay; clipboard-write; encrypted-media; gyroscope; picture-in-picture\" allowfullscreen><\/iframe><\/p>\n<\/div><\/figure>\n\n\n\n<figure class=\"wp-block-embed aligncenter is-type-video is-provider-youtube wp-block-embed-youtube wp-embed-aspect-16-9 wp-has-aspect-ratio\"><div class=\"wp-block-embed__wrapper\">\n<p class=\"responsive-video-wrap clr\"><iframe title=\"V\u00cdDEO 0012 EDUCA\u00c7\u00c3O INFANTIL\" width=\"1200\" height=\"675\" src=\"https:\/\/www.youtube.com\/embed\/nkVvZAmmo-I?start=36&#038;feature=oembed\" frameborder=\"0\" allow=\"accelerometer; autoplay; clipboard-write; encrypted-media; gyroscope; picture-in-picture\" allowfullscreen><\/iframe><\/p>\n<\/div><\/figure>\n\n\n\n<figure class=\"wp-block-table is-style-stripes\"><table><tbody><tr><td>Proponentes\/Curadoria<\/td><td>NEC<\/td><\/tr><tr><td>Professora Convidada<\/td><td>D\u00e9bora Machado <\/td><\/tr><\/tbody><\/table><figcaption>Educa\u00e7\u00e3o Infantil <\/figcaption><\/figure>\n","protected":false},"author":16,"featured_media":128594,"template":"","ei_categoria":[11],"class_list":["post-128593","educacao_infantil","type-educacao_infantil","status-publish","has-post-thumbnail","hentry","ei_categoria-criancas-bem-pequenas","entry","has-media"],"acf":[],"_links":{"self":[{"href":"https:\/\/sme.goiania.go.gov.br\/conexaoescola\/wp-json\/wp\/v2\/educacao_infantil\/128593","targetHints":{"allow":["GET"]}}],"collection":[{"href":"https:\/\/sme.goiania.go.gov.br\/conexaoescola\/wp-json\/wp\/v2\/educacao_infantil"}],"about":[{"href":"https:\/\/sme.goiania.go.gov.br\/conexaoescola\/wp-json\/wp\/v2\/types\/educacao_infantil"}],"author":[{"embeddable":true,"href":"https:\/\/sme.goiania.go.gov.br\/conexaoescola\/wp-json\/wp\/v2\/users\/16"}],"wp:featuredmedia":[{"embeddable":true,"href":"https:\/\/sme.goiania.go.gov.br\/conexaoescola\/wp-json\/wp\/v2\/media\/128594"}],"wp:attachment":[{"href":"https:\/\/sme.goiania.go.gov.br\/conexaoescola\/wp-json\/wp\/v2\/media?parent=128593"}],"wp:term":[{"taxonomy":"ei_categoria","embeddable":true,"href":"https:\/\/sme.goiania.go.gov.br\/conexaoescola\/wp-json\/wp\/v2\/ei_categoria?post=128593"}],"curies":[{"name":"wp","href":"https:\/\/api.w.org\/{rel}","templated":true}]}}

<div class="wp-block-image is-style-rounded"><figure class="aligncenter size-large is-resized"><img fetchpriority="high" decoding="async" src="https://sme.goiania.go.gov.br/conexaoescola/wp-content/uploads/2021/06/IMG_3634-683x1024.jpg" alt="" class="wp-image-128594" width="568" height="852" srcset="https://sme.goiania.go.gov.br/conexaoescola/wp-content/uploads/2021/06/IMG_3634-683x1024.jpg 683w, https://sme.goiania.go.gov.br/conexaoescola/wp-content/uploads/2021/06/IMG_3634-200x300.jpg 200w, https://sme.goiania.go.gov.br/conexaoescola/wp-content/uploads/2021/06/IMG_3634-768x1152.jpg 768w, https://sme.goiania.go.gov.br/conexaoescola/wp-content/uploads/2021/06/IMG_3634-1024x1536.jpg 1024w, https://sme.goiania.go.gov.br/conexaoescola/wp-content/uploads/2021/06/IMG_3634-1365x2048.jpg 1365w, https://sme.goiania.go.gov.br/conexaoescola/wp-content/uploads/2021/06/IMG_3634-scaled.jpg 1707w" sizes="(max-width: 568px) 100vw, 568px" /><figcaption>Fonte: Acervo SME </figcaption></figure></div>



<p class="has-text-align-center has-black-color has-text-color has-background has-medium-font-size" style="background-color:#54a0cc"><strong><strong>As primeiras formas de expressão da criança com o outro e com o mundo se dão através do corpo</strong>.</strong></p>



<p class="has-text-align-center has-black-color has-cyan-bluish-gray-background-color has-text-color has-background has-medium-font-size"><strong>Explorar os movimentos do corpo possibilita as crianças conhecerem a si mesmas. Ter consciência sobre seu corpo proporciona  o desenvolvimento da autonomia  da tomada de decisões, e consequentemente possibilita maior participação da criança no mundo.</strong></p>



<p class="has-text-align-center has-black-color has-text-color has-background has-medium-font-size" style="background-color:#ffd35a"><strong> Por isso, conhecer as possibilidades que o corpo pode oferecer e participar de brincadeiras e momentos nas quais se possa manipular diferentes objetos e entender como funcionam, apreciar e produzir músicas, brincar de casinha ou de super-heróis, ouvir e contar histórias, desenhar, modelar, pintar, dançar, cantar, observar, criar e movimentar todo o corpo é um direito de toda criança. </strong></p>



<p class="has-text-align-center has-black-color has-text-color has-background has-medium-font-size" style="background-color:#f9a86e"><strong>A professora Débora Machado, professora de Educação física, dança e Bailarina, deixou um recado falando da importância das crianças movimentarem o corpo e deixa como exemplo de atividade com o corpo os Jogos Virtuais 2021 – Ação realizada pela Gerencia de Desporto Educacional da Secretaria Municipal de Educação de Goiânia. Vamos assistir?</strong></p>



<figure class="wp-block-embed is-type-video is-provider-youtube wp-block-embed-youtube wp-embed-aspect-16-9 wp-has-aspect-ratio"><div class="wp-block-embed__wrapper">
<p class="responsive-video-wrap clr"><iframe title="Chamada para os vídeos da Educação infantil" width="1200" height="675" src="https://www.youtube.com/embed/DWFjiQhRlnc?feature=oembed" frameborder="0" allow="accelerometer; autoplay; clipboard-write; encrypted-media; gyroscope; picture-in-picture" allowfullscreen></iframe></p>
</div></figure>



<p class="has-text-align-center has-black-color has-text-color has-background has-medium-font-size" style="background-color:#54a0cc"><strong>Que tal se inspirar nas crianças e famílias que participaram dos Jogos Educacionais Virtuais da SME</strong>?&nbsp;<strong>Clique nas imagens abaixo e aproveitem! Para Movimentar e Brincar é só começar!</strong></p>



<figure class="wp-block-embed aligncenter is-type-video is-provider-youtube wp-block-embed-youtube wp-embed-aspect-16-9 wp-has-aspect-ratio"><div class="wp-block-embed__wrapper">
<p class="responsive-video-wrap clr"><iframe title="VÍDEO 011 EDUCAÇÃO INFANTIL" width="1200" height="675" src="https://www.youtube.com/embed/85o6_BjPFkU?feature=oembed" frameborder="0" allow="accelerometer; autoplay; clipboard-write; encrypted-media; gyroscope; picture-in-picture" allowfullscreen></iframe></p>
</div></figure>



<figure class="wp-block-embed aligncenter is-type-video is-provider-youtube wp-block-embed-youtube wp-embed-aspect-16-9 wp-has-aspect-ratio"><div class="wp-block-embed__wrapper">
<p class="responsive-video-wrap clr"><iframe title="VÍDEO 0012 EDUCAÇÃO INFANTIL" width="1200" height="675" src="https://www.youtube.com/embed/nkVvZAmmo-I?start=36&#038;feature=oembed" frameborder="0" allow="accelerometer; autoplay; clipboard-write; encrypted-media; gyroscope; picture-in-picture" allowfullscreen></iframe></p>
</div></figure>



<figure class="wp-block-table is-style-stripes"><table><tbody><tr><td>Proponentes/Curadoria</td><td>NEC</td></tr><tr><td>Professora Convidada</td><td>Débora Machado </td></tr></tbody></table><figcaption>Educação Infantil </figcaption></figure>
