{"id":128591,"date":"2021-06-29T08:50:24","date_gmt":"2021-06-29T11:50:24","guid":{"rendered":"https:\/\/sme.goiania.go.gov.br\/conexaoescola\/?post_type=educacao_infantil&#038;p=128591"},"modified":"2021-07-28T11:11:44","modified_gmt":"2021-07-28T14:11:44","slug":"para-movimentar-e-so-comecar","status":"publish","type":"educacao_infantil","link":"https:\/\/sme.goiania.go.gov.br\/conexaoescola\/educacao_infantil\/para-movimentar-e-so-comecar\/","title":{"rendered":"Para movimentar&#8230; \u00e9 s\u00f3 come\u00e7ar!"},"content":{"rendered":"\n<div class=\"wp-block-image is-style-rounded\"><figure class=\"aligncenter size-large\"><img fetchpriority=\"high\" decoding=\"async\" width=\"1024\" height=\"683\" src=\"https:\/\/sme.goiania.go.gov.br\/conexaoescola\/wp-content\/uploads\/2021\/06\/IMG_0569-1024x683.jpg\" alt=\"\" class=\"wp-image-128592\" srcset=\"https:\/\/sme.goiania.go.gov.br\/conexaoescola\/wp-content\/uploads\/2021\/06\/IMG_0569-1024x683.jpg 1024w, https:\/\/sme.goiania.go.gov.br\/conexaoescola\/wp-content\/uploads\/2021\/06\/IMG_0569-300x200.jpg 300w, https:\/\/sme.goiania.go.gov.br\/conexaoescola\/wp-content\/uploads\/2021\/06\/IMG_0569-768x512.jpg 768w, https:\/\/sme.goiania.go.gov.br\/conexaoescola\/wp-content\/uploads\/2021\/06\/IMG_0569-1536x1024.jpg 1536w, https:\/\/sme.goiania.go.gov.br\/conexaoescola\/wp-content\/uploads\/2021\/06\/IMG_0569-2048x1365.jpg 2048w\" sizes=\"(max-width: 1024px) 100vw, 1024px\" \/><figcaption>Fonte: Acervo SME<\/figcaption><\/figure><\/div>\n\n\n\n<p class=\"has-text-align-center has-black-color has-text-color has-background\" style=\"background-color:#21c4b1;font-size:22px\"><strong><strong><strong>As primeiras formas de express\u00e3o da crian\u00e7a com o outro e com o mundo se d\u00e3o atrav\u00e9s do corpo<\/strong>.<\/strong><\/strong><\/p>\n\n\n\n<p class=\"has-text-align-center has-black-color has-text-color has-background has-medium-font-size\" style=\"background-color:#cee9f4\"><strong>Explorar os movimentos do corpo possibilita as crian\u00e7as, em especial os beb\u00eas, conhecerem a si mesmos. Ter consci\u00eancia sobre seu corpo proporciona o desenvolvimento da autonomia, da tomada de decis\u00f5es, <strong>e consequentemente possibilita maior participa\u00e7\u00e3o da crian\u00e7a no mundo.<\/strong><\/strong><\/p>\n\n\n\n<p class=\"has-text-align-center has-black-color has-cyan-bluish-gray-background-color has-text-color has-background has-medium-font-size\"><strong><strong>Por isso, <strong><strong>\u00e9 um direito de toda crian\u00e7a<\/strong><\/strong><\/strong><\/strong> <strong><strong>conhecer as possibilidades do seu corpo.  Isso pode acontecer ao participar de brincadeiras e momentos nas quais ela possa manipular diferentes objetos, apreciar e produzir m\u00fasicas, brincar de casinha ou de super-her\u00f3is, ouvir e contar hist\u00f3rias, desenhar, modelar, pintar, dan\u00e7ar, cantar, observar, criar e movimentar todo o corpo<\/strong><\/strong>. <\/p>\n\n\n\n<p class=\"has-text-align-center has-black-color has-text-color has-background has-medium-font-size\" style=\"background-color:#6df47d\"><strong><strong>A professora D\u00e9bora Machado, professora de Educa\u00e7\u00e3o f\u00edsica, dan\u00e7a e Bailarina, deixou um recado falando da import\u00e2ncia das crian\u00e7as movimentarem o corpo e deixa como exemplo de atividade com o corpo os Jogos Virtuais 2021 \u2013 A\u00e7\u00e3o realizada pela Gerencia de Desporto Educacional da Secretaria Municipal de Educa\u00e7\u00e3o de Goi\u00e2nia. Vamos assistir?<\/strong><\/strong><\/p>\n\n\n\n<figure class=\"wp-block-embed is-type-video is-provider-youtube wp-block-embed-youtube wp-embed-aspect-16-9 wp-has-aspect-ratio\"><div class=\"wp-block-embed__wrapper\">\n<p class=\"responsive-video-wrap clr\"><iframe title=\"Chamada para os v\u00eddeos da Educa\u00e7\u00e3o infantil\" width=\"1200\" height=\"675\" src=\"https:\/\/www.youtube.com\/embed\/DWFjiQhRlnc?feature=oembed\" frameborder=\"0\" allow=\"accelerometer; autoplay; clipboard-write; encrypted-media; gyroscope; picture-in-picture\" allowfullscreen><\/iframe><\/p>\n<\/div><\/figure>\n\n\n\n<p class=\"has-text-align-center has-black-color has-text-color has-background has-medium-font-size\" style=\"background-color:#21c4b1\"><strong>Que tal se inspirar nas crian\u00e7as e fam\u00edlias que participaram dos Jogos Educacionais Virtuais da SME<\/strong>? <strong><span class=\"has-inline-color has-black-color\">Clique nas imagens abaixo e aproveitem! Para Movimentar e Brincar \u00e9 s\u00f3 come\u00e7ar! <\/span><\/strong><\/p>\n\n\n\n<figure class=\"wp-block-embed aligncenter is-type-video is-provider-youtube wp-block-embed-youtube wp-embed-aspect-16-9 wp-has-aspect-ratio\"><div class=\"wp-block-embed__wrapper\">\n<p class=\"responsive-video-wrap clr\"><iframe title=\"V\u00cdDEO 0012 EDUCA\u00c7\u00c3O INFANTIL\" width=\"1200\" height=\"675\" src=\"https:\/\/www.youtube.com\/embed\/nkVvZAmmo-I?feature=oembed\" frameborder=\"0\" allow=\"accelerometer; autoplay; clipboard-write; encrypted-media; gyroscope; picture-in-picture\" allowfullscreen><\/iframe><\/p>\n<\/div><\/figure>\n\n\n\n<figure class=\"wp-block-embed aligncenter is-type-video is-provider-youtube wp-block-embed-youtube wp-embed-aspect-16-9 wp-has-aspect-ratio\"><div class=\"wp-block-embed__wrapper\">\n<p class=\"responsive-video-wrap clr\"><iframe title=\"V\u00cdDEO 011 EDUCA\u00c7\u00c3O INFANTIL\" width=\"1200\" height=\"675\" src=\"https:\/\/www.youtube.com\/embed\/85o6_BjPFkU?feature=oembed\" frameborder=\"0\" allow=\"accelerometer; autoplay; clipboard-write; encrypted-media; gyroscope; picture-in-picture\" allowfullscreen><\/iframe><\/p>\n<\/div><\/figure>\n\n\n\n<figure class=\"wp-block-table is-style-stripes\"><table><tbody><tr><td>Proponentes\/Curadoria<\/td><td>NEC<\/td><\/tr><tr><td>Professora convidada<\/td><td>D\u00e9bora Machado<\/td><\/tr><\/tbody><\/table><figcaption>Educa\u00e7\u00e3o Infantil &#8211; beb\u00eas<\/figcaption><\/figure>\n","protected":false},"author":16,"featured_media":128592,"template":"","ei_categoria":[10],"class_list":["post-128591","educacao_infantil","type-educacao_infantil","status-publish","has-post-thumbnail","hentry","ei_categoria-bebes","entry","has-media"],"acf":[],"_links":{"self":[{"href":"https:\/\/sme.goiania.go.gov.br\/conexaoescola\/wp-json\/wp\/v2\/educacao_infantil\/128591","targetHints":{"allow":["GET"]}}],"collection":[{"href":"https:\/\/sme.goiania.go.gov.br\/conexaoescola\/wp-json\/wp\/v2\/educacao_infantil"}],"about":[{"href":"https:\/\/sme.goiania.go.gov.br\/conexaoescola\/wp-json\/wp\/v2\/types\/educacao_infantil"}],"author":[{"embeddable":true,"href":"https:\/\/sme.goiania.go.gov.br\/conexaoescola\/wp-json\/wp\/v2\/users\/16"}],"wp:featuredmedia":[{"embeddable":true,"href":"https:\/\/sme.goiania.go.gov.br\/conexaoescola\/wp-json\/wp\/v2\/media\/128592"}],"wp:attachment":[{"href":"https:\/\/sme.goiania.go.gov.br\/conexaoescola\/wp-json\/wp\/v2\/media?parent=128591"}],"wp:term":[{"taxonomy":"ei_categoria","embeddable":true,"href":"https:\/\/sme.goiania.go.gov.br\/conexaoescola\/wp-json\/wp\/v2\/ei_categoria?post=128591"}],"curies":[{"name":"wp","href":"https:\/\/api.w.org\/{rel}","templated":true}]}}

Para movimentar&#8230; é só começar!

<div class="wp-block-image is-style-rounded"><figure class="aligncenter size-large"><img fetchpriority="high" decoding="async" width="1024" height="683" src="https://sme.goiania.go.gov.br/conexaoescola/wp-content/uploads/2021/06/IMG_0569-1024x683.jpg" alt="" class="wp-image-128592" srcset="https://sme.goiania.go.gov.br/conexaoescola/wp-content/uploads/2021/06/IMG_0569-1024x683.jpg 1024w, https://sme.goiania.go.gov.br/conexaoescola/wp-content/uploads/2021/06/IMG_0569-300x200.jpg 300w, https://sme.goiania.go.gov.br/conexaoescola/wp-content/uploads/2021/06/IMG_0569-768x512.jpg 768w, https://sme.goiania.go.gov.br/conexaoescola/wp-content/uploads/2021/06/IMG_0569-1536x1024.jpg 1536w, https://sme.goiania.go.gov.br/conexaoescola/wp-content/uploads/2021/06/IMG_0569-2048x1365.jpg 2048w" sizes="(max-width: 1024px) 100vw, 1024px" /><figcaption>Fonte: Acervo SME</figcaption></figure></div>



<p class="has-text-align-center has-black-color has-text-color has-background" style="background-color:#21c4b1;font-size:22px"><strong><strong><strong>As primeiras formas de expressão da criança com o outro e com o mundo se dão através do corpo</strong>.</strong></strong></p>



<p class="has-text-align-center has-black-color has-text-color has-background has-medium-font-size" style="background-color:#cee9f4"><strong>Explorar os movimentos do corpo possibilita as crianças, em especial os bebês, conhecerem a si mesmos. Ter consciência sobre seu corpo proporciona o desenvolvimento da autonomia, da tomada de decisões, <strong>e consequentemente possibilita maior participação da criança no mundo.</strong></strong></p>



<p class="has-text-align-center has-black-color has-cyan-bluish-gray-background-color has-text-color has-background has-medium-font-size"><strong><strong>Por isso, <strong><strong>é um direito de toda criança</strong></strong></strong></strong> <strong><strong>conhecer as possibilidades do seu corpo.  Isso pode acontecer ao participar de brincadeiras e momentos nas quais ela possa manipular diferentes objetos, apreciar e produzir músicas, brincar de casinha ou de super-heróis, ouvir e contar histórias, desenhar, modelar, pintar, dançar, cantar, observar, criar e movimentar todo o corpo</strong></strong>. </p>



<p class="has-text-align-center has-black-color has-text-color has-background has-medium-font-size" style="background-color:#6df47d"><strong><strong>A professora Débora Machado, professora de Educação física, dança e Bailarina, deixou um recado falando da importância das crianças movimentarem o corpo e deixa como exemplo de atividade com o corpo os Jogos Virtuais 2021 – Ação realizada pela Gerencia de Desporto Educacional da Secretaria Municipal de Educação de Goiânia. Vamos assistir?</strong></strong></p>



<figure class="wp-block-embed is-type-video is-provider-youtube wp-block-embed-youtube wp-embed-aspect-16-9 wp-has-aspect-ratio"><div class="wp-block-embed__wrapper">
<p class="responsive-video-wrap clr"><iframe title="Chamada para os vídeos da Educação infantil" width="1200" height="675" src="https://www.youtube.com/embed/DWFjiQhRlnc?feature=oembed" frameborder="0" allow="accelerometer; autoplay; clipboard-write; encrypted-media; gyroscope; picture-in-picture" allowfullscreen></iframe></p>
</div></figure>



<p class="has-text-align-center has-black-color has-text-color has-background has-medium-font-size" style="background-color:#21c4b1"><strong>Que tal se inspirar nas crianças e famílias que participaram dos Jogos Educacionais Virtuais da SME</strong>? <strong><span class="has-inline-color has-black-color">Clique nas imagens abaixo e aproveitem! Para Movimentar e Brincar é só começar! </span></strong></p>



<figure class="wp-block-embed aligncenter is-type-video is-provider-youtube wp-block-embed-youtube wp-embed-aspect-16-9 wp-has-aspect-ratio"><div class="wp-block-embed__wrapper">
<p class="responsive-video-wrap clr"><iframe title="VÍDEO 0012 EDUCAÇÃO INFANTIL" width="1200" height="675" src="https://www.youtube.com/embed/nkVvZAmmo-I?feature=oembed" frameborder="0" allow="accelerometer; autoplay; clipboard-write; encrypted-media; gyroscope; picture-in-picture" allowfullscreen></iframe></p>
</div></figure>



<figure class="wp-block-embed aligncenter is-type-video is-provider-youtube wp-block-embed-youtube wp-embed-aspect-16-9 wp-has-aspect-ratio"><div class="wp-block-embed__wrapper">
<p class="responsive-video-wrap clr"><iframe title="VÍDEO 011 EDUCAÇÃO INFANTIL" width="1200" height="675" src="https://www.youtube.com/embed/85o6_BjPFkU?feature=oembed" frameborder="0" allow="accelerometer; autoplay; clipboard-write; encrypted-media; gyroscope; picture-in-picture" allowfullscreen></iframe></p>
</div></figure>



<figure class="wp-block-table is-style-stripes"><table><tbody><tr><td>Proponentes/Curadoria</td><td>NEC</td></tr><tr><td>Professora convidada</td><td>Débora Machado</td></tr></tbody></table><figcaption>Educação Infantil &#8211; bebês</figcaption></figure>
