{"id":128368,"date":"2021-06-14T11:02:59","date_gmt":"2021-06-14T14:02:59","guid":{"rendered":"https:\/\/sme.goiania.go.gov.br\/conexaoescola\/?post_type=educacao_infantil&#038;p=128368"},"modified":"2021-06-14T14:36:20","modified_gmt":"2021-06-14T17:36:20","slug":"vem-vamos-dancar-catira","status":"publish","type":"educacao_infantil","link":"https:\/\/sme.goiania.go.gov.br\/conexaoescola\/educacao_infantil\/vem-vamos-dancar-catira\/","title":{"rendered":"Vem, vamos dan\u00e7ar catira!"},"content":{"rendered":"\n<div class=\"wp-block-image is-style-rounded\"><figure class=\"aligncenter size-large is-resized\"><img fetchpriority=\"high\" decoding=\"async\" src=\"https:\/\/sme.goiania.go.gov.br\/conexaoescola\/wp-content\/uploads\/2021\/06\/boy-838247_1920-e1623334269846-683x1024.jpg\" alt=\"\" class=\"wp-image-128369\" width=\"502\" height=\"753\" srcset=\"https:\/\/sme.goiania.go.gov.br\/conexaoescola\/wp-content\/uploads\/2021\/06\/boy-838247_1920-e1623334269846-683x1024.jpg 683w, https:\/\/sme.goiania.go.gov.br\/conexaoescola\/wp-content\/uploads\/2021\/06\/boy-838247_1920-e1623334269846-200x300.jpg 200w, https:\/\/sme.goiania.go.gov.br\/conexaoescola\/wp-content\/uploads\/2021\/06\/boy-838247_1920-e1623334269846-768x1152.jpg 768w, https:\/\/sme.goiania.go.gov.br\/conexaoescola\/wp-content\/uploads\/2021\/06\/boy-838247_1920-e1623334269846-1024x1536.jpg 1024w, https:\/\/sme.goiania.go.gov.br\/conexaoescola\/wp-content\/uploads\/2021\/06\/boy-838247_1920-e1623334269846.jpg 1280w\" sizes=\"(max-width: 502px) 100vw, 502px\" \/><figcaption>Fonte: Pixabay<\/figcaption><\/figure><\/div>\n\n\n\n<p class=\"has-drop-cap has-text-align-center has-text-color has-background has-medium-font-size\" style=\"background-color:#fad366;color:#02090c\"><strong>A <span class=\"has-inline-color has-vivid-red-color\">dan\u00e7a<\/span>\u00a0\u00e9 uma das formas de express\u00e3o e comunica\u00e7\u00e3o humana que envolve o pensamento e o sentimento do corpo. Uma manifesta\u00e7\u00e3o individual e coletiva considerada universo de\u00a0<span class=\"has-inline-color has-vivid-red-color\">cria\u00e7\u00e3o<\/span>,\u00a0<span class=\"has-inline-color has-vivid-red-color\">imagina\u00e7\u00e3o<\/span>\u00a0e\u00a0<span class=\"has-inline-color has-vivid-red-color\">express\u00e3o<\/span>!<\/strong><\/p>\n\n\n\n<p class=\"has-text-align-center has-text-color has-background has-medium-font-size\" style=\"background-color:#bcfebb;color:#010709\"><strong> \u00c9 importante que desde muito pequenas&nbsp;as crian\u00e7as<span class=\"has-inline-color has-vivid-red-color\">&nbsp;conhe\u00e7am, participem e convivam<\/span> com as diferentes manifesta\u00e7\u00f5es art\u00edsticas e culturais de sua comunidade e tamb\u00e9m de outras culturas \u2014 experi\u00eancias que podem ser vividas por meio da artes pl\u00e1sticas, da m\u00fasica, do teatro,&nbsp;da <span class=\"has-inline-color has-vivid-red-color\">dan\u00e7a<\/span>&nbsp;e das festas populares.<\/strong><\/p>\n\n\n\n<p class=\"has-text-align-center has-text-color has-background has-medium-font-size\" style=\"background-color:#f3bb93;color:#010e13\"><strong>Uma <span class=\"has-inline-color has-vivid-red-color\">dan\u00e7a<\/span> bastante conhecida da&nbsp;<span class=\"has-inline-color has-vivid-red-color\">cultura goiana<\/span>&nbsp;\u00e9 a&nbsp;<em><span class=\"has-inline-color has-vivid-red-color\">catira<\/span><\/em>&nbsp;que une o ritmo do sapateado sincronizado, marcado por palmas e dan\u00e7ada ao som dos violeiros.<\/strong>&nbsp;<strong>O&nbsp;<span class=\"has-inline-color has-vivid-red-color\">professor Eurim Pablo<\/span>&nbsp;<strong>da&nbsp;Secretaria Municipal de Educa\u00e7\u00e3o de Goi\u00e2nia<\/strong>&nbsp;gravou um v\u00eddeo para falar um pouco sobre&nbsp;a import\u00e2ncia da dan\u00e7a dentro da cultura Goiana, especialmente a <span class=\"has-inline-color has-vivid-red-color\">catira<\/span>. Ao final do v\u00eddeo ele ensina os principais passos dessa dan\u00e7a e nos faz um <span class=\"has-inline-color has-vivid-red-color\">convite todo especial<\/span>!<\/strong><\/p>\n\n\n\n<div class=\"wp-block-image is-style-default\"><figure class=\"aligncenter size-large is-resized\"><img decoding=\"async\" src=\"https:\/\/sme.goiania.go.gov.br\/conexaoescola\/wp-content\/uploads\/2021\/06\/WhatsApp-Image-2021-02-02-at-13.27.07-e1623278362176.jpeg\" alt=\"\" class=\"wp-image-128350\" width=\"587\" height=\"376\" srcset=\"https:\/\/sme.goiania.go.gov.br\/conexaoescola\/wp-content\/uploads\/2021\/06\/WhatsApp-Image-2021-02-02-at-13.27.07-e1623278362176.jpeg 1024w, https:\/\/sme.goiania.go.gov.br\/conexaoescola\/wp-content\/uploads\/2021\/06\/WhatsApp-Image-2021-02-02-at-13.27.07-e1623278362176-300x192.jpeg 300w, https:\/\/sme.goiania.go.gov.br\/conexaoescola\/wp-content\/uploads\/2021\/06\/WhatsApp-Image-2021-02-02-at-13.27.07-e1623278362176-768x492.jpeg 768w\" sizes=\"(max-width: 587px) 100vw, 587px\" \/><figcaption>Imagem: Eurim Pablo<\/figcaption><\/figure><\/div>\n\n\n\n<p class=\"has-text-align-center has-text-color has-background has-medium-font-size\" style=\"background-color:#e052d9;color:#020406\"><strong>Vamos assistir e dan\u00e7ar em fam\u00edlia?<\/strong><\/p>\n\n\n\n<figure class=\"wp-block-embed is-type-video is-provider-youtube wp-block-embed-youtube wp-embed-aspect-16-9 wp-has-aspect-ratio\"><div class=\"wp-block-embed__wrapper\">\n<p class=\"responsive-video-wrap clr\"><iframe title=\"Prof  Eurim   Catira SME\" width=\"1200\" height=\"675\" src=\"https:\/\/www.youtube.com\/embed\/pxTxfoASqZg?feature=oembed\" frameborder=\"0\" allow=\"accelerometer; autoplay; clipboard-write; encrypted-media; gyroscope; picture-in-picture\" allowfullscreen><\/iframe><\/p>\n<\/div><figcaption>Dispon\u00edvel em: Canal do Youtube Conex\u00e3o Escola<br><\/figcaption><\/figure>\n\n\n\n<p class=\"has-text-align-center has-luminous-vivid-amber-background-color has-text-color has-background has-medium-font-size\" style=\"color:#020709\"><strong>Que tal seguir a dica do <span class=\"has-inline-color has-vivid-red-color\">professor Eurim<\/span>? Convide a sua crian\u00e7a&nbsp;para&nbsp;<span class=\"has-inline-color has-vivid-red-color\">apreciar e dan\u00e7ar&nbsp;<\/span>junto com voc\u00ea a&nbsp;<span class=\"has-inline-color has-vivid-red-color\">Catira do Passarinho&nbsp;<\/span>produ\u00e7\u00e3o da&nbsp;<span class=\"has-inline-color has-vivid-red-color\">Companhia Cultural Bola de Meia&nbsp;<\/span>de autoria de Selso Pan e Jacqueline Baumgratz.&nbsp;Aproveitem esse momento&nbsp;para dan\u00e7ar juntos!<\/strong><\/p>\n\n\n\n<figure class=\"wp-block-embed is-type-video is-provider-youtube wp-block-embed-youtube wp-embed-aspect-16-9 wp-has-aspect-ratio\"><div class=\"wp-block-embed__wrapper\">\n<p class=\"responsive-video-wrap clr\"><iframe title=\"Catira do Passarinho - Autoria: Celso Pan e Jacqueline Baumgratz\" width=\"1200\" height=\"675\" src=\"https:\/\/www.youtube.com\/embed\/vh8UCYdUSHs?feature=oembed\" frameborder=\"0\" allow=\"accelerometer; autoplay; clipboard-write; encrypted-media; gyroscope; picture-in-picture\" allowfullscreen><\/iframe><\/p>\n<\/div><figcaption>Dispon\u00edvel em: Canal do Youtube Cia Bola de Meia<br><\/figcaption><\/figure>\n\n\n\n<figure class=\"wp-block-table is-style-stripes\"><table><tbody><tr><td>Proponentes\/Curadoria<\/td><td>NEC<\/td><\/tr><tr><td>Professor convidado<\/td><td>Eurim Pablo<\/td><\/tr><tr><td>Parceiros<\/td><td>Cia Cultural Bola de Meia<\/td><\/tr><\/tbody><\/table><figcaption>Educa\u00e7\u00e3o Infantil &#8211; Crian\u00e7as bem pequenas <\/figcaption><\/figure>\n","protected":false},"author":15,"featured_media":128369,"template":"","ei_categoria":[11],"class_list":["post-128368","educacao_infantil","type-educacao_infantil","status-publish","has-post-thumbnail","hentry","ei_categoria-criancas-bem-pequenas","entry","has-media"],"acf":[],"_links":{"self":[{"href":"https:\/\/sme.goiania.go.gov.br\/conexaoescola\/wp-json\/wp\/v2\/educacao_infantil\/128368","targetHints":{"allow":["GET"]}}],"collection":[{"href":"https:\/\/sme.goiania.go.gov.br\/conexaoescola\/wp-json\/wp\/v2\/educacao_infantil"}],"about":[{"href":"https:\/\/sme.goiania.go.gov.br\/conexaoescola\/wp-json\/wp\/v2\/types\/educacao_infantil"}],"author":[{"embeddable":true,"href":"https:\/\/sme.goiania.go.gov.br\/conexaoescola\/wp-json\/wp\/v2\/users\/15"}],"wp:featuredmedia":[{"embeddable":true,"href":"https:\/\/sme.goiania.go.gov.br\/conexaoescola\/wp-json\/wp\/v2\/media\/128369"}],"wp:attachment":[{"href":"https:\/\/sme.goiania.go.gov.br\/conexaoescola\/wp-json\/wp\/v2\/media?parent=128368"}],"wp:term":[{"taxonomy":"ei_categoria","embeddable":true,"href":"https:\/\/sme.goiania.go.gov.br\/conexaoescola\/wp-json\/wp\/v2\/ei_categoria?post=128368"}],"curies":[{"name":"wp","href":"https:\/\/api.w.org\/{rel}","templated":true}]}}

Vem, vamos dançar catira!

<div class="wp-block-image is-style-rounded"><figure class="aligncenter size-large is-resized"><img fetchpriority="high" decoding="async" src="https://sme.goiania.go.gov.br/conexaoescola/wp-content/uploads/2021/06/boy-838247_1920-e1623334269846-683x1024.jpg" alt="" class="wp-image-128369" width="502" height="753" srcset="https://sme.goiania.go.gov.br/conexaoescola/wp-content/uploads/2021/06/boy-838247_1920-e1623334269846-683x1024.jpg 683w, https://sme.goiania.go.gov.br/conexaoescola/wp-content/uploads/2021/06/boy-838247_1920-e1623334269846-200x300.jpg 200w, https://sme.goiania.go.gov.br/conexaoescola/wp-content/uploads/2021/06/boy-838247_1920-e1623334269846-768x1152.jpg 768w, https://sme.goiania.go.gov.br/conexaoescola/wp-content/uploads/2021/06/boy-838247_1920-e1623334269846-1024x1536.jpg 1024w, https://sme.goiania.go.gov.br/conexaoescola/wp-content/uploads/2021/06/boy-838247_1920-e1623334269846.jpg 1280w" sizes="(max-width: 502px) 100vw, 502px" /><figcaption>Fonte: Pixabay</figcaption></figure></div>



<p class="has-drop-cap has-text-align-center has-text-color has-background has-medium-font-size" style="background-color:#fad366;color:#02090c"><strong>A <span class="has-inline-color has-vivid-red-color">dança</span> é uma das formas de expressão e comunicação humana que envolve o pensamento e o sentimento do corpo. Uma manifestação individual e coletiva considerada universo de <span class="has-inline-color has-vivid-red-color">criação</span>, <span class="has-inline-color has-vivid-red-color">imaginação</span> e <span class="has-inline-color has-vivid-red-color">expressão</span>!</strong></p>



<p class="has-text-align-center has-text-color has-background has-medium-font-size" style="background-color:#bcfebb;color:#010709"><strong> É importante que desde muito pequenas&nbsp;as crianças<span class="has-inline-color has-vivid-red-color">&nbsp;conheçam, participem e convivam</span> com as diferentes manifestações artísticas e culturais de sua comunidade e também de outras culturas — experiências que podem ser vividas por meio da artes plásticas, da música, do teatro,&nbsp;da <span class="has-inline-color has-vivid-red-color">dança</span>&nbsp;e das festas populares.</strong></p>



<p class="has-text-align-center has-text-color has-background has-medium-font-size" style="background-color:#f3bb93;color:#010e13"><strong>Uma <span class="has-inline-color has-vivid-red-color">dança</span> bastante conhecida da&nbsp;<span class="has-inline-color has-vivid-red-color">cultura goiana</span>&nbsp;é a&nbsp;<em><span class="has-inline-color has-vivid-red-color">catira</span></em>&nbsp;que une o ritmo do sapateado sincronizado, marcado por palmas e dançada ao som dos violeiros.</strong>&nbsp;<strong>O&nbsp;<span class="has-inline-color has-vivid-red-color">professor Eurim Pablo</span>&nbsp;<strong>da&nbsp;Secretaria Municipal de Educação de Goiânia</strong>&nbsp;gravou um vídeo para falar um pouco sobre&nbsp;a importância da dança dentro da cultura Goiana, especialmente a <span class="has-inline-color has-vivid-red-color">catira</span>. Ao final do vídeo ele ensina os principais passos dessa dança e nos faz um <span class="has-inline-color has-vivid-red-color">convite todo especial</span>!</strong></p>



<div class="wp-block-image is-style-default"><figure class="aligncenter size-large is-resized"><img decoding="async" src="https://sme.goiania.go.gov.br/conexaoescola/wp-content/uploads/2021/06/WhatsApp-Image-2021-02-02-at-13.27.07-e1623278362176.jpeg" alt="" class="wp-image-128350" width="587" height="376" srcset="https://sme.goiania.go.gov.br/conexaoescola/wp-content/uploads/2021/06/WhatsApp-Image-2021-02-02-at-13.27.07-e1623278362176.jpeg 1024w, https://sme.goiania.go.gov.br/conexaoescola/wp-content/uploads/2021/06/WhatsApp-Image-2021-02-02-at-13.27.07-e1623278362176-300x192.jpeg 300w, https://sme.goiania.go.gov.br/conexaoescola/wp-content/uploads/2021/06/WhatsApp-Image-2021-02-02-at-13.27.07-e1623278362176-768x492.jpeg 768w" sizes="(max-width: 587px) 100vw, 587px" /><figcaption>Imagem: Eurim Pablo</figcaption></figure></div>



<p class="has-text-align-center has-text-color has-background has-medium-font-size" style="background-color:#e052d9;color:#020406"><strong>Vamos assistir e dançar em família?</strong></p>



<figure class="wp-block-embed is-type-video is-provider-youtube wp-block-embed-youtube wp-embed-aspect-16-9 wp-has-aspect-ratio"><div class="wp-block-embed__wrapper">
<p class="responsive-video-wrap clr"><iframe title="Prof  Eurim   Catira SME" width="1200" height="675" src="https://www.youtube.com/embed/pxTxfoASqZg?feature=oembed" frameborder="0" allow="accelerometer; autoplay; clipboard-write; encrypted-media; gyroscope; picture-in-picture" allowfullscreen></iframe></p>
</div><figcaption>Disponível em: Canal do Youtube Conexão Escola<br></figcaption></figure>



<p class="has-text-align-center has-luminous-vivid-amber-background-color has-text-color has-background has-medium-font-size" style="color:#020709"><strong>Que tal seguir a dica do <span class="has-inline-color has-vivid-red-color">professor Eurim</span>? Convide a sua criança&nbsp;para&nbsp;<span class="has-inline-color has-vivid-red-color">apreciar e dançar&nbsp;</span>junto com você a&nbsp;<span class="has-inline-color has-vivid-red-color">Catira do Passarinho&nbsp;</span>produção da&nbsp;<span class="has-inline-color has-vivid-red-color">Companhia Cultural Bola de Meia&nbsp;</span>de autoria de Selso Pan e Jacqueline Baumgratz.&nbsp;Aproveitem esse momento&nbsp;para dançar juntos!</strong></p>



<figure class="wp-block-embed is-type-video is-provider-youtube wp-block-embed-youtube wp-embed-aspect-16-9 wp-has-aspect-ratio"><div class="wp-block-embed__wrapper">
<p class="responsive-video-wrap clr"><iframe title="Catira do Passarinho - Autoria: Celso Pan e Jacqueline Baumgratz" width="1200" height="675" src="https://www.youtube.com/embed/vh8UCYdUSHs?feature=oembed" frameborder="0" allow="accelerometer; autoplay; clipboard-write; encrypted-media; gyroscope; picture-in-picture" allowfullscreen></iframe></p>
</div><figcaption>Disponível em: Canal do Youtube Cia Bola de Meia<br></figcaption></figure>



<figure class="wp-block-table is-style-stripes"><table><tbody><tr><td>Proponentes/Curadoria</td><td>NEC</td></tr><tr><td>Professor convidado</td><td>Eurim Pablo</td></tr><tr><td>Parceiros</td><td>Cia Cultural Bola de Meia</td></tr></tbody></table><figcaption>Educação Infantil &#8211; Crianças bem pequenas </figcaption></figure>
