{"id":128246,"date":"2021-06-07T12:32:25","date_gmt":"2021-06-07T15:32:25","guid":{"rendered":"https:\/\/sme.goiania.go.gov.br\/conexaoescola\/?post_type=educacao_infantil&#038;p=128246"},"modified":"2021-06-07T13:05:01","modified_gmt":"2021-06-07T16:05:01","slug":"vem-brincar-com-o-grupo-taquita","status":"publish","type":"educacao_infantil","link":"https:\/\/sme.goiania.go.gov.br\/conexaoescola\/educacao_infantil\/vem-brincar-com-o-grupo-taquita\/","title":{"rendered":"Vem brincar com o grupo Taquit\u00e1!"},"content":{"rendered":"\n<div class=\"wp-block-image is-style-rounded\"><figure class=\"aligncenter size-large\"><img fetchpriority=\"high\" decoding=\"async\" width=\"1024\" height=\"683\" src=\"https:\/\/sme.goiania.go.gov.br\/conexaoescola\/wp-content\/uploads\/2021\/06\/WhatsApp-Image-2021-06-05-at-16.43.19-1-e1622922435565-1024x683.jpeg\" alt=\"\" class=\"wp-image-128270\" srcset=\"https:\/\/sme.goiania.go.gov.br\/conexaoescola\/wp-content\/uploads\/2021\/06\/WhatsApp-Image-2021-06-05-at-16.43.19-1-e1622922435565-1024x683.jpeg 1024w, https:\/\/sme.goiania.go.gov.br\/conexaoescola\/wp-content\/uploads\/2021\/06\/WhatsApp-Image-2021-06-05-at-16.43.19-1-e1622922435565-300x200.jpeg 300w, https:\/\/sme.goiania.go.gov.br\/conexaoescola\/wp-content\/uploads\/2021\/06\/WhatsApp-Image-2021-06-05-at-16.43.19-1-e1622922435565-768x512.jpeg 768w, https:\/\/sme.goiania.go.gov.br\/conexaoescola\/wp-content\/uploads\/2021\/06\/WhatsApp-Image-2021-06-05-at-16.43.19-1-e1622922435565.jpeg 1080w\" sizes=\"(max-width: 1024px) 100vw, 1024px\" \/><figcaption>Foto: Grupo Taquit\u00e1<\/figcaption><\/figure><\/div>\n\n\n\n<p class=\"has-drop-cap has-text-align-center has-black-color has-text-color has-background has-medium-font-size\" style=\"background-color:#fdaf78\"><strong>Conhecer o mundo a sua volta e tudo que nele h\u00e1 <span class=\"has-inline-color has-vivid-red-color\">\u00e9 um direito de toda crian\u00e7a<\/span>,  viver experi\u00eancias com a m\u00fasica, com a dan\u00e7a e com as <strong>mais diversas <span class=\"has-inline-color has-vivid-red-color\">manifesta\u00e7\u00f5es art\u00edsticas e culturais<\/span> (locais e universais)<\/strong> \u00e9 uma maneira de proporcionar a crian\u00e7a a <span class=\"has-inline-color has-vivid-red-color\">amplia\u00e7\u00e3o do seu repert\u00f3rio cultural<\/span>. <\/strong><\/p>\n\n\n\n<p class=\"has-text-align-center has-black-color has-text-color has-background has-medium-font-size\" style=\"background-color:#cbe0ee\"><strong> <strong>Uma forma de ampliar esse repert\u00f3rio&nbsp;\u00e9&nbsp;oportunizar&nbsp;as crian\u00e7as desde beb\u00eas&nbsp;<span class=\"has-inline-color has-vivid-red-color\">o contato com diferentes artistas e bandas musicais<\/span>,&nbsp;como por exemplo, o grupo <span class=\"has-inline-color has-vivid-red-color\">Taquit\u00e1&nbsp;<\/span><span class=\"has-inline-color has-black-color\">formado pelos artistas <\/span><span class=\"has-inline-color has-vivid-red-color\">J\u00e9ssica Ini e Z\u00e9 Junqueira<\/span><\/strong>,&nbsp;<strong>os dois adoram produzir diferentes m\u00fasicas e brincadeiras para crian\u00e7as de todas as idades<\/strong><\/strong>!<\/p>\n\n\n\n<p class=\"has-text-align-center has-black-color has-text-color has-background has-medium-font-size\" style=\"background-color:#6a76fb\"><strong>Quer conhecer melhor o<span class=\"has-inline-color has-vivid-red-color\"> Grupo Taquit\u00e1?<\/span> Assista o recadinho que eles gravaram  para as <span class=\"has-inline-color has-vivid-red-color\">crian\u00e7as e fam\u00edlias<\/span> da Secretaria Municipal de Educa\u00e7\u00e3o de Goi\u00e2nia. <\/strong><\/p>\n\n\n\n<p class=\"has-text-align-center has-black-color has-text-color has-background has-medium-font-size\" style=\"background-color:#f36767\"><strong>Clique na imagem abaixo e confira! <\/strong><\/p>\n\n\n\n<figure class=\"wp-block-embed is-type-video is-provider-youtube wp-block-embed-youtube wp-embed-aspect-16-9 wp-has-aspect-ratio\"><div class=\"wp-block-embed__wrapper\">\n<p class=\"responsive-video-wrap clr\"><iframe title=\"Grupo Taquit\u00e1 - Educa\u00e7\u00e3o Infantil Rede Municipal de Educa\u00e7\u00e3o de Goi\u00e2nia\" width=\"1200\" height=\"675\" src=\"https:\/\/www.youtube.com\/embed\/9Z0l2_5SAWo?feature=oembed\" frameborder=\"0\" allow=\"accelerometer; autoplay; clipboard-write; encrypted-media; gyroscope; picture-in-picture\" allowfullscreen><\/iframe><\/p>\n<\/div><\/figure>\n\n\n\n<p class=\"has-text-align-center has-black-color has-text-color has-background has-medium-font-size\" style=\"background-color:#ffd563\"><strong><span class=\"has-inline-color has-black-color\"> Convide o seu beb\u00ea para cantar, dan\u00e7ar e brincar com o<\/span><span class=\"has-inline-color has-vivid-red-color\"> Grupo Taquit\u00e1! <\/span><\/strong><\/p>\n\n\n\n<p class=\"has-text-align-center has-black-color has-text-color has-background has-medium-font-size\" style=\"background-color:#ff9040\"><strong><span class=\"has-inline-color has-black-color\">Aproveite esse tempo junto com sua crian\u00e7a!&nbsp;<\/span>Para come\u00e7ar basta clicar nas imagens abaixo!<\/strong><\/p>\n\n\n\n<figure class=\"wp-block-embed is-type-video is-provider-youtube wp-block-embed-youtube wp-embed-aspect-16-9 wp-has-aspect-ratio\"><div class=\"wp-block-embed__wrapper\">\n<p class=\"responsive-video-wrap clr\"><iframe title=\"O Elefante e a Formiguinha - Grupo Taquit\u00e1\" width=\"1200\" height=\"675\" src=\"https:\/\/www.youtube.com\/embed\/wdxy_6mlp_A?feature=oembed\" frameborder=\"0\" allow=\"accelerometer; autoplay; clipboard-write; encrypted-media; gyroscope; picture-in-picture\" allowfullscreen><\/iframe><\/p>\n<\/div><\/figure>\n\n\n\n<figure class=\"wp-block-embed is-type-video is-provider-youtube wp-block-embed-youtube wp-embed-aspect-16-9 wp-has-aspect-ratio\"><div class=\"wp-block-embed__wrapper\">\n<p class=\"responsive-video-wrap clr\"><iframe title=\"Dentro e Fora - Grupo Taquit\u00e1\" width=\"1200\" height=\"675\" src=\"https:\/\/www.youtube.com\/embed\/qmdUchZVamY?feature=oembed\" frameborder=\"0\" allow=\"accelerometer; autoplay; clipboard-write; encrypted-media; gyroscope; picture-in-picture\" allowfullscreen><\/iframe><\/p>\n<\/div><\/figure>\n\n\n\n<figure class=\"wp-block-embed is-type-video is-provider-youtube wp-block-embed-youtube wp-embed-aspect-16-9 wp-has-aspect-ratio\"><div class=\"wp-block-embed__wrapper\">\n<p class=\"responsive-video-wrap clr\"><iframe title=\"Grupo Taquita\u0301 - Bolinha, bolinha, oi!\" width=\"1200\" height=\"675\" src=\"https:\/\/www.youtube.com\/embed\/o7OdptnNOYE?feature=oembed\" frameborder=\"0\" allow=\"accelerometer; autoplay; clipboard-write; encrypted-media; gyroscope; picture-in-picture\" allowfullscreen><\/iframe><\/p>\n<\/div><\/figure>\n\n\n\n<figure class=\"wp-block-table is-style-stripes\"><table><tbody><tr><td>Proponentes\/Curadoria<\/td><td>NEC<\/td><\/tr><tr><td>Parceiros convidados<\/td><td>Grupo Taquit\u00e1<\/td><\/tr><\/tbody><\/table><figcaption>Educa\u00e7\u00e3o Infantil &#8211; Beb\u00eas <\/figcaption><\/figure>\n","protected":false},"author":16,"featured_media":128270,"template":"","ei_categoria":[10],"class_list":["post-128246","educacao_infantil","type-educacao_infantil","status-publish","has-post-thumbnail","hentry","ei_categoria-bebes","entry","has-media"],"acf":[],"_links":{"self":[{"href":"https:\/\/sme.goiania.go.gov.br\/conexaoescola\/wp-json\/wp\/v2\/educacao_infantil\/128246","targetHints":{"allow":["GET"]}}],"collection":[{"href":"https:\/\/sme.goiania.go.gov.br\/conexaoescola\/wp-json\/wp\/v2\/educacao_infantil"}],"about":[{"href":"https:\/\/sme.goiania.go.gov.br\/conexaoescola\/wp-json\/wp\/v2\/types\/educacao_infantil"}],"author":[{"embeddable":true,"href":"https:\/\/sme.goiania.go.gov.br\/conexaoescola\/wp-json\/wp\/v2\/users\/16"}],"wp:featuredmedia":[{"embeddable":true,"href":"https:\/\/sme.goiania.go.gov.br\/conexaoescola\/wp-json\/wp\/v2\/media\/128270"}],"wp:attachment":[{"href":"https:\/\/sme.goiania.go.gov.br\/conexaoescola\/wp-json\/wp\/v2\/media?parent=128246"}],"wp:term":[{"taxonomy":"ei_categoria","embeddable":true,"href":"https:\/\/sme.goiania.go.gov.br\/conexaoescola\/wp-json\/wp\/v2\/ei_categoria?post=128246"}],"curies":[{"name":"wp","href":"https:\/\/api.w.org\/{rel}","templated":true}]}}

Vem brincar com o grupo Taquitá!

<div class="wp-block-image is-style-rounded"><figure class="aligncenter size-large"><img fetchpriority="high" decoding="async" width="1024" height="683" src="https://sme.goiania.go.gov.br/conexaoescola/wp-content/uploads/2021/06/WhatsApp-Image-2021-06-05-at-16.43.19-1-e1622922435565-1024x683.jpeg" alt="" class="wp-image-128270" srcset="https://sme.goiania.go.gov.br/conexaoescola/wp-content/uploads/2021/06/WhatsApp-Image-2021-06-05-at-16.43.19-1-e1622922435565-1024x683.jpeg 1024w, https://sme.goiania.go.gov.br/conexaoescola/wp-content/uploads/2021/06/WhatsApp-Image-2021-06-05-at-16.43.19-1-e1622922435565-300x200.jpeg 300w, https://sme.goiania.go.gov.br/conexaoescola/wp-content/uploads/2021/06/WhatsApp-Image-2021-06-05-at-16.43.19-1-e1622922435565-768x512.jpeg 768w, https://sme.goiania.go.gov.br/conexaoescola/wp-content/uploads/2021/06/WhatsApp-Image-2021-06-05-at-16.43.19-1-e1622922435565.jpeg 1080w" sizes="(max-width: 1024px) 100vw, 1024px" /><figcaption>Foto: Grupo Taquitá</figcaption></figure></div>



<p class="has-drop-cap has-text-align-center has-black-color has-text-color has-background has-medium-font-size" style="background-color:#fdaf78"><strong>Conhecer o mundo a sua volta e tudo que nele há <span class="has-inline-color has-vivid-red-color">é um direito de toda criança</span>,  viver experiências com a música, com a dança e com as <strong>mais diversas <span class="has-inline-color has-vivid-red-color">manifestações artísticas e culturais</span> (locais e universais)</strong> é uma maneira de proporcionar a criança a <span class="has-inline-color has-vivid-red-color">ampliação do seu repertório cultural</span>. </strong></p>



<p class="has-text-align-center has-black-color has-text-color has-background has-medium-font-size" style="background-color:#cbe0ee"><strong> <strong>Uma forma de ampliar esse repertório&nbsp;é&nbsp;oportunizar&nbsp;as crianças desde bebês&nbsp;<span class="has-inline-color has-vivid-red-color">o contato com diferentes artistas e bandas musicais</span>,&nbsp;como por exemplo, o grupo <span class="has-inline-color has-vivid-red-color">Taquitá&nbsp;</span><span class="has-inline-color has-black-color">formado pelos artistas </span><span class="has-inline-color has-vivid-red-color">Jéssica Ini e Zé Junqueira</span></strong>,&nbsp;<strong>os dois adoram produzir diferentes músicas e brincadeiras para crianças de todas as idades</strong></strong>!</p>



<p class="has-text-align-center has-black-color has-text-color has-background has-medium-font-size" style="background-color:#6a76fb"><strong>Quer conhecer melhor o<span class="has-inline-color has-vivid-red-color"> Grupo Taquitá?</span> Assista o recadinho que eles gravaram  para as <span class="has-inline-color has-vivid-red-color">crianças e famílias</span> da Secretaria Municipal de Educação de Goiânia. </strong></p>



<p class="has-text-align-center has-black-color has-text-color has-background has-medium-font-size" style="background-color:#f36767"><strong>Clique na imagem abaixo e confira! </strong></p>



<figure class="wp-block-embed is-type-video is-provider-youtube wp-block-embed-youtube wp-embed-aspect-16-9 wp-has-aspect-ratio"><div class="wp-block-embed__wrapper">
<p class="responsive-video-wrap clr"><iframe title="Grupo Taquitá - Educação Infantil Rede Municipal de Educação de Goiânia" width="1200" height="675" src="https://www.youtube.com/embed/9Z0l2_5SAWo?feature=oembed" frameborder="0" allow="accelerometer; autoplay; clipboard-write; encrypted-media; gyroscope; picture-in-picture" allowfullscreen></iframe></p>
</div></figure>



<p class="has-text-align-center has-black-color has-text-color has-background has-medium-font-size" style="background-color:#ffd563"><strong><span class="has-inline-color has-black-color"> Convide o seu bebê para cantar, dançar e brincar com o</span><span class="has-inline-color has-vivid-red-color"> Grupo Taquitá! </span></strong></p>



<p class="has-text-align-center has-black-color has-text-color has-background has-medium-font-size" style="background-color:#ff9040"><strong><span class="has-inline-color has-black-color">Aproveite esse tempo junto com sua criança!&nbsp;</span>Para começar basta clicar nas imagens abaixo!</strong></p>



<figure class="wp-block-embed is-type-video is-provider-youtube wp-block-embed-youtube wp-embed-aspect-16-9 wp-has-aspect-ratio"><div class="wp-block-embed__wrapper">
<p class="responsive-video-wrap clr"><iframe title="O Elefante e a Formiguinha - Grupo Taquitá" width="1200" height="675" src="https://www.youtube.com/embed/wdxy_6mlp_A?feature=oembed" frameborder="0" allow="accelerometer; autoplay; clipboard-write; encrypted-media; gyroscope; picture-in-picture" allowfullscreen></iframe></p>
</div></figure>



<figure class="wp-block-embed is-type-video is-provider-youtube wp-block-embed-youtube wp-embed-aspect-16-9 wp-has-aspect-ratio"><div class="wp-block-embed__wrapper">
<p class="responsive-video-wrap clr"><iframe title="Dentro e Fora - Grupo Taquitá" width="1200" height="675" src="https://www.youtube.com/embed/qmdUchZVamY?feature=oembed" frameborder="0" allow="accelerometer; autoplay; clipboard-write; encrypted-media; gyroscope; picture-in-picture" allowfullscreen></iframe></p>
</div></figure>



<figure class="wp-block-embed is-type-video is-provider-youtube wp-block-embed-youtube wp-embed-aspect-16-9 wp-has-aspect-ratio"><div class="wp-block-embed__wrapper">
<p class="responsive-video-wrap clr"><iframe title="Grupo Taquitá - Bolinha, bolinha, oi!" width="1200" height="675" src="https://www.youtube.com/embed/o7OdptnNOYE?feature=oembed" frameborder="0" allow="accelerometer; autoplay; clipboard-write; encrypted-media; gyroscope; picture-in-picture" allowfullscreen></iframe></p>
</div></figure>



<figure class="wp-block-table is-style-stripes"><table><tbody><tr><td>Proponentes/Curadoria</td><td>NEC</td></tr><tr><td>Parceiros convidados</td><td>Grupo Taquitá</td></tr></tbody></table><figcaption>Educação Infantil &#8211; Bebês </figcaption></figure>
