{"id":128106,"date":"2021-05-31T12:00:29","date_gmt":"2021-05-31T15:00:29","guid":{"rendered":"https:\/\/sme.goiania.go.gov.br\/conexaoescola\/?post_type=educacao_infantil&#038;p=128106"},"modified":"2021-06-16T11:03:46","modified_gmt":"2021-06-16T14:03:46","slug":"vamos-explorar-o-universo","status":"publish","type":"educacao_infantil","link":"https:\/\/sme.goiania.go.gov.br\/conexaoescola\/educacao_infantil\/vamos-explorar-o-universo\/","title":{"rendered":"Vamos explorar o universo?"},"content":{"rendered":"\n<div class=\"wp-block-image is-style-rounded\"><figure class=\"aligncenter size-large is-resized\"><img fetchpriority=\"high\" decoding=\"async\" src=\"https:\/\/sme.goiania.go.gov.br\/conexaoescola\/wp-content\/uploads\/2021\/05\/sombrinhas-imagem-1-1024x532.jpg\" alt=\"\" class=\"wp-image-128113\" width=\"871\" height=\"452\" srcset=\"https:\/\/sme.goiania.go.gov.br\/conexaoescola\/wp-content\/uploads\/2021\/05\/sombrinhas-imagem-1-1024x532.jpg 1024w, https:\/\/sme.goiania.go.gov.br\/conexaoescola\/wp-content\/uploads\/2021\/05\/sombrinhas-imagem-1-300x156.jpg 300w, https:\/\/sme.goiania.go.gov.br\/conexaoescola\/wp-content\/uploads\/2021\/05\/sombrinhas-imagem-1-768x399.jpg 768w, https:\/\/sme.goiania.go.gov.br\/conexaoescola\/wp-content\/uploads\/2021\/05\/sombrinhas-imagem-1-1536x798.jpg 1536w, https:\/\/sme.goiania.go.gov.br\/conexaoescola\/wp-content\/uploads\/2021\/05\/sombrinhas-imagem-1-2048x1064.jpg 2048w\" sizes=\"(max-width: 871px) 100vw, 871px\" \/><figcaption>Fonte: Livro Sombrinhas &#8211; Jean Galv\u00e3o<\/figcaption><\/figure><\/div>\n\n\n\n<p class=\"has-drop-cap has-text-align-center has-black-color has-text-color has-background\" style=\"background-color:#f8e7b6;font-size:19px\"><strong>A crian\u00e7a precisa ser incentivada a<span class=\"has-inline-color has-vivid-red-color\"> explorar<\/span> desde beb\u00ea o que est\u00e1 a sua volta, a <span class=\"has-inline-color has-vivid-red-color\">relatar <\/span>o que sabe, a <span class=\"has-inline-color has-vivid-red-color\">fazer<\/span> perguntas, a<span class=\"has-inline-color has-vivid-red-color\"> realizar<\/span> experimentos, a <span class=\"has-inline-color has-vivid-red-color\">elaborar<\/span> hip\u00f3teses e <span class=\"has-inline-color has-vivid-red-color\">conhecer <\/span>diferentes fontes de informa\u00e7\u00e3o. <\/strong><\/p>\n\n\n\n<p class=\"has-text-align-center has-black-color has-text-color has-background has-medium-font-size\" style=\"background-color:#d7dadc\"><strong> E isso pode acontecer, de diferentes formas, como por exemplo, <span class=\"has-inline-color has-vivid-red-color\">olhando <\/span><span class=\"has-inline-color has-black-color\">o c\u00e9u,<\/span> <span class=\"has-inline-color has-vivid-red-color\">observando <\/span><span class=\"has-inline-color has-black-color\">as formas <\/span>que as nuvens podem ter, <span class=\"has-inline-color has-vivid-red-color\">percebendo<\/span> as diferentes fases da lua, tudo isso atrai a aten\u00e7\u00e3o das crian\u00e7as. <\/strong><\/p>\n\n\n\n<p class=\"has-text-align-center has-black-color has-text-color has-background has-medium-font-size\" style=\"background-color:#c6f59a\"><strong>Que tal conhecer e explorar um pouco do<span class=\"has-inline-color has-vivid-red-color\"> universo com seu beb\u00ea<\/span>? Essa \u00e9 a proposta sugerida pela<span class=\"has-inline-color has-vivid-red-color\"> Professora Sabrina do Cmei Alto da Gl\u00f3ria<\/span> com a tem\u00e1tica &#8211; &#8220;Vamos Brincar de ser Astr\u00f4nomos?&#8221; Confira! <\/strong><\/p>\n\n\n\n<figure class=\"wp-block-embed aligncenter is-type-video is-provider-youtube wp-block-embed-youtube wp-embed-aspect-16-9 wp-has-aspect-ratio\"><div class=\"wp-block-embed__wrapper\">\n<p class=\"responsive-video-wrap clr\"><iframe title=\"VAMOS BRINCAR DE SER ASTR\u00d4NOMOS?\" width=\"1200\" height=\"675\" src=\"https:\/\/www.youtube.com\/embed\/Z5IfR8oKhJ4?feature=oembed\" frameborder=\"0\" allow=\"accelerometer; autoplay; clipboard-write; encrypted-media; gyroscope; picture-in-picture\" allowfullscreen><\/iframe><\/p>\n<\/div><\/figure>\n\n\n\n<hr class=\"wp-block-separator\"\/>\n\n\n\n<p class=\"has-text-align-center has-black-color has-text-color has-background has-medium-font-size\" style=\"background-color:#d9e2e9\"><strong>E voc\u00ea j\u00e1 percebeu como os beb\u00eas olham atentos para a luz, as sombras e os movimentos que esses elementos fazem? <span class=\"has-inline-color has-vivid-red-color\">A observa\u00e7\u00e3o de sombras<\/span> do pr\u00f3prio corpo e de outras pessoas pode se tornar uma divertida brincadeira<\/strong>. <\/p>\n\n\n\n<p class=\"has-text-align-center has-black-color has-text-color has-background has-medium-font-size\" style=\"background-color:#faee6b\"><strong>O livro <span class=\"has-inline-color has-vivid-red-color\">&#8220;Sombrinhas&#8221; do autor Jean Galv\u00e3o<\/span> mostra uma hist\u00f3ria sobre como brincar com as sombras pode ser divertido! Quem vai narrar essa divertida hist\u00f3ria \u00e9 a  <span class=\"has-inline-color has-vivid-red-color\">Professora Liliane Tosta<\/span>, vamos assistir? <\/strong><\/p>\n\n\n\n<figure class=\"wp-block-embed aligncenter is-type-video is-provider-youtube wp-block-embed-youtube wp-embed-aspect-16-9 wp-has-aspect-ratio\"><div class=\"wp-block-embed__wrapper\">\n<p class=\"responsive-video-wrap clr\"><iframe title=\"Liliane Tosta - Sombrinhas HD\" width=\"1200\" height=\"675\" src=\"https:\/\/www.youtube.com\/embed\/qfShWnRHbRw?feature=oembed\" frameborder=\"0\" allow=\"accelerometer; autoplay; clipboard-write; encrypted-media; gyroscope; picture-in-picture\" allowfullscreen><\/iframe><\/p>\n<\/div><\/figure>\n\n\n\n<p class=\"has-text-align-center has-black-color has-text-color has-background has-medium-font-size\" style=\"background-color:#84c9f0\"><strong>Que tal preparar um ambiente onde seu beb\u00ea possa <span class=\"has-inline-color has-vivid-red-color\">brincar com as luzes e as sombras?<\/span><\/strong><\/p>\n\n\n\n<p class=\"has-text-align-center has-black-color has-text-color has-background has-medium-font-size\" style=\"background-color:#f3f393\"><strong>Nas brincadeiras envolvendo luz e sombra, as crian\u00e7as podem <span class=\"has-inline-color has-vivid-red-color\">construir diferentes conhecimentos,<\/span> <span class=\"has-inline-color has-vivid-red-color\">explorar e descobrir novas possibilidades<\/span> de gestos e movimentos do pr\u00f3prio corpo, bem como <span class=\"has-inline-color has-vivid-red-color\">desenvolver sua criatividade e imagina\u00e7\u00e3o.<\/span>&nbsp;<\/strong><\/p>\n\n\n\n<ul class=\"has-black-color has-text-color has-background has-medium-font-size wp-block-list\" style=\"background:linear-gradient(135deg,rgb(238,238,238) 84%,rgb(169,184,195) 100%)\"><li><strong>Use uma lanterna em dire\u00e7\u00e3o a uma parede, ou a um len\u00e7ol, ou at\u00e9 no ch\u00e3o, brinquem com as m\u00e3os e com o corpo todo, fazendo sombras e tentando adivinhar qual imagem est\u00e1 sendo representada. <\/strong><\/li><\/ul>\n\n\n\n<ul class=\"has-black-color has-text-color has-background has-medium-font-size wp-block-list\" style=\"background:linear-gradient(135deg,rgb(238,238,238) 89%,rgb(169,184,195) 100%)\"><li><strong>Afaste e aproxime da fonte de luz, assim voc\u00ea produzir\u00e1 imagens de diferentes tamanhos.&nbsp;Utilize brinquedos, bichinhos do seu beb\u00ea para projetar, ele vai adorar ver objetos de sua prefer\u00eancia aparecendo na parede, no len\u00e7ol ou no ch\u00e3o. <\/strong><\/li><\/ul>\n\n\n\n<hr class=\"wp-block-separator\"\/>\n\n\n\n<figure class=\"wp-block-table is-style-stripes\"><table><tbody><tr><td>Proponentes\/Curadoria<\/td><td>NEC<\/td><\/tr><tr><td>Convidados(as)<\/td><td>Professora Sabrina Cafu\u00e8 e Professora Liliane Tosta <\/td><\/tr><\/tbody><\/table><\/figure>\n","protected":false},"author":15,"featured_media":128113,"template":"","ei_categoria":[10],"class_list":["post-128106","educacao_infantil","type-educacao_infantil","status-publish","has-post-thumbnail","hentry","ei_categoria-bebes","entry","has-media"],"acf":[],"_links":{"self":[{"href":"https:\/\/sme.goiania.go.gov.br\/conexaoescola\/wp-json\/wp\/v2\/educacao_infantil\/128106","targetHints":{"allow":["GET"]}}],"collection":[{"href":"https:\/\/sme.goiania.go.gov.br\/conexaoescola\/wp-json\/wp\/v2\/educacao_infantil"}],"about":[{"href":"https:\/\/sme.goiania.go.gov.br\/conexaoescola\/wp-json\/wp\/v2\/types\/educacao_infantil"}],"author":[{"embeddable":true,"href":"https:\/\/sme.goiania.go.gov.br\/conexaoescola\/wp-json\/wp\/v2\/users\/15"}],"wp:featuredmedia":[{"embeddable":true,"href":"https:\/\/sme.goiania.go.gov.br\/conexaoescola\/wp-json\/wp\/v2\/media\/128113"}],"wp:attachment":[{"href":"https:\/\/sme.goiania.go.gov.br\/conexaoescola\/wp-json\/wp\/v2\/media?parent=128106"}],"wp:term":[{"taxonomy":"ei_categoria","embeddable":true,"href":"https:\/\/sme.goiania.go.gov.br\/conexaoescola\/wp-json\/wp\/v2\/ei_categoria?post=128106"}],"curies":[{"name":"wp","href":"https:\/\/api.w.org\/{rel}","templated":true}]}}

<div class="wp-block-image is-style-rounded"><figure class="aligncenter size-large is-resized"><img fetchpriority="high" decoding="async" src="https://sme.goiania.go.gov.br/conexaoescola/wp-content/uploads/2021/05/sombrinhas-imagem-1-1024x532.jpg" alt="" class="wp-image-128113" width="871" height="452" srcset="https://sme.goiania.go.gov.br/conexaoescola/wp-content/uploads/2021/05/sombrinhas-imagem-1-1024x532.jpg 1024w, https://sme.goiania.go.gov.br/conexaoescola/wp-content/uploads/2021/05/sombrinhas-imagem-1-300x156.jpg 300w, https://sme.goiania.go.gov.br/conexaoescola/wp-content/uploads/2021/05/sombrinhas-imagem-1-768x399.jpg 768w, https://sme.goiania.go.gov.br/conexaoescola/wp-content/uploads/2021/05/sombrinhas-imagem-1-1536x798.jpg 1536w, https://sme.goiania.go.gov.br/conexaoescola/wp-content/uploads/2021/05/sombrinhas-imagem-1-2048x1064.jpg 2048w" sizes="(max-width: 871px) 100vw, 871px" /><figcaption>Fonte: Livro Sombrinhas &#8211; Jean Galvão</figcaption></figure></div>



<p class="has-drop-cap has-text-align-center has-black-color has-text-color has-background" style="background-color:#f8e7b6;font-size:19px"><strong>A criança precisa ser incentivada a<span class="has-inline-color has-vivid-red-color"> explorar</span> desde bebê o que está a sua volta, a <span class="has-inline-color has-vivid-red-color">relatar </span>o que sabe, a <span class="has-inline-color has-vivid-red-color">fazer</span> perguntas, a<span class="has-inline-color has-vivid-red-color"> realizar</span> experimentos, a <span class="has-inline-color has-vivid-red-color">elaborar</span> hipóteses e <span class="has-inline-color has-vivid-red-color">conhecer </span>diferentes fontes de informação. </strong></p>



<p class="has-text-align-center has-black-color has-text-color has-background has-medium-font-size" style="background-color:#d7dadc"><strong> E isso pode acontecer, de diferentes formas, como por exemplo, <span class="has-inline-color has-vivid-red-color">olhando </span><span class="has-inline-color has-black-color">o céu,</span> <span class="has-inline-color has-vivid-red-color">observando </span><span class="has-inline-color has-black-color">as formas </span>que as nuvens podem ter, <span class="has-inline-color has-vivid-red-color">percebendo</span> as diferentes fases da lua, tudo isso atrai a atenção das crianças. </strong></p>



<p class="has-text-align-center has-black-color has-text-color has-background has-medium-font-size" style="background-color:#c6f59a"><strong>Que tal conhecer e explorar um pouco do<span class="has-inline-color has-vivid-red-color"> universo com seu bebê</span>? Essa é a proposta sugerida pela<span class="has-inline-color has-vivid-red-color"> Professora Sabrina do Cmei Alto da Glória</span> com a temática &#8211; &#8220;Vamos Brincar de ser Astrônomos?&#8221; Confira! </strong></p>



<figure class="wp-block-embed aligncenter is-type-video is-provider-youtube wp-block-embed-youtube wp-embed-aspect-16-9 wp-has-aspect-ratio"><div class="wp-block-embed__wrapper">
<p class="responsive-video-wrap clr"><iframe title="VAMOS BRINCAR DE SER ASTRÔNOMOS?" width="1200" height="675" src="https://www.youtube.com/embed/Z5IfR8oKhJ4?feature=oembed" frameborder="0" allow="accelerometer; autoplay; clipboard-write; encrypted-media; gyroscope; picture-in-picture" allowfullscreen></iframe></p>
</div></figure>



<hr class="wp-block-separator"/>



<p class="has-text-align-center has-black-color has-text-color has-background has-medium-font-size" style="background-color:#d9e2e9"><strong>E você já percebeu como os bebês olham atentos para a luz, as sombras e os movimentos que esses elementos fazem? <span class="has-inline-color has-vivid-red-color">A observação de sombras</span> do próprio corpo e de outras pessoas pode se tornar uma divertida brincadeira</strong>. </p>



<p class="has-text-align-center has-black-color has-text-color has-background has-medium-font-size" style="background-color:#faee6b"><strong>O livro <span class="has-inline-color has-vivid-red-color">&#8220;Sombrinhas&#8221; do autor Jean Galvão</span> mostra uma história sobre como brincar com as sombras pode ser divertido! Quem vai narrar essa divertida história é a  <span class="has-inline-color has-vivid-red-color">Professora Liliane Tosta</span>, vamos assistir? </strong></p>



<figure class="wp-block-embed aligncenter is-type-video is-provider-youtube wp-block-embed-youtube wp-embed-aspect-16-9 wp-has-aspect-ratio"><div class="wp-block-embed__wrapper">
<p class="responsive-video-wrap clr"><iframe title="Liliane Tosta - Sombrinhas HD" width="1200" height="675" src="https://www.youtube.com/embed/qfShWnRHbRw?feature=oembed" frameborder="0" allow="accelerometer; autoplay; clipboard-write; encrypted-media; gyroscope; picture-in-picture" allowfullscreen></iframe></p>
</div></figure>



<p class="has-text-align-center has-black-color has-text-color has-background has-medium-font-size" style="background-color:#84c9f0"><strong>Que tal preparar um ambiente onde seu bebê possa <span class="has-inline-color has-vivid-red-color">brincar com as luzes e as sombras?</span></strong></p>



<p class="has-text-align-center has-black-color has-text-color has-background has-medium-font-size" style="background-color:#f3f393"><strong>Nas brincadeiras envolvendo luz e sombra, as crianças podem <span class="has-inline-color has-vivid-red-color">construir diferentes conhecimentos,</span> <span class="has-inline-color has-vivid-red-color">explorar e descobrir novas possibilidades</span> de gestos e movimentos do próprio corpo, bem como <span class="has-inline-color has-vivid-red-color">desenvolver sua criatividade e imaginação.</span>&nbsp;</strong></p>



<ul class="has-black-color has-text-color has-background has-medium-font-size wp-block-list" style="background:linear-gradient(135deg,rgb(238,238,238) 84%,rgb(169,184,195) 100%)"><li><strong>Use uma lanterna em direção a uma parede, ou a um lençol, ou até no chão, brinquem com as mãos e com o corpo todo, fazendo sombras e tentando adivinhar qual imagem está sendo representada. </strong></li></ul>



<ul class="has-black-color has-text-color has-background has-medium-font-size wp-block-list" style="background:linear-gradient(135deg,rgb(238,238,238) 89%,rgb(169,184,195) 100%)"><li><strong>Afaste e aproxime da fonte de luz, assim você produzirá imagens de diferentes tamanhos.&nbsp;Utilize brinquedos, bichinhos do seu bebê para projetar, ele vai adorar ver objetos de sua preferência aparecendo na parede, no lençol ou no chão. </strong></li></ul>



<hr class="wp-block-separator"/>



<figure class="wp-block-table is-style-stripes"><table><tbody><tr><td>Proponentes/Curadoria</td><td>NEC</td></tr><tr><td>Convidados(as)</td><td>Professora Sabrina Cafuè e Professora Liliane Tosta </td></tr></tbody></table></figure>
