{"id":127857,"date":"2021-05-24T14:10:59","date_gmt":"2021-05-24T17:10:59","guid":{"rendered":"https:\/\/sme.goiania.go.gov.br\/conexaoescola\/?post_type=educacao_infantil&#038;p=127857"},"modified":"2021-05-25T15:11:42","modified_gmt":"2021-05-25T18:11:42","slug":"plantar-conhecer-e-preservar","status":"publish","type":"educacao_infantil","link":"https:\/\/sme.goiania.go.gov.br\/conexaoescola\/educacao_infantil\/plantar-conhecer-e-preservar\/","title":{"rendered":"Plantar, conhecer e preservar!"},"content":{"rendered":"\n<div class=\"wp-block-image is-style-rounded\"><figure class=\"aligncenter size-large is-resized\"><img fetchpriority=\"high\" decoding=\"async\" src=\"https:\/\/sme.goiania.go.gov.br\/conexaoescola\/wp-content\/uploads\/2021\/05\/bebe-e-arvores-e1621853474286.jpg\" alt=\"\" class=\"wp-image-127910\" width=\"701\" height=\"459\" srcset=\"https:\/\/sme.goiania.go.gov.br\/conexaoescola\/wp-content\/uploads\/2021\/05\/bebe-e-arvores-e1621853474286.jpg 620w, https:\/\/sme.goiania.go.gov.br\/conexaoescola\/wp-content\/uploads\/2021\/05\/bebe-e-arvores-e1621853474286-300x196.jpg 300w\" sizes=\"(max-width: 701px) 100vw, 701px\" \/><figcaption>Foto: https:\/\/ciclovivo.com.br\/vida-sustentavel<\/figcaption><\/figure><\/div>\n\n\n\n<p class=\"has-drop-cap has-text-align-center has-text-color has-background has-medium-font-size\" style=\"background-color:#fcc7a1;color:#010a0f\"><strong>\u00c9 no <span class=\"has-inline-color has-vivid-red-color\">conv\u00edvio com a natureza<\/span> e com os diferentes espa\u00e7os e sujeitos, que as crian\u00e7as aprendem sobre a pr\u00f3pria exist\u00eancia, o ciclo da vida e a import\u00e2ncia de respeitar e preservar o meio ambiente.<\/strong><\/p>\n\n\n\n<p class=\"has-text-align-center has-text-color has-background has-medium-font-size\" style=\"background-color:#aafca1;color:#010a0f\"> <strong>Pelo contato com a natureza \u00e9 poss\u00edvel oportunizar a elas a reflex\u00e3o sobre o papel de cada uma na <span class=\"has-inline-color has-vivid-red-color\">preserva\u00e7\u00e3o do meio ambiente<\/span>, dos seus recursos naturais e da constru\u00e7\u00e3o de uma <span class=\"has-inline-color has-vivid-red-color\">sociedade mais sustent\u00e1vel.<\/span><\/strong><\/p>\n\n\n\n<p class=\"has-text-align-center has-pale-cyan-blue-background-color has-text-color has-background has-medium-font-size\" style=\"color:#000608\"><strong>Por esse motivo \u00e9 t\u00e3o importante que as crian\u00e7as desde bem pequenas explorem os elementos que comp\u00f5e <span class=\"has-inline-color has-vivid-red-color\">a natureza, como a terra, a areia, a \u00e1gua, as sementes, as pedrinhas, os gravetos<\/span>, conhecendo suas caracter\u00edsticas, fazendo compara\u00e7\u00f5es, descobrindo e identificando as sensa\u00e7\u00f5es que esses elementos proporcionam<\/strong>.<\/p>\n\n\n\n<p class=\"has-text-align-center has-text-color has-background has-medium-font-size\" style=\"background-color:#a8ebb5;color:#010f16\"><strong>O ato de <span class=\"has-inline-color has-vivid-red-color\">aprender a plantar sementes<\/span>, <strong><span class=\"has-inline-color has-vivid-red-color\">manusear a terra<\/span><\/strong><\/strong>, <strong><span class=\"has-inline-color has-vivid-red-color\">cuidar de uma planta<\/span>, pode ser uma maneira de iniciar esse processo de contato com a natureza. Veja a proposta musical do Canal do Youtube <span class=\"has-inline-color has-vivid-red-color\">O Ba\u00fa da Camilinha <\/span>que ensina aprender a plantar por meio da m\u00fasica.<\/strong><\/p>\n\n\n\n<figure class=\"wp-block-embed is-type-video is-provider-youtube wp-block-embed-youtube wp-embed-aspect-16-9 wp-has-aspect-ratio\"><div class=\"wp-block-embed__wrapper\">\n<p class=\"responsive-video-wrap clr\"><iframe title=\"M\u00fasica para Aprender a Plantar :: O Ba\u00fa da Camilinha :: M\u00fasica Infantil\" width=\"1200\" height=\"675\" src=\"https:\/\/www.youtube.com\/embed\/uonqSrqV_4w?feature=oembed\" frameborder=\"0\" allow=\"accelerometer; autoplay; clipboard-write; encrypted-media; gyroscope; picture-in-picture\" allowfullscreen><\/iframe><\/p>\n<\/div><\/figure>\n\n\n\n<p class=\"has-text-align-center has-black-color has-text-color has-background has-medium-font-size\" style=\"background-color:#fff29a\"><strong>Voc\u00ea Sabia que a Secretaria Municipal de Educa\u00e7\u00e3o e Esporte de Goi\u00e2nia realiza um projeto chamado&nbsp;<span class=\"has-inline-color has-vivid-red-color\">Horta Escolar<\/span>? O projeto prev\u00ea a\u00e7\u00f5es voltadas para o plantio de hortali\u00e7as por interm\u00e9dio de oficinas ministradas a crian\u00e7as, jovens e docentes, estimulando o respeito ao meio ambiente, e a alimenta\u00e7\u00e3o saud\u00e1vel das crian\u00e7as, um verdadeiro&nbsp;<span class=\"has-inline-color has-vivid-red-color\">laborat\u00f3rio a c\u00e9u aberto!<\/span><\/strong><\/p>\n\n\n\n<p class=\"has-text-align-center has-black-color has-luminous-vivid-orange-background-color has-text-color has-background has-medium-font-size\"><strong>Em tempos de pandemia o&nbsp;projeto n\u00e3o parou! Quer conhecer? Clique na imagem!<\/strong><\/p>\n\n\n\n<figure class=\"wp-block-embed is-type-video is-provider-youtube wp-block-embed-youtube wp-embed-aspect-16-9 wp-has-aspect-ratio\"><div class=\"wp-block-embed__wrapper\">\n<p class=\"responsive-video-wrap clr\"><iframe title=\"Orienta\u00e7\u00e3o sobre o Projeto Horta em Casa\" width=\"1200\" height=\"675\" src=\"https:\/\/www.youtube.com\/embed\/O8YwHf_2jAQ?feature=oembed\" frameborder=\"0\" allow=\"accelerometer; autoplay; clipboard-write; encrypted-media; gyroscope; picture-in-picture\" allowfullscreen><\/iframe><\/p>\n<\/div><figcaption>Fonte: Canal do Youtube da SMEhttps:\/\/www.youtube.com\/watch?v=uonqSrqV_4w<\/figcaption><\/figure>\n\n\n\n<p class=\"has-text-align-center has-luminous-vivid-orange-background-color has-text-color has-background has-medium-font-size\" style=\"color:#010507\"><strong>Que tal aproveitar as dicas apresentadas nos v\u00eddeos e convidar seu beb\u00ea para<\/strong>: <\/p>\n\n\n\n<ul class=\"has-black-color has-very-light-gray-to-cyan-bluish-gray-gradient-background has-text-color has-background has-medium-font-size wp-block-list\"><li><strong>Plantar mudinhas ou sementes de hortali\u00e7as<\/strong>?<\/li><li><strong>Brincar com diferentes elementos da natureza (como terra, sementes, pedras e folhas secas) ao ar livre e com seguran\u00e7a.  <\/strong><\/li><li><strong>Demonstrar por meio de a\u00e7\u00f5es o cuidado com o meio ambiente. <\/strong><\/li><\/ul>\n\n\n\n<p class=\"has-text-align-center has-black-color has-text-color has-background has-medium-font-size\" style=\"background-color:#5ed572\"><strong>Explorem juntos todas as possibilidades que a natureza pode oferecer!<\/strong><\/p>\n\n\n\n<hr class=\"wp-block-separator\"\/>\n\n\n\n<figure class=\"wp-block-table is-style-stripes\"><table><tbody><tr><td>Proponentes\/Curadoria<\/td><td>NEC<\/td><\/tr><tr><td>Parceiros<\/td><td>Canal do Youtube &#8220;Ba\u00fa da Camilinha&#8221; e Profa. Carmem Machado SME-GO<\/td><\/tr><\/tbody><\/table><\/figure>\n\n\n\n<p><\/p>\n","protected":false},"author":16,"featured_media":127911,"template":"","ei_categoria":[10],"class_list":["post-127857","educacao_infantil","type-educacao_infantil","status-publish","has-post-thumbnail","hentry","ei_categoria-bebes","entry","has-media"],"acf":[],"_links":{"self":[{"href":"https:\/\/sme.goiania.go.gov.br\/conexaoescola\/wp-json\/wp\/v2\/educacao_infantil\/127857","targetHints":{"allow":["GET"]}}],"collection":[{"href":"https:\/\/sme.goiania.go.gov.br\/conexaoescola\/wp-json\/wp\/v2\/educacao_infantil"}],"about":[{"href":"https:\/\/sme.goiania.go.gov.br\/conexaoescola\/wp-json\/wp\/v2\/types\/educacao_infantil"}],"author":[{"embeddable":true,"href":"https:\/\/sme.goiania.go.gov.br\/conexaoescola\/wp-json\/wp\/v2\/users\/16"}],"wp:featuredmedia":[{"embeddable":true,"href":"https:\/\/sme.goiania.go.gov.br\/conexaoescola\/wp-json\/wp\/v2\/media\/127911"}],"wp:attachment":[{"href":"https:\/\/sme.goiania.go.gov.br\/conexaoescola\/wp-json\/wp\/v2\/media?parent=127857"}],"wp:term":[{"taxonomy":"ei_categoria","embeddable":true,"href":"https:\/\/sme.goiania.go.gov.br\/conexaoescola\/wp-json\/wp\/v2\/ei_categoria?post=127857"}],"curies":[{"name":"wp","href":"https:\/\/api.w.org\/{rel}","templated":true}]}}

<div class="wp-block-image is-style-rounded"><figure class="aligncenter size-large is-resized"><img fetchpriority="high" decoding="async" src="https://sme.goiania.go.gov.br/conexaoescola/wp-content/uploads/2021/05/bebe-e-arvores-e1621853474286.jpg" alt="" class="wp-image-127910" width="701" height="459" srcset="https://sme.goiania.go.gov.br/conexaoescola/wp-content/uploads/2021/05/bebe-e-arvores-e1621853474286.jpg 620w, https://sme.goiania.go.gov.br/conexaoescola/wp-content/uploads/2021/05/bebe-e-arvores-e1621853474286-300x196.jpg 300w" sizes="(max-width: 701px) 100vw, 701px" /><figcaption>Foto: https://ciclovivo.com.br/vida-sustentavel</figcaption></figure></div>



<p class="has-drop-cap has-text-align-center has-text-color has-background has-medium-font-size" style="background-color:#fcc7a1;color:#010a0f"><strong>É no <span class="has-inline-color has-vivid-red-color">convívio com a natureza</span> e com os diferentes espaços e sujeitos, que as crianças aprendem sobre a própria existência, o ciclo da vida e a importância de respeitar e preservar o meio ambiente.</strong></p>



<p class="has-text-align-center has-text-color has-background has-medium-font-size" style="background-color:#aafca1;color:#010a0f"> <strong>Pelo contato com a natureza é possível oportunizar a elas a reflexão sobre o papel de cada uma na <span class="has-inline-color has-vivid-red-color">preservação do meio ambiente</span>, dos seus recursos naturais e da construção de uma <span class="has-inline-color has-vivid-red-color">sociedade mais sustentável.</span></strong></p>



<p class="has-text-align-center has-pale-cyan-blue-background-color has-text-color has-background has-medium-font-size" style="color:#000608"><strong>Por esse motivo é tão importante que as crianças desde bem pequenas explorem os elementos que compõe <span class="has-inline-color has-vivid-red-color">a natureza, como a terra, a areia, a água, as sementes, as pedrinhas, os gravetos</span>, conhecendo suas características, fazendo comparações, descobrindo e identificando as sensações que esses elementos proporcionam</strong>.</p>



<p class="has-text-align-center has-text-color has-background has-medium-font-size" style="background-color:#a8ebb5;color:#010f16"><strong>O ato de <span class="has-inline-color has-vivid-red-color">aprender a plantar sementes</span>, <strong><span class="has-inline-color has-vivid-red-color">manusear a terra</span></strong></strong>, <strong><span class="has-inline-color has-vivid-red-color">cuidar de uma planta</span>, pode ser uma maneira de iniciar esse processo de contato com a natureza. Veja a proposta musical do Canal do Youtube <span class="has-inline-color has-vivid-red-color">O Baú da Camilinha </span>que ensina aprender a plantar por meio da música.</strong></p>



<figure class="wp-block-embed is-type-video is-provider-youtube wp-block-embed-youtube wp-embed-aspect-16-9 wp-has-aspect-ratio"><div class="wp-block-embed__wrapper">
<p class="responsive-video-wrap clr"><iframe title="Música para Aprender a Plantar :: O Baú da Camilinha :: Música Infantil" width="1200" height="675" src="https://www.youtube.com/embed/uonqSrqV_4w?feature=oembed" frameborder="0" allow="accelerometer; autoplay; clipboard-write; encrypted-media; gyroscope; picture-in-picture" allowfullscreen></iframe></p>
</div></figure>



<p class="has-text-align-center has-black-color has-text-color has-background has-medium-font-size" style="background-color:#fff29a"><strong>Você Sabia que a Secretaria Municipal de Educação e Esporte de Goiânia realiza um projeto chamado&nbsp;<span class="has-inline-color has-vivid-red-color">Horta Escolar</span>? O projeto prevê ações voltadas para o plantio de hortaliças por intermédio de oficinas ministradas a crianças, jovens e docentes, estimulando o respeito ao meio ambiente, e a alimentação saudável das crianças, um verdadeiro&nbsp;<span class="has-inline-color has-vivid-red-color">laboratório a céu aberto!</span></strong></p>



<p class="has-text-align-center has-black-color has-luminous-vivid-orange-background-color has-text-color has-background has-medium-font-size"><strong>Em tempos de pandemia o&nbsp;projeto não parou! Quer conhecer? Clique na imagem!</strong></p>



<figure class="wp-block-embed is-type-video is-provider-youtube wp-block-embed-youtube wp-embed-aspect-16-9 wp-has-aspect-ratio"><div class="wp-block-embed__wrapper">
<p class="responsive-video-wrap clr"><iframe title="Orientação sobre o Projeto Horta em Casa" width="1200" height="675" src="https://www.youtube.com/embed/O8YwHf_2jAQ?feature=oembed" frameborder="0" allow="accelerometer; autoplay; clipboard-write; encrypted-media; gyroscope; picture-in-picture" allowfullscreen></iframe></p>
</div><figcaption>Fonte: Canal do Youtube da SMEhttps://www.youtube.com/watch?v=uonqSrqV_4w</figcaption></figure>



<p class="has-text-align-center has-luminous-vivid-orange-background-color has-text-color has-background has-medium-font-size" style="color:#010507"><strong>Que tal aproveitar as dicas apresentadas nos vídeos e convidar seu bebê para</strong>: </p>



<ul class="has-black-color has-very-light-gray-to-cyan-bluish-gray-gradient-background has-text-color has-background has-medium-font-size wp-block-list"><li><strong>Plantar mudinhas ou sementes de hortaliças</strong>?</li><li><strong>Brincar com diferentes elementos da natureza (como terra, sementes, pedras e folhas secas) ao ar livre e com segurança.  </strong></li><li><strong>Demonstrar por meio de ações o cuidado com o meio ambiente. </strong></li></ul>



<p class="has-text-align-center has-black-color has-text-color has-background has-medium-font-size" style="background-color:#5ed572"><strong>Explorem juntos todas as possibilidades que a natureza pode oferecer!</strong></p>



<hr class="wp-block-separator"/>



<figure class="wp-block-table is-style-stripes"><table><tbody><tr><td>Proponentes/Curadoria</td><td>NEC</td></tr><tr><td>Parceiros</td><td>Canal do Youtube &#8220;Baú da Camilinha&#8221; e Profa. Carmem Machado SME-GO</td></tr></tbody></table></figure>



<p></p>
