{"id":127841,"date":"2021-05-17T14:53:14","date_gmt":"2021-05-17T17:53:14","guid":{"rendered":"https:\/\/sme.goiania.go.gov.br\/conexaoescola\/?post_type=educacao_infantil&#038;p=127841"},"modified":"2021-05-21T07:55:44","modified_gmt":"2021-05-21T10:55:44","slug":"brinca-junto-comigo","status":"publish","type":"educacao_infantil","link":"https:\/\/sme.goiania.go.gov.br\/conexaoescola\/educacao_infantil\/brinca-junto-comigo\/","title":{"rendered":"Brinca junto comigo?"},"content":{"rendered":"\n<div class=\"wp-block-image is-style-rounded\"><figure class=\"aligncenter size-large is-resized\"><img fetchpriority=\"high\" decoding=\"async\" src=\"https:\/\/sme.goiania.go.gov.br\/conexaoescola\/wp-content\/uploads\/2021\/05\/portal-lunetas-brincar-em-casa-sugestoes-simples-de-como-explorar-cada-comodo-e1621260892130-1024x576.jpg\" alt=\"\" class=\"wp-image-127842\" width=\"648\" height=\"364\" srcset=\"https:\/\/sme.goiania.go.gov.br\/conexaoescola\/wp-content\/uploads\/2021\/05\/portal-lunetas-brincar-em-casa-sugestoes-simples-de-como-explorar-cada-comodo-e1621260892130-1024x576.jpg 1024w, https:\/\/sme.goiania.go.gov.br\/conexaoescola\/wp-content\/uploads\/2021\/05\/portal-lunetas-brincar-em-casa-sugestoes-simples-de-como-explorar-cada-comodo-e1621260892130-300x169.jpg 300w, https:\/\/sme.goiania.go.gov.br\/conexaoescola\/wp-content\/uploads\/2021\/05\/portal-lunetas-brincar-em-casa-sugestoes-simples-de-como-explorar-cada-comodo-e1621260892130-768x432.jpg 768w, https:\/\/sme.goiania.go.gov.br\/conexaoescola\/wp-content\/uploads\/2021\/05\/portal-lunetas-brincar-em-casa-sugestoes-simples-de-como-explorar-cada-comodo-e1621260892130-1536x864.jpg 1536w, https:\/\/sme.goiania.go.gov.br\/conexaoescola\/wp-content\/uploads\/2021\/05\/portal-lunetas-brincar-em-casa-sugestoes-simples-de-como-explorar-cada-comodo-e1621260892130.jpg 1920w\" sizes=\"(max-width: 648px) 100vw, 648px\" \/><figcaption>Foto: Portal Lunetas<\/figcaption><\/figure><\/div>\n\n\n\n<p class=\"has-drop-cap has-text-align-center has-light-green-cyan-background-color has-text-color has-background has-medium-font-size\" style=\"color:#01090c\"><strong>O<\/strong> <strong>brincar representa na vida da crian\u00e7a uma linguagem \u00fanica de&nbsp;<span class=\"has-inline-color has-vivid-red-color\">conex\u00e3o com o mundo<\/span>. A brincadeira \u00e9 fonte para a&nbsp;<span class=\"has-inline-color has-vivid-red-color\">imagina\u00e7\u00e3o, express\u00e3o e aprendizagem<\/span>, sendo considerada uma&nbsp;<span class=\"has-inline-color has-vivid-red-color\">linguagem essencial na inf\u00e2ncia<\/span>. Atrav\u00e9s do brincar a crian\u00e7a consegue se expressar, dizer o que gosta, o que sente e o que deseja.<\/strong><\/p>\n\n\n\n<p class=\"has-text-align-center has-luminous-vivid-amber-background-color has-text-color has-background has-medium-font-size\" style=\"color:#01070a\"><strong>\u00c9 na brincadeira que a crian\u00e7a vive e revive situa\u00e7\u00f5es que lhe causam alegria, satisfa\u00e7\u00e3o, medo e outros tantos sentimentos. Tudo isso contribui para&nbsp;a&nbsp;<span class=\"has-inline-color has-vivid-red-color\">forma\u00e7\u00e3o de sua identidade&nbsp;e para o seu desenvolvimento<\/span>.<\/strong><\/p>\n\n\n\n<p class=\"has-text-align-center has-pale-pink-background-color has-text-color has-background has-medium-font-size\" style=\"color:#021218\"><strong>E quando o brincar \u00e9 vivido e compartilhado com diferentes sujeitos abre-se uma janela de oportunidades para&nbsp;o desenvolvimento da&nbsp;<span class=\"has-inline-color has-vivid-red-color\">socializa\u00e7\u00e3o&nbsp;e para a constru\u00e7\u00e3o de&nbsp;v\u00ednculos afetivos<\/span>.&nbsp;Sendo o aspecto afetivo elemento fundamental para o desenvolvimento integral da crian\u00e7a.<\/strong><\/p>\n\n\n\n<figure class=\"wp-block-embed is-type-video is-provider-youtube wp-block-embed-youtube wp-embed-aspect-16-9 wp-has-aspect-ratio\"><div class=\"wp-block-embed__wrapper\">\n<p class=\"responsive-video-wrap clr\"><iframe title=\"Professora Barbara   CMEI 13 DE MAIO\" width=\"1200\" height=\"675\" src=\"https:\/\/www.youtube.com\/embed\/E3dJ8ANLTfU?feature=oembed\" frameborder=\"0\" allow=\"accelerometer; autoplay; clipboard-write; encrypted-media; gyroscope; picture-in-picture\" allowfullscreen><\/iframe><\/p>\n<\/div><\/figure>\n\n\n\n<p class=\"has-text-align-center has-light-green-cyan-background-color has-text-color has-background has-medium-font-size\" style=\"color:#041720\"><strong>Sabendo disso <span class=\"has-inline-color has-vivid-red-color\">a&nbsp;professora Tha\u00eds B\u00e1rbara do CMEI 13 de Maio<\/span>&nbsp;gravou um v\u00eddeo explicando sobre a import\u00e2ncia de aproveitarmos as brincadeiras para construirmos com as crian\u00e7as mem\u00f3rias afetivas. Vamos conferir?<\/strong><\/p>\n\n\n\n<p class=\"has-text-align-center has-luminous-vivid-amber-background-color has-text-color has-background has-medium-font-size\" style=\"color:#041218\"><strong>Que tal brincar junto com a sua crian\u00e7a e ampliar os vinculos afetivos? Veja tamb\u00e9m a sugest\u00e3o da brincadeira&nbsp;\u201cRema Rema\u201d&nbsp;da <span class=\"has-inline-color has-vivid-red-color\">professora Andr\u00e9ia&nbsp;do CMEI Tempo de Inf\u00e2ncia<\/span>.<\/strong><\/p>\n\n\n\n<figure class=\"wp-block-embed is-type-video is-provider-youtube wp-block-embed-youtube wp-embed-aspect-16-9 wp-has-aspect-ratio\"><div class=\"wp-block-embed__wrapper\">\n<p class=\"responsive-video-wrap clr\"><iframe title=\"Rema, rema o barquinho\" width=\"1200\" height=\"675\" src=\"https:\/\/www.youtube.com\/embed\/HJdZsvBDiYc?feature=oembed\" frameborder=\"0\" allow=\"accelerometer; autoplay; clipboard-write; encrypted-media; gyroscope; picture-in-picture\" allowfullscreen><\/iframe><\/p>\n<\/div><figcaption>Fonte: Canal do Youtube &#8211; CMEI Tempo de Inf\u00e2ncia<\/figcaption><\/figure>\n\n\n\n<p class=\"has-text-align-center has-light-green-cyan-background-color has-text-color has-background has-medium-font-size\" style=\"color:#020b0f\"><strong>O <span class=\"has-inline-color has-vivid-red-color\">brincar junto<\/span>&nbsp;pode acontecer atrav\u00e9s de diferentes brincadeiras, convide sua crian\u00e7a para brincar de:&nbsp;<\/strong><em><strong>Adoleta, Pedra, papel e tesoura, Gol de dedos e outras<\/strong> <strong>brincadeiras que voc\u00eas possam brincar juntos.<\/strong>&nbsp;<\/em><strong>Para come\u00e7ar basta brincar!<\/strong><\/p>\n\n\n\n<hr class=\"wp-block-separator\"\/>\n\n\n\n<figure class=\"wp-block-table is-style-stripes\"><table><tbody><tr><td>Proponentes\/Curadoria<\/td><td>NEC<\/td><\/tr><tr><td>Professoras convidadas<\/td><td>Professora Tha\u00eds B\u00e1rbara e Professora Andr\u00e9ia Pires<\/td><\/tr><\/tbody><\/table><\/figure>\n","protected":false},"author":1,"featured_media":127842,"template":"","ei_categoria":[11],"class_list":["post-127841","educacao_infantil","type-educacao_infantil","status-publish","has-post-thumbnail","hentry","ei_categoria-criancas-bem-pequenas","entry","has-media"],"acf":[],"_links":{"self":[{"href":"https:\/\/sme.goiania.go.gov.br\/conexaoescola\/wp-json\/wp\/v2\/educacao_infantil\/127841","targetHints":{"allow":["GET"]}}],"collection":[{"href":"https:\/\/sme.goiania.go.gov.br\/conexaoescola\/wp-json\/wp\/v2\/educacao_infantil"}],"about":[{"href":"https:\/\/sme.goiania.go.gov.br\/conexaoescola\/wp-json\/wp\/v2\/types\/educacao_infantil"}],"author":[{"embeddable":true,"href":"https:\/\/sme.goiania.go.gov.br\/conexaoescola\/wp-json\/wp\/v2\/users\/1"}],"wp:featuredmedia":[{"embeddable":true,"href":"https:\/\/sme.goiania.go.gov.br\/conexaoescola\/wp-json\/wp\/v2\/media\/127842"}],"wp:attachment":[{"href":"https:\/\/sme.goiania.go.gov.br\/conexaoescola\/wp-json\/wp\/v2\/media?parent=127841"}],"wp:term":[{"taxonomy":"ei_categoria","embeddable":true,"href":"https:\/\/sme.goiania.go.gov.br\/conexaoescola\/wp-json\/wp\/v2\/ei_categoria?post=127841"}],"curies":[{"name":"wp","href":"https:\/\/api.w.org\/{rel}","templated":true}]}}

<div class="wp-block-image is-style-rounded"><figure class="aligncenter size-large is-resized"><img fetchpriority="high" decoding="async" src="https://sme.goiania.go.gov.br/conexaoescola/wp-content/uploads/2021/05/portal-lunetas-brincar-em-casa-sugestoes-simples-de-como-explorar-cada-comodo-e1621260892130-1024x576.jpg" alt="" class="wp-image-127842" width="648" height="364" srcset="https://sme.goiania.go.gov.br/conexaoescola/wp-content/uploads/2021/05/portal-lunetas-brincar-em-casa-sugestoes-simples-de-como-explorar-cada-comodo-e1621260892130-1024x576.jpg 1024w, https://sme.goiania.go.gov.br/conexaoescola/wp-content/uploads/2021/05/portal-lunetas-brincar-em-casa-sugestoes-simples-de-como-explorar-cada-comodo-e1621260892130-300x169.jpg 300w, https://sme.goiania.go.gov.br/conexaoescola/wp-content/uploads/2021/05/portal-lunetas-brincar-em-casa-sugestoes-simples-de-como-explorar-cada-comodo-e1621260892130-768x432.jpg 768w, https://sme.goiania.go.gov.br/conexaoescola/wp-content/uploads/2021/05/portal-lunetas-brincar-em-casa-sugestoes-simples-de-como-explorar-cada-comodo-e1621260892130-1536x864.jpg 1536w, https://sme.goiania.go.gov.br/conexaoescola/wp-content/uploads/2021/05/portal-lunetas-brincar-em-casa-sugestoes-simples-de-como-explorar-cada-comodo-e1621260892130.jpg 1920w" sizes="(max-width: 648px) 100vw, 648px" /><figcaption>Foto: Portal Lunetas</figcaption></figure></div>



<p class="has-drop-cap has-text-align-center has-light-green-cyan-background-color has-text-color has-background has-medium-font-size" style="color:#01090c"><strong>O</strong> <strong>brincar representa na vida da criança uma linguagem única de&nbsp;<span class="has-inline-color has-vivid-red-color">conexão com o mundo</span>. A brincadeira é fonte para a&nbsp;<span class="has-inline-color has-vivid-red-color">imaginação, expressão e aprendizagem</span>, sendo considerada uma&nbsp;<span class="has-inline-color has-vivid-red-color">linguagem essencial na infância</span>. Através do brincar a criança consegue se expressar, dizer o que gosta, o que sente e o que deseja.</strong></p>



<p class="has-text-align-center has-luminous-vivid-amber-background-color has-text-color has-background has-medium-font-size" style="color:#01070a"><strong>É na brincadeira que a criança vive e revive situações que lhe causam alegria, satisfação, medo e outros tantos sentimentos. Tudo isso contribui para&nbsp;a&nbsp;<span class="has-inline-color has-vivid-red-color">formação de sua identidade&nbsp;e para o seu desenvolvimento</span>.</strong></p>



<p class="has-text-align-center has-pale-pink-background-color has-text-color has-background has-medium-font-size" style="color:#021218"><strong>E quando o brincar é vivido e compartilhado com diferentes sujeitos abre-se uma janela de oportunidades para&nbsp;o desenvolvimento da&nbsp;<span class="has-inline-color has-vivid-red-color">socialização&nbsp;e para a construção de&nbsp;vínculos afetivos</span>.&nbsp;Sendo o aspecto afetivo elemento fundamental para o desenvolvimento integral da criança.</strong></p>



<figure class="wp-block-embed is-type-video is-provider-youtube wp-block-embed-youtube wp-embed-aspect-16-9 wp-has-aspect-ratio"><div class="wp-block-embed__wrapper">
<p class="responsive-video-wrap clr"><iframe title="Professora Barbara   CMEI 13 DE MAIO" width="1200" height="675" src="https://www.youtube.com/embed/E3dJ8ANLTfU?feature=oembed" frameborder="0" allow="accelerometer; autoplay; clipboard-write; encrypted-media; gyroscope; picture-in-picture" allowfullscreen></iframe></p>
</div></figure>



<p class="has-text-align-center has-light-green-cyan-background-color has-text-color has-background has-medium-font-size" style="color:#041720"><strong>Sabendo disso <span class="has-inline-color has-vivid-red-color">a&nbsp;professora Thaís Bárbara do CMEI 13 de Maio</span>&nbsp;gravou um vídeo explicando sobre a importância de aproveitarmos as brincadeiras para construirmos com as crianças memórias afetivas. Vamos conferir?</strong></p>



<p class="has-text-align-center has-luminous-vivid-amber-background-color has-text-color has-background has-medium-font-size" style="color:#041218"><strong>Que tal brincar junto com a sua criança e ampliar os vinculos afetivos? Veja também a sugestão da brincadeira&nbsp;“Rema Rema”&nbsp;da <span class="has-inline-color has-vivid-red-color">professora Andréia&nbsp;do CMEI Tempo de Infância</span>.</strong></p>



<figure class="wp-block-embed is-type-video is-provider-youtube wp-block-embed-youtube wp-embed-aspect-16-9 wp-has-aspect-ratio"><div class="wp-block-embed__wrapper">
<p class="responsive-video-wrap clr"><iframe title="Rema, rema o barquinho" width="1200" height="675" src="https://www.youtube.com/embed/HJdZsvBDiYc?feature=oembed" frameborder="0" allow="accelerometer; autoplay; clipboard-write; encrypted-media; gyroscope; picture-in-picture" allowfullscreen></iframe></p>
</div><figcaption>Fonte: Canal do Youtube &#8211; CMEI Tempo de Infância</figcaption></figure>



<p class="has-text-align-center has-light-green-cyan-background-color has-text-color has-background has-medium-font-size" style="color:#020b0f"><strong>O <span class="has-inline-color has-vivid-red-color">brincar junto</span>&nbsp;pode acontecer através de diferentes brincadeiras, convide sua criança para brincar de:&nbsp;</strong><em><strong>Adoleta, Pedra, papel e tesoura, Gol de dedos e outras</strong> <strong>brincadeiras que vocês possam brincar juntos.</strong>&nbsp;</em><strong>Para começar basta brincar!</strong></p>



<hr class="wp-block-separator"/>



<figure class="wp-block-table is-style-stripes"><table><tbody><tr><td>Proponentes/Curadoria</td><td>NEC</td></tr><tr><td>Professoras convidadas</td><td>Professora Thaís Bárbara e Professora Andréia Pires</td></tr></tbody></table></figure>
