{"id":127832,"date":"2021-05-17T13:02:29","date_gmt":"2021-05-17T16:02:29","guid":{"rendered":"https:\/\/sme.goiania.go.gov.br\/conexaoescola\/?post_type=educacao_infantil&#038;p=127832"},"modified":"2021-05-17T14:41:26","modified_gmt":"2021-05-17T17:41:26","slug":"vamos-brincar-junto","status":"publish","type":"educacao_infantil","link":"https:\/\/sme.goiania.go.gov.br\/conexaoescola\/educacao_infantil\/vamos-brincar-junto\/","title":{"rendered":"Vamos brincar juntos?"},"content":{"rendered":"\n<div class=\"wp-block-image is-style-rounded\"><figure class=\"aligncenter size-large is-resized\"><img fetchpriority=\"high\" decoding=\"async\" src=\"https:\/\/sme.goiania.go.gov.br\/conexaoescola\/wp-content\/uploads\/2021\/05\/04385107300-e1621135973753.jpg\" alt=\"\" class=\"wp-image-127833\" width=\"698\" height=\"436\" srcset=\"https:\/\/sme.goiania.go.gov.br\/conexaoescola\/wp-content\/uploads\/2021\/05\/04385107300-e1621135973753.jpg 480w, https:\/\/sme.goiania.go.gov.br\/conexaoescola\/wp-content\/uploads\/2021\/05\/04385107300-e1621135973753-300x188.jpg 300w\" sizes=\"(max-width: 698px) 100vw, 698px\" \/><figcaption>Imagem: http:\/\/revistacrescer.globo.com\/Revista\/Crescer<\/figcaption><\/figure><\/div>\n\n\n\n<p style=\"background-color:#aaf8a3;color:#010506\" class=\"has-text-color has-background has-drop-cap has-text-align-center has-medium-font-size\"><strong>O brincar representa na vida da crian\u00e7a uma linguagem \u00fanica de <span class=\"has-inline-color has-vivid-red-color\">conex\u00e3o com o mundo<\/span>.  A brincadeira \u00e9 fonte para a <span class=\"has-inline-color has-vivid-red-color\">imagina\u00e7\u00e3o, express\u00e3o e aprendizagem<\/span>, sendo considerada uma <span class=\"has-inline-color has-vivid-red-color\">linguagem essencial na inf\u00e2ncia<\/span>. Atrav\u00e9s do brincar a crian\u00e7a consegue se expressar, dizer o que gosta, o que  sente e o que deseja. <\/strong><\/p>\n\n\n\n<p style=\"background-color:#c4e4f8;color:#041015\" class=\"has-text-color has-background has-text-align-center has-medium-font-size\"><strong>\u00c9 na brincadeira que a crian\u00e7a vive e revive situa\u00e7\u00f5es que lhe causam alegria, satisfa\u00e7\u00e3o, medo e outros tantos sentimentos. Tudo isso contribui para <span class=\"has-inline-color has-vivid-red-color\">a forma\u00e7\u00e3o de sua identidade<\/span> e para o seu desenvolvimento. <\/strong><\/p>\n\n\n\n<p style=\"background-color:#f8d9c4;color:#05161e\" class=\"has-text-color has-background has-text-align-center has-medium-font-size\"><strong>E quando o brincar \u00e9 vivido e compartilhado com diferentes sujeitos abre-se uma janela de oportunidades para <span class=\"has-inline-color has-vivid-red-color\">o desenvolvimento da socializa\u00e7\u00e3o <\/span><span class=\"has-inline-color has-very-dark-gray-color\">e para a constru\u00e7\u00e3o de<\/span><span class=\"has-inline-color has-vivid-red-color\"> v\u00ednculos afetivos. <\/span><\/strong> <strong>Sendo o aspecto afetivo elemento fundamental para o desenvolvimento integral crian\u00e7a.<\/strong><\/p>\n\n\n\n<p style=\"background-color:#95e8a3;color:#040f15\" class=\"has-text-color has-background has-text-align-center has-medium-font-size\"><strong> Sabendo disso a <span class=\"has-inline-color has-vivid-red-color\">professora Tha\u00eds B\u00e1rbara do CMEI 13 de Maio<\/span> gravou um v\u00eddeo explicando sobre a import\u00e2ncia de aproveitarmos as brincadeiras para  construirmos com as crian\u00e7as mem\u00f3rias afetivas. Vamos conferir? <\/strong><\/p>\n\n\n\n<figure class=\"wp-block-embed-youtube wp-block-embed is-type-video is-provider-youtube wp-embed-aspect-4-3 wp-has-aspect-ratio\"><div class=\"wp-block-embed__wrapper\">\n<p class=\"responsive-video-wrap clr\"><iframe title=\"BRINCADEIRA COM OS P\u00c9S  - MEM\u00d3RIAS AFETIVAS COM A  PROFESSORA THA\u00cdS B\u00c1RBARA\" width=\"1200\" height=\"900\" src=\"https:\/\/www.youtube.com\/embed\/KsigN5cuquQ?feature=oembed\" frameborder=\"0\" allow=\"accelerometer; autoplay; clipboard-write; encrypted-media; gyroscope; picture-in-picture\" allowfullscreen><\/iframe><\/p>\n<\/div><figcaption>DISPON\u00cdVEL EM: CANAL DO YOUTUBE DO CMEI 13 DE MAIO <\/figcaption><\/figure>\n\n\n\n<p style=\"background-color:#fabaca;color:#031015\" class=\"has-text-color has-background has-text-align-center has-medium-font-size\"><strong>Que tal aproveitar a dica da professora Tha\u00eds B\u00e1rbara e convidar o seu beb\u00ea para <span class=\"has-inline-color has-vivid-red-color\">brincar de andar sobre os p\u00e9s?<\/span> Para brincar \u00e9 s\u00f3 come\u00e7ar!!! <\/strong><\/p>\n\n\n\n<hr class=\"wp-block-separator\"\/>\n\n\n\n<figure class=\"wp-block-table is-style-stripes\"><table><tbody><tr><td>Proponentes\/Curadoria<\/td><td>NEC<\/td><\/tr><tr><td>Professoras convidadas<\/td><td>Professora Tha\u00eds B\u00e1rbara e Professora Andr\u00e9ia Pires<\/td><\/tr><\/tbody><\/table><\/figure>\n\n\n\n<p><\/p>\n\n\n\n<p><\/p>\n\n\n\n<p><\/p>\n","protected":false},"author":16,"featured_media":127833,"template":"","ei_categoria":[10],"class_list":["post-127832","educacao_infantil","type-educacao_infantil","status-publish","has-post-thumbnail","hentry","ei_categoria-bebes","entry","has-media"],"acf":[],"_links":{"self":[{"href":"https:\/\/sme.goiania.go.gov.br\/conexaoescola\/wp-json\/wp\/v2\/educacao_infantil\/127832","targetHints":{"allow":["GET"]}}],"collection":[{"href":"https:\/\/sme.goiania.go.gov.br\/conexaoescola\/wp-json\/wp\/v2\/educacao_infantil"}],"about":[{"href":"https:\/\/sme.goiania.go.gov.br\/conexaoescola\/wp-json\/wp\/v2\/types\/educacao_infantil"}],"author":[{"embeddable":true,"href":"https:\/\/sme.goiania.go.gov.br\/conexaoescola\/wp-json\/wp\/v2\/users\/16"}],"wp:featuredmedia":[{"embeddable":true,"href":"https:\/\/sme.goiania.go.gov.br\/conexaoescola\/wp-json\/wp\/v2\/media\/127833"}],"wp:attachment":[{"href":"https:\/\/sme.goiania.go.gov.br\/conexaoescola\/wp-json\/wp\/v2\/media?parent=127832"}],"wp:term":[{"taxonomy":"ei_categoria","embeddable":true,"href":"https:\/\/sme.goiania.go.gov.br\/conexaoescola\/wp-json\/wp\/v2\/ei_categoria?post=127832"}],"curies":[{"name":"wp","href":"https:\/\/api.w.org\/{rel}","templated":true}]}}

<div class="wp-block-image is-style-rounded"><figure class="aligncenter size-large is-resized"><img fetchpriority="high" decoding="async" src="https://sme.goiania.go.gov.br/conexaoescola/wp-content/uploads/2021/05/04385107300-e1621135973753.jpg" alt="" class="wp-image-127833" width="698" height="436" srcset="https://sme.goiania.go.gov.br/conexaoescola/wp-content/uploads/2021/05/04385107300-e1621135973753.jpg 480w, https://sme.goiania.go.gov.br/conexaoescola/wp-content/uploads/2021/05/04385107300-e1621135973753-300x188.jpg 300w" sizes="(max-width: 698px) 100vw, 698px" /><figcaption>Imagem: http://revistacrescer.globo.com/Revista/Crescer</figcaption></figure></div>



<p style="background-color:#aaf8a3;color:#010506" class="has-text-color has-background has-drop-cap has-text-align-center has-medium-font-size"><strong>O brincar representa na vida da criança uma linguagem única de <span class="has-inline-color has-vivid-red-color">conexão com o mundo</span>.  A brincadeira é fonte para a <span class="has-inline-color has-vivid-red-color">imaginação, expressão e aprendizagem</span>, sendo considerada uma <span class="has-inline-color has-vivid-red-color">linguagem essencial na infância</span>. Através do brincar a criança consegue se expressar, dizer o que gosta, o que  sente e o que deseja. </strong></p>



<p style="background-color:#c4e4f8;color:#041015" class="has-text-color has-background has-text-align-center has-medium-font-size"><strong>É na brincadeira que a criança vive e revive situações que lhe causam alegria, satisfação, medo e outros tantos sentimentos. Tudo isso contribui para <span class="has-inline-color has-vivid-red-color">a formação de sua identidade</span> e para o seu desenvolvimento. </strong></p>



<p style="background-color:#f8d9c4;color:#05161e" class="has-text-color has-background has-text-align-center has-medium-font-size"><strong>E quando o brincar é vivido e compartilhado com diferentes sujeitos abre-se uma janela de oportunidades para <span class="has-inline-color has-vivid-red-color">o desenvolvimento da socialização </span><span class="has-inline-color has-very-dark-gray-color">e para a construção de</span><span class="has-inline-color has-vivid-red-color"> vínculos afetivos. </span></strong> <strong>Sendo o aspecto afetivo elemento fundamental para o desenvolvimento integral criança.</strong></p>



<p style="background-color:#95e8a3;color:#040f15" class="has-text-color has-background has-text-align-center has-medium-font-size"><strong> Sabendo disso a <span class="has-inline-color has-vivid-red-color">professora Thaís Bárbara do CMEI 13 de Maio</span> gravou um vídeo explicando sobre a importância de aproveitarmos as brincadeiras para  construirmos com as crianças memórias afetivas. Vamos conferir? </strong></p>



<figure class="wp-block-embed-youtube wp-block-embed is-type-video is-provider-youtube wp-embed-aspect-4-3 wp-has-aspect-ratio"><div class="wp-block-embed__wrapper">
<p class="responsive-video-wrap clr"><iframe title="BRINCADEIRA COM OS PÉS  - MEMÓRIAS AFETIVAS COM A  PROFESSORA THAÍS BÁRBARA" width="1200" height="900" src="https://www.youtube.com/embed/KsigN5cuquQ?feature=oembed" frameborder="0" allow="accelerometer; autoplay; clipboard-write; encrypted-media; gyroscope; picture-in-picture" allowfullscreen></iframe></p>
</div><figcaption>DISPONÍVEL EM: CANAL DO YOUTUBE DO CMEI 13 DE MAIO </figcaption></figure>



<p style="background-color:#fabaca;color:#031015" class="has-text-color has-background has-text-align-center has-medium-font-size"><strong>Que tal aproveitar a dica da professora Thaís Bárbara e convidar o seu bebê para <span class="has-inline-color has-vivid-red-color">brincar de andar sobre os pés?</span> Para brincar é só começar!!! </strong></p>



<hr class="wp-block-separator"/>



<figure class="wp-block-table is-style-stripes"><table><tbody><tr><td>Proponentes/Curadoria</td><td>NEC</td></tr><tr><td>Professoras convidadas</td><td>Professora Thaís Bárbara e Professora Andréia Pires</td></tr></tbody></table></figure>



<p></p>



<p></p>



<p></p>
