{"id":127685,"date":"2021-05-10T10:53:48","date_gmt":"2021-05-10T13:53:48","guid":{"rendered":"https:\/\/sme.goiania.go.gov.br\/conexaoescola\/?post_type=educacao_infantil&#038;p=127685"},"modified":"2021-05-21T07:27:33","modified_gmt":"2021-05-21T10:27:33","slug":"qual-e-o-autor-2","status":"publish","type":"educacao_infantil","link":"https:\/\/sme.goiania.go.gov.br\/conexaoescola\/educacao_infantil\/qual-e-o-autor-2\/","title":{"rendered":"Qual \u00e9 o autor?"},"content":{"rendered":"\n<div class=\"wp-block-image is-style-rounded\"><figure class=\"aligncenter size-large is-resized\"><img fetchpriority=\"high\" decoding=\"async\" src=\"https:\/\/sme.goiania.go.gov.br\/conexaoescola\/wp-content\/uploads\/2021\/05\/WhatsApp-Image-2021-05-09-at-11.33.56-1-1024x834.jpeg\" alt=\"\" class=\"wp-image-127687\" width=\"672\" height=\"547\"\/><figcaption><em><strong>Livro: Pin\u00f3quio \u2013<\/strong> O livro das pequenas verdades<\/em><\/figcaption><\/figure><\/div>\n\n\n\n<p class=\"has-drop-cap has-text-color has-background has-medium-font-size\" style=\"background-color:#d6eef8;color:#01090c\"><strong>A<strong>o&nbsp;<span class=\"has-inline-color has-vivid-red-color\">ouvir hist\u00f3rias<\/span>&nbsp;as crian\u00e7as se sentem acolhidas, se identificam com um personagem, com uma situa\u00e7\u00e3o, com um lugar<\/strong>&nbsp;<strong>e ampliam seu repert\u00f3rio cultural.<\/strong><\/strong><\/p>\n\n\n\n<p class=\"has-text-align-center has-text-color has-background has-medium-font-size\" style=\"background-color:#e8c8e1;color:#040e13\"><strong>Ler e conhecer os&nbsp;<span class=\"has-inline-color has-vivid-red-color\">autores<\/span>&nbsp;\u2013 suas obras e hist\u00f3rias \u2013 \u00e9 um&nbsp;direito das crian\u00e7as.<\/strong>&nbsp;<strong>Valorizar e oportunizar esses momentos \u00e9 muito importante!<\/strong><\/p>\n\n\n\n<p class=\"has-text-align-center has-text-color has-background has-medium-font-size\" style=\"background-color:#ec5053;color:#02080a\"><strong>Que tal conhecermos um pouco sobre os autores que fazem parte do universo da&nbsp;<span class=\"has-inline-color has-very-light-gray-color\">Literatura Infantil<\/span>&nbsp;em nosso pa\u00eds?<\/strong><\/p>\n\n\n\n<p class=\"has-text-align-center has-text-color has-background has-medium-font-size\" style=\"background-color:#efdadf;color:#040d11\"><strong>O autor&nbsp;<span class=\"has-inline-color has-vivid-red-color\">Alexandre Rampazo<\/span>&nbsp;\u00e9 um deles. Ele nasceu em S\u00e3o Paulo, formou-se em design, foi diretor de arte, \u00e9 autor e ilustrador de diversos livros, entre eles:<em>&nbsp;Imensamente pequeno; Eust\u00e1quio, o m\u00e1gico magn\u00edfico; Um belo lugar; Pin\u00f3quio \u2013 O livro das pequenas verdades; Aqui, bem perto; A cor de Coraline<\/em>;&nbsp;<em>Este \u00e9 o Lobo<\/em>\u2026<\/strong><\/p>\n\n\n\n<p class=\"has-text-align-center has-text-color has-background has-medium-font-size\" style=\"background-color:#d6eef8;color:#051117\"><strong>Ilustrou tamb\u00e9m textos de outros autores e tem por volta de 70 livros editados.<\/strong>&nbsp;<strong>Vamos ouvir o recado gravado pelo autor&nbsp;<span class=\"has-inline-color has-vivid-red-color\">Alexandre Rampazo<\/span>&nbsp;para todas as crian\u00e7as e fam\u00edlias?<\/strong><\/p>\n\n\n\n<figure class=\"wp-block-embed aligncenter is-type-video is-provider-youtube wp-block-embed-youtube wp-embed-aspect-16-9 wp-has-aspect-ratio\"><div class=\"wp-block-embed__wrapper\">\n<p class=\"responsive-video-wrap clr\"><iframe title=\"Alexandre Rampazo\" width=\"1200\" height=\"675\" src=\"https:\/\/www.youtube.com\/embed\/15uJlS80600?feature=oembed\" frameborder=\"0\" allow=\"accelerometer; autoplay; clipboard-write; encrypted-media; gyroscope; picture-in-picture\" allowfullscreen><\/iframe><\/p>\n<\/div><\/figure>\n\n\n\n<p class=\"has-text-align-center has-text-color has-background has-medium-font-size\" style=\"background-color:#bae2fa;color:#020d11\"><strong>A contadora de hist\u00f3ria&nbsp;<span class=\"has-inline-color has-vivid-red-color\">Liliane Tosta<\/span>&nbsp;\u2013 professora da Secretaria Municipal de Educa\u00e7\u00e3o de Goi\u00e2nia \u2013 vai nos apresentar&nbsp;<strong>a obra do autor Alexandre Rampazo \u2013&nbsp;<span class=\"has-inline-color has-vivid-red-color\"><em>\u201cPin\u00f3quio: o livro das pequenas verdades\u201d<\/em>&nbsp;<\/span>\u2013 lan\u00e7ado pela Editora Boitat\u00e1,&nbsp;<\/strong>uma hist\u00f3ria cheia de surpresas e descobertas!<\/strong><\/p>\n\n\n\n<p class=\"has-text-align-center has-text-color has-background has-medium-font-size\" style=\"background-color:#f7c29c;color:#040f13\"><strong> <strong>Organize um&nbsp;<span class=\"has-inline-color has-vivid-red-color\">ambiente<\/span>&nbsp;que seja&nbsp;agrad\u00e1vel&nbsp;e&nbsp;confort\u00e1vel&nbsp;para esse momento todo especial<\/strong>.<\/strong><\/p>\n\n\n\n<figure class=\"wp-block-embed aligncenter is-type-video is-provider-youtube wp-block-embed-youtube wp-embed-aspect-16-9 wp-has-aspect-ratio\"><div class=\"wp-block-embed__wrapper\">\n<p class=\"responsive-video-wrap clr\"><iframe title=\"Liliane Tosta -  Pin\u00f3quio - O Livro das Pequenas Verdades\" width=\"1200\" height=\"675\" src=\"https:\/\/www.youtube.com\/embed\/R4ILscxAC5Y?feature=oembed\" frameborder=\"0\" allow=\"accelerometer; autoplay; clipboard-write; encrypted-media; gyroscope; picture-in-picture\" allowfullscreen><\/iframe><\/p>\n<\/div><figcaption>Fonte: Canal do Youtube Conex\u00e3o Escola <\/figcaption><\/figure>\n\n\n\n<p class=\"has-text-align-center has-text-color has-background has-medium-font-size\" style=\"background-color:#f7cbac;color:#02080a\"><strong>Descubra e&nbsp;<span class=\"has-inline-color has-vivid-red-color\">explorem<\/span> juntos&nbsp;todas as possibilidades que os&nbsp;livros&nbsp;podem oferecer! <\/strong><\/p>\n\n\n\n<figure class=\"wp-block-table is-style-stripes\"><table><tbody><tr><td>Proponentes\/Curadoria<\/td><td>NEC<\/td><\/tr><tr><td>Professora Convidada<\/td><td>Liliane Tosta<\/td><\/tr><\/tbody><\/table><figcaption>Educa\u00e7\u00e3o Infantil &#8211; Crian\u00e7as bem pequenas<\/figcaption><\/figure>\n","protected":false},"author":1,"featured_media":127687,"template":"","ei_categoria":[11],"class_list":["post-127685","educacao_infantil","type-educacao_infantil","status-publish","has-post-thumbnail","hentry","ei_categoria-criancas-bem-pequenas","entry","has-media"],"acf":[],"_links":{"self":[{"href":"https:\/\/sme.goiania.go.gov.br\/conexaoescola\/wp-json\/wp\/v2\/educacao_infantil\/127685","targetHints":{"allow":["GET"]}}],"collection":[{"href":"https:\/\/sme.goiania.go.gov.br\/conexaoescola\/wp-json\/wp\/v2\/educacao_infantil"}],"about":[{"href":"https:\/\/sme.goiania.go.gov.br\/conexaoescola\/wp-json\/wp\/v2\/types\/educacao_infantil"}],"author":[{"embeddable":true,"href":"https:\/\/sme.goiania.go.gov.br\/conexaoescola\/wp-json\/wp\/v2\/users\/1"}],"wp:featuredmedia":[{"embeddable":true,"href":"https:\/\/sme.goiania.go.gov.br\/conexaoescola\/wp-json\/wp\/v2\/media\/127687"}],"wp:attachment":[{"href":"https:\/\/sme.goiania.go.gov.br\/conexaoescola\/wp-json\/wp\/v2\/media?parent=127685"}],"wp:term":[{"taxonomy":"ei_categoria","embeddable":true,"href":"https:\/\/sme.goiania.go.gov.br\/conexaoescola\/wp-json\/wp\/v2\/ei_categoria?post=127685"}],"curies":[{"name":"wp","href":"https:\/\/api.w.org\/{rel}","templated":true}]}}

Qual é o autor?

<div class="wp-block-image is-style-rounded"><figure class="aligncenter size-large is-resized"><img fetchpriority="high" decoding="async" src="https://sme.goiania.go.gov.br/conexaoescola/wp-content/uploads/2021/05/WhatsApp-Image-2021-05-09-at-11.33.56-1-1024x834.jpeg" alt="" class="wp-image-127687" width="672" height="547"/><figcaption><em><strong>Livro: Pinóquio –</strong> O livro das pequenas verdades</em></figcaption></figure></div>



<p class="has-drop-cap has-text-color has-background has-medium-font-size" style="background-color:#d6eef8;color:#01090c"><strong>A<strong>o&nbsp;<span class="has-inline-color has-vivid-red-color">ouvir histórias</span>&nbsp;as crianças se sentem acolhidas, se identificam com um personagem, com uma situação, com um lugar</strong>&nbsp;<strong>e ampliam seu repertório cultural.</strong></strong></p>



<p class="has-text-align-center has-text-color has-background has-medium-font-size" style="background-color:#e8c8e1;color:#040e13"><strong>Ler e conhecer os&nbsp;<span class="has-inline-color has-vivid-red-color">autores</span>&nbsp;– suas obras e histórias – é um&nbsp;direito das crianças.</strong>&nbsp;<strong>Valorizar e oportunizar esses momentos é muito importante!</strong></p>



<p class="has-text-align-center has-text-color has-background has-medium-font-size" style="background-color:#ec5053;color:#02080a"><strong>Que tal conhecermos um pouco sobre os autores que fazem parte do universo da&nbsp;<span class="has-inline-color has-very-light-gray-color">Literatura Infantil</span>&nbsp;em nosso país?</strong></p>



<p class="has-text-align-center has-text-color has-background has-medium-font-size" style="background-color:#efdadf;color:#040d11"><strong>O autor&nbsp;<span class="has-inline-color has-vivid-red-color">Alexandre Rampazo</span>&nbsp;é um deles. Ele nasceu em São Paulo, formou-se em design, foi diretor de arte, é autor e ilustrador de diversos livros, entre eles:<em>&nbsp;Imensamente pequeno; Eustáquio, o mágico magnífico; Um belo lugar; Pinóquio – O livro das pequenas verdades; Aqui, bem perto; A cor de Coraline</em>;&nbsp;<em>Este é o Lobo</em>…</strong></p>



<p class="has-text-align-center has-text-color has-background has-medium-font-size" style="background-color:#d6eef8;color:#051117"><strong>Ilustrou também textos de outros autores e tem por volta de 70 livros editados.</strong>&nbsp;<strong>Vamos ouvir o recado gravado pelo autor&nbsp;<span class="has-inline-color has-vivid-red-color">Alexandre Rampazo</span>&nbsp;para todas as crianças e famílias?</strong></p>



<figure class="wp-block-embed aligncenter is-type-video is-provider-youtube wp-block-embed-youtube wp-embed-aspect-16-9 wp-has-aspect-ratio"><div class="wp-block-embed__wrapper">
<p class="responsive-video-wrap clr"><iframe title="Alexandre Rampazo" width="1200" height="675" src="https://www.youtube.com/embed/15uJlS80600?feature=oembed" frameborder="0" allow="accelerometer; autoplay; clipboard-write; encrypted-media; gyroscope; picture-in-picture" allowfullscreen></iframe></p>
</div></figure>



<p class="has-text-align-center has-text-color has-background has-medium-font-size" style="background-color:#bae2fa;color:#020d11"><strong>A contadora de história&nbsp;<span class="has-inline-color has-vivid-red-color">Liliane Tosta</span>&nbsp;– professora da Secretaria Municipal de Educação de Goiânia – vai nos apresentar&nbsp;<strong>a obra do autor Alexandre Rampazo –&nbsp;<span class="has-inline-color has-vivid-red-color"><em>“Pinóquio: o livro das pequenas verdades”</em>&nbsp;</span>– lançado pela Editora Boitatá,&nbsp;</strong>uma história cheia de surpresas e descobertas!</strong></p>



<p class="has-text-align-center has-text-color has-background has-medium-font-size" style="background-color:#f7c29c;color:#040f13"><strong> <strong>Organize um&nbsp;<span class="has-inline-color has-vivid-red-color">ambiente</span>&nbsp;que seja&nbsp;agradável&nbsp;e&nbsp;confortável&nbsp;para esse momento todo especial</strong>.</strong></p>



<figure class="wp-block-embed aligncenter is-type-video is-provider-youtube wp-block-embed-youtube wp-embed-aspect-16-9 wp-has-aspect-ratio"><div class="wp-block-embed__wrapper">
<p class="responsive-video-wrap clr"><iframe title="Liliane Tosta -  Pinóquio - O Livro das Pequenas Verdades" width="1200" height="675" src="https://www.youtube.com/embed/R4ILscxAC5Y?feature=oembed" frameborder="0" allow="accelerometer; autoplay; clipboard-write; encrypted-media; gyroscope; picture-in-picture" allowfullscreen></iframe></p>
</div><figcaption>Fonte: Canal do Youtube Conexão Escola </figcaption></figure>



<p class="has-text-align-center has-text-color has-background has-medium-font-size" style="background-color:#f7cbac;color:#02080a"><strong>Descubra e&nbsp;<span class="has-inline-color has-vivid-red-color">explorem</span> juntos&nbsp;todas as possibilidades que os&nbsp;livros&nbsp;podem oferecer! </strong></p>



<figure class="wp-block-table is-style-stripes"><table><tbody><tr><td>Proponentes/Curadoria</td><td>NEC</td></tr><tr><td>Professora Convidada</td><td>Liliane Tosta</td></tr></tbody></table><figcaption>Educação Infantil &#8211; Crianças bem pequenas</figcaption></figure>
