{"id":127672,"date":"2021-05-10T09:59:03","date_gmt":"2021-05-10T12:59:03","guid":{"rendered":"https:\/\/sme.goiania.go.gov.br\/conexaoescola\/?post_type=educacao_infantil&#038;p=127672"},"modified":"2021-05-10T14:09:45","modified_gmt":"2021-05-10T17:09:45","slug":"vamos-conhecer-o-autor","status":"publish","type":"educacao_infantil","link":"https:\/\/sme.goiania.go.gov.br\/conexaoescola\/educacao_infantil\/vamos-conhecer-o-autor\/","title":{"rendered":"Vamos conhecer o autor?"},"content":{"rendered":"\n<div class=\"wp-block-image is-style-rounded\"><figure class=\"aligncenter size-large is-resized\"><img fetchpriority=\"high\" decoding=\"async\" src=\"https:\/\/sme.goiania.go.gov.br\/conexaoescola\/wp-content\/uploads\/2021\/05\/WhatsApp-Image-2021-05-09-at-11.33.56-e1620571327863-1024x737.jpeg\" alt=\"\" class=\"wp-image-127689\" width=\"674\" height=\"485\" srcset=\"https:\/\/sme.goiania.go.gov.br\/conexaoescola\/wp-content\/uploads\/2021\/05\/WhatsApp-Image-2021-05-09-at-11.33.56-e1620571327863-1024x737.jpeg 1024w, https:\/\/sme.goiania.go.gov.br\/conexaoescola\/wp-content\/uploads\/2021\/05\/WhatsApp-Image-2021-05-09-at-11.33.56-e1620571327863-300x216.jpeg 300w, https:\/\/sme.goiania.go.gov.br\/conexaoescola\/wp-content\/uploads\/2021\/05\/WhatsApp-Image-2021-05-09-at-11.33.56-e1620571327863-768x553.jpeg 768w, https:\/\/sme.goiania.go.gov.br\/conexaoescola\/wp-content\/uploads\/2021\/05\/WhatsApp-Image-2021-05-09-at-11.33.56-e1620571327863.jpeg 1080w\" sizes=\"(max-width: 674px) 100vw, 674px\" \/><figcaption><em><strong>Livro: Pin\u00f3quio \u2013<\/strong> O livro das pequenas verdades<\/em><\/figcaption><\/figure><\/div>\n\n\n\n<p style=\"background-color:#f7dfdf;color:#000000\" class=\"has-text-color has-background has-drop-cap has-text-align-center has-medium-font-size\"><strong>Ao <span class=\"has-inline-color has-vivid-red-color\">ouvir hist\u00f3rias<\/span> as crian\u00e7as se sentem acolhidas, se identificam com os personagens, com uma situa\u00e7\u00e3o ou um lugar<\/strong> <strong>e ampliam seu repert\u00f3rio cultural.<\/strong><\/p>\n\n\n\n<p style=\"background-color:#b6e6e5;color:#000000\" class=\"has-text-color has-background has-text-align-center has-medium-font-size\"><strong>Ler e conhecer os <span class=\"has-inline-color has-vivid-red-color\">Autores<\/span>  &#8211; suas obras e hist\u00f3rias &#8211; \u00e9 um <span class=\"has-inline-color has-vivid-red-color\">direito das crian\u00e7as<\/span>.<\/strong> <strong>Valorizar e oportunizar esses momentos \u00e9 muito importante!<\/strong><\/p>\n\n\n\n<p style=\"background-color:#f5a371;color:#000000\" class=\"has-text-color has-background has-text-align-center has-medium-font-size\"><strong>Que tal conhecermos um pouco sobre os autores que fazem parte do universo da <span class=\"has-inline-color has-vivid-red-color\">Literatura Infantil<\/span> em nosso pa\u00eds? <\/strong><\/p>\n\n\n\n<p style=\"background-color:#f7dfdf;color:#000000\" class=\"has-text-color has-background has-text-align-center has-medium-font-size\"><strong>O autor <span class=\"has-inline-color has-vivid-red-color\">Alexandre Rampazo <\/span>\u00e9 um deles. Ele nasceu em S\u00e3o Paulo, formou-se em design, foi diretor de arte, \u00e9 autor e ilustrador de diversos livros, entre eles:<em> Imensamente pequeno; Eust\u00e1quio, o m\u00e1gico magn\u00edfico; Um belo lugar; Pin\u00f3quio \u2013 O livro das pequenas verdades; Aqui, bem perto; A cor de Coraline<\/em>;&nbsp;<em>Este \u00e9 o Lobo<\/em>&#8230;<\/strong><\/p>\n\n\n\n<p style=\"background-color:#d35656;color:#000000\" class=\"has-text-color has-background has-text-align-center has-medium-font-size\"><strong>Ilustrou tamb\u00e9m textos de outros autores e tem por volta de 70 livros editados.<\/strong> <strong>Vamos ouvir o recado gravado pelo autor <span class=\"has-inline-color has-very-light-gray-color\">Alexandre Rampazo<\/span> para todas as crian\u00e7as e fam\u00edlias?<\/strong><\/p>\n\n\n\n<figure class=\"wp-block-embed-youtube aligncenter wp-block-embed is-type-video is-provider-youtube wp-embed-aspect-16-9 wp-has-aspect-ratio\"><div class=\"wp-block-embed__wrapper\">\n<p class=\"responsive-video-wrap clr\"><iframe title=\"Alexandre Rampazo\" width=\"1200\" height=\"675\" src=\"https:\/\/www.youtube.com\/embed\/15uJlS80600?feature=oembed\" frameborder=\"0\" allow=\"accelerometer; autoplay; clipboard-write; encrypted-media; gyroscope; picture-in-picture\" allowfullscreen><\/iframe><\/p>\n<\/div><\/figure>\n\n\n\n<p style=\"background-color:#ead0d0;color:#290101\" class=\"has-text-color has-background has-text-align-center has-medium-font-size\"><strong>A contadora de hist\u00f3ria <span class=\"has-inline-color has-vivid-red-color\">Liliane Tosta<\/span> &#8211; professora da Secretaria Municipal de Educa\u00e7\u00e3o de Goi\u00e2nia &#8211;  vai nos apresentar <strong>a obra do autor Alexandre Rampazo &#8211; <em>&#8220;Pin\u00f3quio: o livro das pequenas verdades&#8221;<\/em> &#8211; lan\u00e7ado pela Editora Boitat\u00e1, <\/strong>uma hist\u00f3ria cheia de surpresas e descobertas! <\/strong><\/p>\n\n\n\n<hr class=\"wp-block-separator\"\/>\n\n\n\n<figure class=\"wp-block-embed-youtube aligncenter wp-block-embed is-type-video is-provider-youtube wp-embed-aspect-16-9 wp-has-aspect-ratio\"><div class=\"wp-block-embed__wrapper\">\n<p class=\"responsive-video-wrap clr\"><iframe title=\"Liliane Tosta -  Pin\u00f3quio - O Livro das Pequenas Verdades\" width=\"1200\" height=\"675\" src=\"https:\/\/www.youtube.com\/embed\/R4ILscxAC5Y?feature=oembed\" frameborder=\"0\" allow=\"accelerometer; autoplay; clipboard-write; encrypted-media; gyroscope; picture-in-picture\" allowfullscreen><\/iframe><\/p>\n<\/div><figcaption>Fonte: Canal do youtube Conex\u00e3o Escola <\/figcaption><\/figure>\n\n\n\n<p style=\"background-color:#bfddef;color:#01080a\" class=\"has-text-color has-background has-text-align-center has-medium-font-size\"><strong>Que tal escolher uma hist\u00f3ria que seu beb\u00ea adora ouvir? O importante \u00e9 <span class=\"has-inline-color has-vivid-red-color\">explorar<\/span> todos os elementos do livro: como capa, ilustra\u00e7\u00f5es, textos, entre outros. Organize um <span class=\"has-inline-color has-vivid-red-color\">ambiente <\/span><span style=\"color:#000000\" class=\"has-inline-color\">que seja <\/span><span class=\"has-inline-color has-vivid-red-color\">agrad\u00e1vel<\/span><span style=\"color:#000000\" class=\"has-inline-color\"> e  <\/span><span class=\"has-inline-color has-vivid-red-color\">confort\u00e1vel <\/span><span style=\"color:#000000\" class=\"has-inline-color\">para esse momento todo especial.<\/span><span class=\"has-inline-color has-vivid-red-color\"> <\/span>O gosto pela leitura acontece desde cedo!<\/strong><\/p>\n\n\n\n<div class=\"wp-block-image is-style-default\"><figure class=\"aligncenter size-large\"><img decoding=\"async\" width=\"1024\" height=\"685\" src=\"https:\/\/sme.goiania.go.gov.br\/conexaoescola\/wp-content\/uploads\/2021\/05\/child-2916844_1920-1024x685.jpg\" alt=\"\" class=\"wp-image-127694\" srcset=\"https:\/\/sme.goiania.go.gov.br\/conexaoescola\/wp-content\/uploads\/2021\/05\/child-2916844_1920-1024x685.jpg 1024w, https:\/\/sme.goiania.go.gov.br\/conexaoescola\/wp-content\/uploads\/2021\/05\/child-2916844_1920-300x201.jpg 300w, https:\/\/sme.goiania.go.gov.br\/conexaoescola\/wp-content\/uploads\/2021\/05\/child-2916844_1920-768x514.jpg 768w, https:\/\/sme.goiania.go.gov.br\/conexaoescola\/wp-content\/uploads\/2021\/05\/child-2916844_1920-1536x1028.jpg 1536w, https:\/\/sme.goiania.go.gov.br\/conexaoescola\/wp-content\/uploads\/2021\/05\/child-2916844_1920.jpg 1920w\" sizes=\"(max-width: 1024px) 100vw, 1024px\" \/><figcaption>Fonte: <a href=\"https:\/\/pixabay.com\/pt\/photos\/crian%C3%A7a-beb%C3%AA-coisinha-inf%C3%A2ncia-2916844\/\">https:\/\/pixabay.com\/pt\/photos\/crian%C3%A7a-beb%C3%AA-coisinha-inf%C3%A2ncia-2916844\/<\/a><\/figcaption><\/figure><\/div>\n\n\n\n<p style=\"background-color:#feae75;color:#000000\" class=\"has-text-color has-background has-text-align-center has-medium-font-size\"><strong>Descubra e <span class=\"has-inline-color has-vivid-red-color\">explorem juntos <\/span>todas as possibilidades que os <span class=\"has-inline-color has-vivid-red-color\">livros<\/span> podem oferecer! <\/strong><\/p>\n\n\n\n<figure class=\"wp-block-table is-style-stripes\"><table><tbody><tr><td>Proponentes\/Curadoria<\/td><td>NEC<\/td><\/tr><tr><td>Professora convidada<\/td><td>Liliane Tosta<\/td><\/tr><\/tbody><\/table><figcaption>Educa\u00e7\u00e3o Infantil &#8211; Beb\u00eas<\/figcaption><\/figure>\n","protected":false},"author":15,"featured_media":127689,"template":"","ei_categoria":[10],"class_list":["post-127672","educacao_infantil","type-educacao_infantil","status-publish","has-post-thumbnail","hentry","ei_categoria-bebes","entry","has-media"],"acf":[],"_links":{"self":[{"href":"https:\/\/sme.goiania.go.gov.br\/conexaoescola\/wp-json\/wp\/v2\/educacao_infantil\/127672","targetHints":{"allow":["GET"]}}],"collection":[{"href":"https:\/\/sme.goiania.go.gov.br\/conexaoescola\/wp-json\/wp\/v2\/educacao_infantil"}],"about":[{"href":"https:\/\/sme.goiania.go.gov.br\/conexaoescola\/wp-json\/wp\/v2\/types\/educacao_infantil"}],"author":[{"embeddable":true,"href":"https:\/\/sme.goiania.go.gov.br\/conexaoescola\/wp-json\/wp\/v2\/users\/15"}],"wp:featuredmedia":[{"embeddable":true,"href":"https:\/\/sme.goiania.go.gov.br\/conexaoescola\/wp-json\/wp\/v2\/media\/127689"}],"wp:attachment":[{"href":"https:\/\/sme.goiania.go.gov.br\/conexaoescola\/wp-json\/wp\/v2\/media?parent=127672"}],"wp:term":[{"taxonomy":"ei_categoria","embeddable":true,"href":"https:\/\/sme.goiania.go.gov.br\/conexaoescola\/wp-json\/wp\/v2\/ei_categoria?post=127672"}],"curies":[{"name":"wp","href":"https:\/\/api.w.org\/{rel}","templated":true}]}}

<div class="wp-block-image is-style-rounded"><figure class="aligncenter size-large is-resized"><img fetchpriority="high" decoding="async" src="https://sme.goiania.go.gov.br/conexaoescola/wp-content/uploads/2021/05/WhatsApp-Image-2021-05-09-at-11.33.56-e1620571327863-1024x737.jpeg" alt="" class="wp-image-127689" width="674" height="485" srcset="https://sme.goiania.go.gov.br/conexaoescola/wp-content/uploads/2021/05/WhatsApp-Image-2021-05-09-at-11.33.56-e1620571327863-1024x737.jpeg 1024w, https://sme.goiania.go.gov.br/conexaoescola/wp-content/uploads/2021/05/WhatsApp-Image-2021-05-09-at-11.33.56-e1620571327863-300x216.jpeg 300w, https://sme.goiania.go.gov.br/conexaoescola/wp-content/uploads/2021/05/WhatsApp-Image-2021-05-09-at-11.33.56-e1620571327863-768x553.jpeg 768w, https://sme.goiania.go.gov.br/conexaoescola/wp-content/uploads/2021/05/WhatsApp-Image-2021-05-09-at-11.33.56-e1620571327863.jpeg 1080w" sizes="(max-width: 674px) 100vw, 674px" /><figcaption><em><strong>Livro: Pinóquio –</strong> O livro das pequenas verdades</em></figcaption></figure></div>



<p style="background-color:#f7dfdf;color:#000000" class="has-text-color has-background has-drop-cap has-text-align-center has-medium-font-size"><strong>Ao <span class="has-inline-color has-vivid-red-color">ouvir histórias</span> as crianças se sentem acolhidas, se identificam com os personagens, com uma situação ou um lugar</strong> <strong>e ampliam seu repertório cultural.</strong></p>



<p style="background-color:#b6e6e5;color:#000000" class="has-text-color has-background has-text-align-center has-medium-font-size"><strong>Ler e conhecer os <span class="has-inline-color has-vivid-red-color">Autores</span>  &#8211; suas obras e histórias &#8211; é um <span class="has-inline-color has-vivid-red-color">direito das crianças</span>.</strong> <strong>Valorizar e oportunizar esses momentos é muito importante!</strong></p>



<p style="background-color:#f5a371;color:#000000" class="has-text-color has-background has-text-align-center has-medium-font-size"><strong>Que tal conhecermos um pouco sobre os autores que fazem parte do universo da <span class="has-inline-color has-vivid-red-color">Literatura Infantil</span> em nosso país? </strong></p>



<p style="background-color:#f7dfdf;color:#000000" class="has-text-color has-background has-text-align-center has-medium-font-size"><strong>O autor <span class="has-inline-color has-vivid-red-color">Alexandre Rampazo </span>é um deles. Ele nasceu em São Paulo, formou-se em design, foi diretor de arte, é autor e ilustrador de diversos livros, entre eles:<em> Imensamente pequeno; Eustáquio, o mágico magnífico; Um belo lugar; Pinóquio – O livro das pequenas verdades; Aqui, bem perto; A cor de Coraline</em>;&nbsp;<em>Este é o Lobo</em>&#8230;</strong></p>



<p style="background-color:#d35656;color:#000000" class="has-text-color has-background has-text-align-center has-medium-font-size"><strong>Ilustrou também textos de outros autores e tem por volta de 70 livros editados.</strong> <strong>Vamos ouvir o recado gravado pelo autor <span class="has-inline-color has-very-light-gray-color">Alexandre Rampazo</span> para todas as crianças e famílias?</strong></p>



<figure class="wp-block-embed-youtube aligncenter wp-block-embed is-type-video is-provider-youtube wp-embed-aspect-16-9 wp-has-aspect-ratio"><div class="wp-block-embed__wrapper">
<p class="responsive-video-wrap clr"><iframe title="Alexandre Rampazo" width="1200" height="675" src="https://www.youtube.com/embed/15uJlS80600?feature=oembed" frameborder="0" allow="accelerometer; autoplay; clipboard-write; encrypted-media; gyroscope; picture-in-picture" allowfullscreen></iframe></p>
</div></figure>



<p style="background-color:#ead0d0;color:#290101" class="has-text-color has-background has-text-align-center has-medium-font-size"><strong>A contadora de história <span class="has-inline-color has-vivid-red-color">Liliane Tosta</span> &#8211; professora da Secretaria Municipal de Educação de Goiânia &#8211;  vai nos apresentar <strong>a obra do autor Alexandre Rampazo &#8211; <em>&#8220;Pinóquio: o livro das pequenas verdades&#8221;</em> &#8211; lançado pela Editora Boitatá, </strong>uma história cheia de surpresas e descobertas! </strong></p>



<hr class="wp-block-separator"/>



<figure class="wp-block-embed-youtube aligncenter wp-block-embed is-type-video is-provider-youtube wp-embed-aspect-16-9 wp-has-aspect-ratio"><div class="wp-block-embed__wrapper">
<p class="responsive-video-wrap clr"><iframe title="Liliane Tosta -  Pinóquio - O Livro das Pequenas Verdades" width="1200" height="675" src="https://www.youtube.com/embed/R4ILscxAC5Y?feature=oembed" frameborder="0" allow="accelerometer; autoplay; clipboard-write; encrypted-media; gyroscope; picture-in-picture" allowfullscreen></iframe></p>
</div><figcaption>Fonte: Canal do youtube Conexão Escola </figcaption></figure>



<p style="background-color:#bfddef;color:#01080a" class="has-text-color has-background has-text-align-center has-medium-font-size"><strong>Que tal escolher uma história que seu bebê adora ouvir? O importante é <span class="has-inline-color has-vivid-red-color">explorar</span> todos os elementos do livro: como capa, ilustrações, textos, entre outros. Organize um <span class="has-inline-color has-vivid-red-color">ambiente </span><span style="color:#000000" class="has-inline-color">que seja </span><span class="has-inline-color has-vivid-red-color">agradável</span><span style="color:#000000" class="has-inline-color"> e  </span><span class="has-inline-color has-vivid-red-color">confortável </span><span style="color:#000000" class="has-inline-color">para esse momento todo especial.</span><span class="has-inline-color has-vivid-red-color"> </span>O gosto pela leitura acontece desde cedo!</strong></p>



<div class="wp-block-image is-style-default"><figure class="aligncenter size-large"><img decoding="async" width="1024" height="685" src="https://sme.goiania.go.gov.br/conexaoescola/wp-content/uploads/2021/05/child-2916844_1920-1024x685.jpg" alt="" class="wp-image-127694" srcset="https://sme.goiania.go.gov.br/conexaoescola/wp-content/uploads/2021/05/child-2916844_1920-1024x685.jpg 1024w, https://sme.goiania.go.gov.br/conexaoescola/wp-content/uploads/2021/05/child-2916844_1920-300x201.jpg 300w, https://sme.goiania.go.gov.br/conexaoescola/wp-content/uploads/2021/05/child-2916844_1920-768x514.jpg 768w, https://sme.goiania.go.gov.br/conexaoescola/wp-content/uploads/2021/05/child-2916844_1920-1536x1028.jpg 1536w, https://sme.goiania.go.gov.br/conexaoescola/wp-content/uploads/2021/05/child-2916844_1920.jpg 1920w" sizes="(max-width: 1024px) 100vw, 1024px" /><figcaption>Fonte: <a href="https://pixabay.com/pt/photos/crian%C3%A7a-beb%C3%AA-coisinha-inf%C3%A2ncia-2916844/">https://pixabay.com/pt/photos/crian%C3%A7a-beb%C3%AA-coisinha-inf%C3%A2ncia-2916844/</a></figcaption></figure></div>



<p style="background-color:#feae75;color:#000000" class="has-text-color has-background has-text-align-center has-medium-font-size"><strong>Descubra e <span class="has-inline-color has-vivid-red-color">explorem juntos </span>todas as possibilidades que os <span class="has-inline-color has-vivid-red-color">livros</span> podem oferecer! </strong></p>



<figure class="wp-block-table is-style-stripes"><table><tbody><tr><td>Proponentes/Curadoria</td><td>NEC</td></tr><tr><td>Professora convidada</td><td>Liliane Tosta</td></tr></tbody></table><figcaption>Educação Infantil &#8211; Bebês</figcaption></figure>
