{"id":127355,"date":"2021-05-03T08:43:57","date_gmt":"2021-05-03T11:43:57","guid":{"rendered":"https:\/\/sme.goiania.go.gov.br\/conexaoescola\/?post_type=educacao_infantil&#038;p=127355"},"modified":"2021-05-03T13:49:12","modified_gmt":"2021-05-03T16:49:12","slug":"os-bebes-e-a-natureza","status":"publish","type":"educacao_infantil","link":"https:\/\/sme.goiania.go.gov.br\/conexaoescola\/educacao_infantil\/os-bebes-e-a-natureza\/","title":{"rendered":"Os Beb\u00eas e a Natureza!"},"content":{"rendered":"\n<div class=\"wp-block-image is-style-rounded\"><figure class=\"aligncenter size-large is-resized\"><img fetchpriority=\"high\" decoding=\"async\" src=\"https:\/\/sme.goiania.go.gov.br\/conexaoescola\/wp-content\/uploads\/2021\/04\/natureza-lunetas-bebe-e1619614845613-1024x576.jpg\" alt=\"\" class=\"wp-image-127483\" width=\"684\" height=\"384\" srcset=\"https:\/\/sme.goiania.go.gov.br\/conexaoescola\/wp-content\/uploads\/2021\/04\/natureza-lunetas-bebe-e1619614845613-1024x576.jpg 1024w, https:\/\/sme.goiania.go.gov.br\/conexaoescola\/wp-content\/uploads\/2021\/04\/natureza-lunetas-bebe-e1619614845613-300x169.jpg 300w, https:\/\/sme.goiania.go.gov.br\/conexaoescola\/wp-content\/uploads\/2021\/04\/natureza-lunetas-bebe-e1619614845613-768x432.jpg 768w, https:\/\/sme.goiania.go.gov.br\/conexaoescola\/wp-content\/uploads\/2021\/04\/natureza-lunetas-bebe-e1619614845613-1536x864.jpg 1536w, https:\/\/sme.goiania.go.gov.br\/conexaoescola\/wp-content\/uploads\/2021\/04\/natureza-lunetas-bebe-e1619614845613.jpg 1920w\" sizes=\"(max-width: 684px) 100vw, 684px\" \/><figcaption>Fonte: https:\/\/lunetas.com.br\/<\/figcaption><\/figure><\/div>\n\n\n\n<p style=\"background-color:#49c759;color:#000000\" class=\"has-text-color has-background has-drop-cap has-text-align-center has-medium-font-size\"><strong>As <span class=\"has-inline-color has-vivid-red-color\">experi\u00eancias com a natureza<\/span><strong>&nbsp;s\u00e3o fundamentais para o desenvolvimento e aprendizagens das crian\u00e7as<\/strong>.&nbsp;<strong>Nessa rela\u00e7\u00e3o elas aprendem sobre si, sobre a vida,&nbsp;<strong>sobre<\/strong><\/strong>&nbsp;<strong>os fen\u00f4menos naturais e&nbsp;<strong>sobre<\/strong><\/strong>&nbsp;<strong>a import\u00e2ncia de proteger e preservar o meio ambiente.<\/strong><\/strong><\/p>\n\n\n\n<p style=\"background-color:#faddc8;color:#000000\" class=\"has-text-color has-background has-text-align-center has-medium-font-size\"><strong> <strong>Al\u00e9m disso, \u00e9 <span class=\"has-inline-color has-vivid-red-color\">um\u00a0direito<\/span>\u00a0de toda crian\u00e7a estar em contato com a natureza experimentando e descobrindo tudo que ela pode oferecer \u2013\u00a0<strong>os seus tra\u00e7os, cheiros, sabores, sons, cores e formas.<\/strong>\u00a0Pois \u00e9, por meio <span class=\"has-inline-color has-vivid-red-color\">do toque, da explora\u00e7\u00e3o e dos sentidos<\/span>\u00a0que as crian\u00e7as se apropriam do mundo e de como ele funciona.<\/strong><\/strong><\/p>\n\n\n\n<p style=\"color:#000000\" class=\"has-text-color has-background has-text-align-center has-medium-font-size has-luminous-vivid-amber-background-color\"><strong><strong><strong><strong>Mas, como aproximar-se de experi\u00eancias com a natureza nesse contexto de pandemia e isolamento social? O bi\u00f3logo&nbsp;<span class=\"has-inline-color has-vivid-red-color\">Thiago Linhares<\/span>&nbsp;\u2013<em>&nbsp;Professor da Secretaria Municipal de Educa\u00e7\u00e3o de Goi\u00e2nia&nbsp;<\/em>\u2013 afirma que o contato com natureza pode acontecer desde cedo, ainda dentro de casa. Vamos assistir o v\u00eddeo e aprender algumas dicas?<\/strong><\/strong><\/strong><\/strong><\/p>\n\n\n\n<figure class=\"wp-block-embed-youtube wp-block-embed is-type-video is-provider-youtube wp-embed-aspect-16-9 wp-has-aspect-ratio\"><div class=\"wp-block-embed__wrapper\">\n<p class=\"responsive-video-wrap clr\"><iframe title=\"Fala Prof. Thiago - As crian\u00e7as e a natureza\" width=\"1200\" height=\"675\" src=\"https:\/\/www.youtube.com\/embed\/shSGC9MKYmc?feature=oembed\" frameborder=\"0\" allow=\"accelerometer; autoplay; clipboard-write; encrypted-media; gyroscope; picture-in-picture\" allowfullscreen><\/iframe><\/p>\n<\/div><figcaption>Fonte Canal do Youtube Conex\u00e3o Escola <\/figcaption><\/figure>\n\n\n\n<p style=\"color:#000000\" class=\"has-text-color has-background has-text-align-center has-medium-font-size has-pale-cyan-blue-background-color\"><strong>Que tal aproveitar as dicas do professor Thiago Linhares e oportunizar para seu beb\u00ea <span class=\"has-inline-color has-vivid-red-color\">experi\u00eancias diversificadas com a natureza?<\/span><\/strong><\/p>\n\n\n\n<p style=\"color:#000000\" class=\"has-text-color has-background has-medium-font-size has-very-light-gray-background-color\"><strong>1 &#8211; Apresente para seu filho(a) diferentes tipos de folhas (pequenas, grandes, largas, estreitas, compridas) Deixe-o <span class=\"has-inline-color has-vivid-red-color\">conhecer, explorar e identificar<\/span> as suas semelhan\u00e7as e diferen\u00e7as. <\/strong><\/p>\n\n\n\n<p style=\"color:#000000\" class=\"has-text-color has-background has-medium-font-size has-very-light-gray-background-color\"> <strong>2 &#8211; Incentive seu beb\u00ea a <span class=\"has-inline-color has-vivid-red-color\">conviver<\/span> e identificar a natureza dentro e fora de casa (ouvir o barulho da chuva, do trov\u00e3o, o cheiro de terra molhada)<\/strong>.<\/p>\n\n\n\n<p style=\"color:#000000\" class=\"has-text-color has-background has-medium-font-size has-very-light-gray-background-color\"><strong>3 &#8211; Encoraje o seu beb\u00ea a <span class=\"has-inline-color has-vivid-red-color\">experimentar<\/span> diversos sabores,variadas temperaturas e texturas. <\/strong><\/p>\n\n\n\n<p style=\"color:#000000\" class=\"has-text-color has-background has-medium-font-size has-very-light-gray-background-color\"> <strong>4 &#8211; Organize espa\u00e7os para que seu beb\u00ea possa <span class=\"has-inline-color has-vivid-red-color\">brincar <\/span>e observar as formas dos elementos naturais, as cores, luz, sombras, plantas e animais. <\/strong><\/p>\n\n\n\n<p class=\"has-text-color has-background has-text-align-center has-medium-font-size has-very-dark-gray-color has-very-dark-gray-background-color\"><strong><span class=\"has-inline-color has-luminous-vivid-amber-color\">Quer saber mais? <\/span><\/strong><\/p>\n\n\n\n<p class=\"has-background has-text-align-center has-normal-font-size has-luminous-vivid-amber-background-color\"><strong>Assista o programa &#8220;<span class=\"has-inline-color has-vivid-red-color\">Explora\u00e7\u00f5es e descobertas<\/span>&#8221; que fez parte do Programa Conex\u00e3o Escola transmitido pelas TV UFG (Canal 15.1 UHF | 21 NET) e econtre mais sugest\u00f5es de propostas para realizar com sua crian\u00e7a. Acesse o link abaixo!<\/strong> <\/p>\n\n\n\n<figure class=\"wp-block-embed-youtube wp-block-embed is-type-video is-provider-youtube wp-embed-aspect-16-9 wp-has-aspect-ratio\"><div class=\"wp-block-embed__wrapper\">\n<p class=\"responsive-video-wrap clr\"><iframe title=\"Ed. Infantil - 61 - Explora\u00e7\u00f5es e Descobertas - 30\/04\/21 - Bloco \u00danico\" width=\"1200\" height=\"675\" src=\"https:\/\/www.youtube.com\/embed\/ORdcsbjI11M?feature=oembed\" frameborder=\"0\" allow=\"accelerometer; autoplay; clipboard-write; encrypted-media; gyroscope; picture-in-picture\" allowfullscreen><\/iframe><\/p>\n<\/div><\/figure>\n\n\n\n<figure class=\"wp-block-table is-style-stripes\"><table><tbody><tr><td>Proponentes\/Curadoria<\/td><td>NEC<\/td><\/tr><tr><td>Professor Convidado<\/td><td>Thiago Linhares<\/td><\/tr><\/tbody><\/table><\/figure>\n\n\n\n<p><\/p>\n\n\n\n<p><\/p>\n","protected":false},"author":16,"featured_media":127483,"template":"","ei_categoria":[10],"class_list":["post-127355","educacao_infantil","type-educacao_infantil","status-publish","has-post-thumbnail","hentry","ei_categoria-bebes","entry","has-media"],"acf":[],"_links":{"self":[{"href":"https:\/\/sme.goiania.go.gov.br\/conexaoescola\/wp-json\/wp\/v2\/educacao_infantil\/127355","targetHints":{"allow":["GET"]}}],"collection":[{"href":"https:\/\/sme.goiania.go.gov.br\/conexaoescola\/wp-json\/wp\/v2\/educacao_infantil"}],"about":[{"href":"https:\/\/sme.goiania.go.gov.br\/conexaoescola\/wp-json\/wp\/v2\/types\/educacao_infantil"}],"author":[{"embeddable":true,"href":"https:\/\/sme.goiania.go.gov.br\/conexaoescola\/wp-json\/wp\/v2\/users\/16"}],"wp:featuredmedia":[{"embeddable":true,"href":"https:\/\/sme.goiania.go.gov.br\/conexaoescola\/wp-json\/wp\/v2\/media\/127483"}],"wp:attachment":[{"href":"https:\/\/sme.goiania.go.gov.br\/conexaoescola\/wp-json\/wp\/v2\/media?parent=127355"}],"wp:term":[{"taxonomy":"ei_categoria","embeddable":true,"href":"https:\/\/sme.goiania.go.gov.br\/conexaoescola\/wp-json\/wp\/v2\/ei_categoria?post=127355"}],"curies":[{"name":"wp","href":"https:\/\/api.w.org\/{rel}","templated":true}]}}

Os Bebês e a Natureza!

<div class="wp-block-image is-style-rounded"><figure class="aligncenter size-large is-resized"><img fetchpriority="high" decoding="async" src="https://sme.goiania.go.gov.br/conexaoescola/wp-content/uploads/2021/04/natureza-lunetas-bebe-e1619614845613-1024x576.jpg" alt="" class="wp-image-127483" width="684" height="384" srcset="https://sme.goiania.go.gov.br/conexaoescola/wp-content/uploads/2021/04/natureza-lunetas-bebe-e1619614845613-1024x576.jpg 1024w, https://sme.goiania.go.gov.br/conexaoescola/wp-content/uploads/2021/04/natureza-lunetas-bebe-e1619614845613-300x169.jpg 300w, https://sme.goiania.go.gov.br/conexaoescola/wp-content/uploads/2021/04/natureza-lunetas-bebe-e1619614845613-768x432.jpg 768w, https://sme.goiania.go.gov.br/conexaoescola/wp-content/uploads/2021/04/natureza-lunetas-bebe-e1619614845613-1536x864.jpg 1536w, https://sme.goiania.go.gov.br/conexaoescola/wp-content/uploads/2021/04/natureza-lunetas-bebe-e1619614845613.jpg 1920w" sizes="(max-width: 684px) 100vw, 684px" /><figcaption>Fonte: https://lunetas.com.br/</figcaption></figure></div>



<p style="background-color:#49c759;color:#000000" class="has-text-color has-background has-drop-cap has-text-align-center has-medium-font-size"><strong>As <span class="has-inline-color has-vivid-red-color">experiências com a natureza</span><strong>&nbsp;são fundamentais para o desenvolvimento e aprendizagens das crianças</strong>.&nbsp;<strong>Nessa relação elas aprendem sobre si, sobre a vida,&nbsp;<strong>sobre</strong></strong>&nbsp;<strong>os fenômenos naturais e&nbsp;<strong>sobre</strong></strong>&nbsp;<strong>a importância de proteger e preservar o meio ambiente.</strong></strong></p>



<p style="background-color:#faddc8;color:#000000" class="has-text-color has-background has-text-align-center has-medium-font-size"><strong> <strong>Além disso, é <span class="has-inline-color has-vivid-red-color">um direito</span> de toda criança estar em contato com a natureza experimentando e descobrindo tudo que ela pode oferecer – <strong>os seus traços, cheiros, sabores, sons, cores e formas.</strong> Pois é, por meio <span class="has-inline-color has-vivid-red-color">do toque, da exploração e dos sentidos</span> que as crianças se apropriam do mundo e de como ele funciona.</strong></strong></p>



<p style="color:#000000" class="has-text-color has-background has-text-align-center has-medium-font-size has-luminous-vivid-amber-background-color"><strong><strong><strong><strong>Mas, como aproximar-se de experiências com a natureza nesse contexto de pandemia e isolamento social? O biólogo&nbsp;<span class="has-inline-color has-vivid-red-color">Thiago Linhares</span>&nbsp;–<em>&nbsp;Professor da Secretaria Municipal de Educação de Goiânia&nbsp;</em>– afirma que o contato com natureza pode acontecer desde cedo, ainda dentro de casa. Vamos assistir o vídeo e aprender algumas dicas?</strong></strong></strong></strong></p>



<figure class="wp-block-embed-youtube wp-block-embed is-type-video is-provider-youtube wp-embed-aspect-16-9 wp-has-aspect-ratio"><div class="wp-block-embed__wrapper">
<p class="responsive-video-wrap clr"><iframe title="Fala Prof. Thiago - As crianças e a natureza" width="1200" height="675" src="https://www.youtube.com/embed/shSGC9MKYmc?feature=oembed" frameborder="0" allow="accelerometer; autoplay; clipboard-write; encrypted-media; gyroscope; picture-in-picture" allowfullscreen></iframe></p>
</div><figcaption>Fonte Canal do Youtube Conexão Escola </figcaption></figure>



<p style="color:#000000" class="has-text-color has-background has-text-align-center has-medium-font-size has-pale-cyan-blue-background-color"><strong>Que tal aproveitar as dicas do professor Thiago Linhares e oportunizar para seu bebê <span class="has-inline-color has-vivid-red-color">experiências diversificadas com a natureza?</span></strong></p>



<p style="color:#000000" class="has-text-color has-background has-medium-font-size has-very-light-gray-background-color"><strong>1 &#8211; Apresente para seu filho(a) diferentes tipos de folhas (pequenas, grandes, largas, estreitas, compridas) Deixe-o <span class="has-inline-color has-vivid-red-color">conhecer, explorar e identificar</span> as suas semelhanças e diferenças. </strong></p>



<p style="color:#000000" class="has-text-color has-background has-medium-font-size has-very-light-gray-background-color"> <strong>2 &#8211; Incentive seu bebê a <span class="has-inline-color has-vivid-red-color">conviver</span> e identificar a natureza dentro e fora de casa (ouvir o barulho da chuva, do trovão, o cheiro de terra molhada)</strong>.</p>



<p style="color:#000000" class="has-text-color has-background has-medium-font-size has-very-light-gray-background-color"><strong>3 &#8211; Encoraje o seu bebê a <span class="has-inline-color has-vivid-red-color">experimentar</span> diversos sabores,variadas temperaturas e texturas. </strong></p>



<p style="color:#000000" class="has-text-color has-background has-medium-font-size has-very-light-gray-background-color"> <strong>4 &#8211; Organize espaços para que seu bebê possa <span class="has-inline-color has-vivid-red-color">brincar </span>e observar as formas dos elementos naturais, as cores, luz, sombras, plantas e animais. </strong></p>



<p class="has-text-color has-background has-text-align-center has-medium-font-size has-very-dark-gray-color has-very-dark-gray-background-color"><strong><span class="has-inline-color has-luminous-vivid-amber-color">Quer saber mais? </span></strong></p>



<p class="has-background has-text-align-center has-normal-font-size has-luminous-vivid-amber-background-color"><strong>Assista o programa &#8220;<span class="has-inline-color has-vivid-red-color">Explorações e descobertas</span>&#8221; que fez parte do Programa Conexão Escola transmitido pelas TV UFG (Canal 15.1 UHF | 21 NET) e econtre mais sugestões de propostas para realizar com sua criança. Acesse o link abaixo!</strong> </p>



<figure class="wp-block-embed-youtube wp-block-embed is-type-video is-provider-youtube wp-embed-aspect-16-9 wp-has-aspect-ratio"><div class="wp-block-embed__wrapper">
<p class="responsive-video-wrap clr"><iframe title="Ed. Infantil - 61 - Explorações e Descobertas - 30/04/21 - Bloco Único" width="1200" height="675" src="https://www.youtube.com/embed/ORdcsbjI11M?feature=oembed" frameborder="0" allow="accelerometer; autoplay; clipboard-write; encrypted-media; gyroscope; picture-in-picture" allowfullscreen></iframe></p>
</div></figure>



<figure class="wp-block-table is-style-stripes"><table><tbody><tr><td>Proponentes/Curadoria</td><td>NEC</td></tr><tr><td>Professor Convidado</td><td>Thiago Linhares</td></tr></tbody></table></figure>



<p></p>



<p></p>
