{"id":125992,"date":"2021-02-20T20:24:26","date_gmt":"2021-02-20T22:24:26","guid":{"rendered":"https:\/\/sme.goiania.go.gov.br\/conexaoescola\/?post_type=educacao_infantil&#038;p=125992"},"modified":"2021-02-23T09:25:29","modified_gmt":"2021-02-23T12:25:29","slug":"os-olhares-e-as-descobertas","status":"publish","type":"educacao_infantil","link":"https:\/\/sme.goiania.go.gov.br\/conexaoescola\/educacao_infantil\/os-olhares-e-as-descobertas\/","title":{"rendered":"Os olhares e as descobertas"},"content":{"rendered":"\n<div class=\"wp-block-image is-style-rounded\"><figure class=\"aligncenter size-large is-resized\"><img fetchpriority=\"high\" decoding=\"async\" src=\"https:\/\/sme.goiania.go.gov.br\/conexaoescola\/wp-content\/uploads\/2021\/02\/olhas-e1613739800320.jpg\" alt=\"\" class=\"wp-image-125994\" width=\"758\" height=\"395\" srcset=\"https:\/\/sme.goiania.go.gov.br\/conexaoescola\/wp-content\/uploads\/2021\/02\/olhas-e1613739800320.jpg 476w, https:\/\/sme.goiania.go.gov.br\/conexaoescola\/wp-content\/uploads\/2021\/02\/olhas-e1613739800320-300x156.jpg 300w\" sizes=\"(max-width: 758px) 100vw, 758px\" \/><figcaption>https:\/\/lunetas.com.br\/escolas-novo-hamburgo\/<\/figcaption><\/figure><\/div>\n\n\n\n<p style=\"background-color:#e6d433;color:#000000\" class=\"has-text-color has-background has-medium-font-size\"><strong>Os primeiros significados que a crian\u00e7a atribui ao mundo ocorrem por meio do toque, do olhar, do gesto, da comunica\u00e7\u00e3o, da intera\u00e7\u00e3o com o adulto, com outras crian\u00e7as e com os diferentes espa\u00e7os e objetos ao seu redor. \u00c0 medida que a crian\u00e7a cresce essas intera\u00e7\u00f5es se ampliam e possibilitam novas aprendizagens e descobertas, \u00e9 desse modo que ela aprende e interpreta o mundo f\u00edsico, social e cultural do qual faz parte.<\/strong><\/p>\n\n\n\n<p style=\"background-color:#80e86b;color:#050708\" class=\"has-text-color has-background has-medium-font-size\"><strong>A professora Lorena Borges do <a>CMEI Maria Odete <\/a>gravou um v\u00eddeo para falar um pouco sobre as possibilidades de ampliar essas intera\u00e7\u00f5es, especialmente \u00e0quelas vividas pelas crian\u00e7as e suas fam\u00edlias. Vamos conferir?<\/strong><\/p>\n\n\n\n<figure class=\"wp-block-embed-youtube wp-block-embed is-type-video is-provider-youtube wp-embed-aspect-16-9 wp-has-aspect-ratio\"><div class=\"wp-block-embed__wrapper\">\n<p class=\"responsive-video-wrap clr\"><iframe title=\"Professora Lorena - Intera\u00e7\u00e3o\" width=\"1200\" height=\"675\" src=\"https:\/\/www.youtube.com\/embed\/PwXT5wDco4Q?feature=oembed\" frameborder=\"0\" allow=\"accelerometer; autoplay; clipboard-write; encrypted-media; gyroscope; picture-in-picture\" allowfullscreen><\/iframe><\/p>\n<\/div><\/figure>\n\n\n\n<p style=\"background-color:#3ecbb6;color:#050708\" class=\"has-text-color has-background has-text-align-center has-medium-font-size\"><strong>Clique na imagem abaixo e assista o v\u00eddeo sugerido pela professora Lorena &#8211; <em>Caminhando com Tim Tim,<\/em> que retrata as experi\u00eancias vividas pelo pequeno Valentim durante o trajeto de ida a casa da av\u00f3 com sua m\u00e3e. Vamos assistir para nos inspirar?<\/strong><\/p>\n\n\n\n<figure class=\"wp-block-embed-youtube wp-block-embed is-type-video is-provider-youtube wp-embed-aspect-16-9 wp-has-aspect-ratio\"><div class=\"wp-block-embed__wrapper\">\n<p class=\"responsive-video-wrap clr\"><iframe title=\"Caminhando com tim tim\" width=\"1200\" height=\"675\" src=\"https:\/\/www.youtube.com\/embed\/1dYukOrq5RI?feature=oembed\" frameborder=\"0\" allow=\"accelerometer; autoplay; clipboard-write; encrypted-media; gyroscope; picture-in-picture\" allowfullscreen><\/iframe><\/p>\n<\/div><\/figure>\n\n\n\n<p style=\"color:#050708\" class=\"has-text-color has-background has-text-align-center has-medium-font-size has-pale-cyan-blue-background-color\"><strong>Que tal, aproveitar a riqueza do olhar da crian\u00e7a e propiciar para seu filho(a) momentos de pequenas e grandes descobertas? <\/strong><\/p>\n\n\n\n<p style=\"background-color:#71ef8d;color:#050708\" class=\"has-text-color has-background has-text-align-center has-medium-font-size\"><strong>Explorem a natureza &#8211; ela pode ser observada dentro e fora de casa: ao encontrar pequenos insetos, ao olhar para c\u00e9u e desvendar o formato das nuvens, ao identificar e nomear plantas desconhecidas.<\/strong> <\/p>\n\n\n\n<p style=\"color:#050708\" class=\"has-text-color has-background has-text-align-center has-medium-font-size has-pale-pink-background-color\"><strong> E  quem sabe ap\u00f3s e durante essas observa\u00e7\u00f5es voc\u00eas possam construir juntos um di\u00e1rio de descobertas? <\/strong><\/p>\n\n\n\n<p style=\"color:#050708\" class=\"has-text-color has-background has-text-align-center has-medium-font-size has-luminous-vivid-amber-background-color\"><strong>A brincadeira pode come\u00e7ar agora! <\/strong><\/p>\n\n\n\n<figure class=\"wp-block-table is-style-stripes\"><table><tbody><tr><td>Proponentes\/Curadoria<\/td><td>NEC<\/td><\/tr><tr><td>Professora Convidada<\/td><td>Lorena Borges &#8211; Cmei Maria Odete<\/td><\/tr><tr><td>Parceiros\/Autoriza\u00e7\u00e3o<\/td><td>Canal Genifer Gerhardt<\/td><\/tr><\/tbody><\/table><figcaption><br>Educa\u00e7\u00e3o Infantil &#8211; Crian\u00e7as bem pequenas <\/figcaption><\/figure>\n","protected":false},"author":16,"featured_media":125994,"template":"","ei_categoria":[11],"class_list":["post-125992","educacao_infantil","type-educacao_infantil","status-publish","has-post-thumbnail","hentry","ei_categoria-criancas-bem-pequenas","entry","has-media"],"acf":[],"_links":{"self":[{"href":"https:\/\/sme.goiania.go.gov.br\/conexaoescola\/wp-json\/wp\/v2\/educacao_infantil\/125992","targetHints":{"allow":["GET"]}}],"collection":[{"href":"https:\/\/sme.goiania.go.gov.br\/conexaoescola\/wp-json\/wp\/v2\/educacao_infantil"}],"about":[{"href":"https:\/\/sme.goiania.go.gov.br\/conexaoescola\/wp-json\/wp\/v2\/types\/educacao_infantil"}],"author":[{"embeddable":true,"href":"https:\/\/sme.goiania.go.gov.br\/conexaoescola\/wp-json\/wp\/v2\/users\/16"}],"wp:featuredmedia":[{"embeddable":true,"href":"https:\/\/sme.goiania.go.gov.br\/conexaoescola\/wp-json\/wp\/v2\/media\/125994"}],"wp:attachment":[{"href":"https:\/\/sme.goiania.go.gov.br\/conexaoescola\/wp-json\/wp\/v2\/media?parent=125992"}],"wp:term":[{"taxonomy":"ei_categoria","embeddable":true,"href":"https:\/\/sme.goiania.go.gov.br\/conexaoescola\/wp-json\/wp\/v2\/ei_categoria?post=125992"}],"curies":[{"name":"wp","href":"https:\/\/api.w.org\/{rel}","templated":true}]}}

<div class="wp-block-image is-style-rounded"><figure class="aligncenter size-large is-resized"><img fetchpriority="high" decoding="async" src="https://sme.goiania.go.gov.br/conexaoescola/wp-content/uploads/2021/02/olhas-e1613739800320.jpg" alt="" class="wp-image-125994" width="758" height="395" srcset="https://sme.goiania.go.gov.br/conexaoescola/wp-content/uploads/2021/02/olhas-e1613739800320.jpg 476w, https://sme.goiania.go.gov.br/conexaoescola/wp-content/uploads/2021/02/olhas-e1613739800320-300x156.jpg 300w" sizes="(max-width: 758px) 100vw, 758px" /><figcaption>https://lunetas.com.br/escolas-novo-hamburgo/</figcaption></figure></div>



<p style="background-color:#e6d433;color:#000000" class="has-text-color has-background has-medium-font-size"><strong>Os primeiros significados que a criança atribui ao mundo ocorrem por meio do toque, do olhar, do gesto, da comunicação, da interação com o adulto, com outras crianças e com os diferentes espaços e objetos ao seu redor. À medida que a criança cresce essas interações se ampliam e possibilitam novas aprendizagens e descobertas, é desse modo que ela aprende e interpreta o mundo físico, social e cultural do qual faz parte.</strong></p>



<p style="background-color:#80e86b;color:#050708" class="has-text-color has-background has-medium-font-size"><strong>A professora Lorena Borges do <a>CMEI Maria Odete </a>gravou um vídeo para falar um pouco sobre as possibilidades de ampliar essas interações, especialmente àquelas vividas pelas crianças e suas famílias. Vamos conferir?</strong></p>



<figure class="wp-block-embed-youtube wp-block-embed is-type-video is-provider-youtube wp-embed-aspect-16-9 wp-has-aspect-ratio"><div class="wp-block-embed__wrapper">
<p class="responsive-video-wrap clr"><iframe title="Professora Lorena - Interação" width="1200" height="675" src="https://www.youtube.com/embed/PwXT5wDco4Q?feature=oembed" frameborder="0" allow="accelerometer; autoplay; clipboard-write; encrypted-media; gyroscope; picture-in-picture" allowfullscreen></iframe></p>
</div></figure>



<p style="background-color:#3ecbb6;color:#050708" class="has-text-color has-background has-text-align-center has-medium-font-size"><strong>Clique na imagem abaixo e assista o vídeo sugerido pela professora Lorena &#8211; <em>Caminhando com Tim Tim,</em> que retrata as experiências vividas pelo pequeno Valentim durante o trajeto de ida a casa da avó com sua mãe. Vamos assistir para nos inspirar?</strong></p>



<figure class="wp-block-embed-youtube wp-block-embed is-type-video is-provider-youtube wp-embed-aspect-16-9 wp-has-aspect-ratio"><div class="wp-block-embed__wrapper">
<p class="responsive-video-wrap clr"><iframe title="Caminhando com tim tim" width="1200" height="675" src="https://www.youtube.com/embed/1dYukOrq5RI?feature=oembed" frameborder="0" allow="accelerometer; autoplay; clipboard-write; encrypted-media; gyroscope; picture-in-picture" allowfullscreen></iframe></p>
</div></figure>



<p style="color:#050708" class="has-text-color has-background has-text-align-center has-medium-font-size has-pale-cyan-blue-background-color"><strong>Que tal, aproveitar a riqueza do olhar da criança e propiciar para seu filho(a) momentos de pequenas e grandes descobertas? </strong></p>



<p style="background-color:#71ef8d;color:#050708" class="has-text-color has-background has-text-align-center has-medium-font-size"><strong>Explorem a natureza &#8211; ela pode ser observada dentro e fora de casa: ao encontrar pequenos insetos, ao olhar para céu e desvendar o formato das nuvens, ao identificar e nomear plantas desconhecidas.</strong> </p>



<p style="color:#050708" class="has-text-color has-background has-text-align-center has-medium-font-size has-pale-pink-background-color"><strong> E  quem sabe após e durante essas observações vocês possam construir juntos um diário de descobertas? </strong></p>



<p style="color:#050708" class="has-text-color has-background has-text-align-center has-medium-font-size has-luminous-vivid-amber-background-color"><strong>A brincadeira pode começar agora! </strong></p>



<figure class="wp-block-table is-style-stripes"><table><tbody><tr><td>Proponentes/Curadoria</td><td>NEC</td></tr><tr><td>Professora Convidada</td><td>Lorena Borges &#8211; Cmei Maria Odete</td></tr><tr><td>Parceiros/Autorização</td><td>Canal Genifer Gerhardt</td></tr></tbody></table><figcaption><br>Educação Infantil &#8211; Crianças bem pequenas </figcaption></figure>
