{"id":121699,"date":"2021-02-03T15:58:00","date_gmt":"2021-02-03T17:58:00","guid":{"rendered":"https:\/\/sme.goiania.go.gov.br\/conexaoescola\/?post_type=educacao_infantil&#038;p=121699"},"modified":"2021-02-04T23:51:31","modified_gmt":"2021-02-05T01:51:31","slug":"a-matematica-no-cotidiano","status":"publish","type":"educacao_infantil","link":"https:\/\/sme.goiania.go.gov.br\/conexaoescola\/educacao_infantil\/a-matematica-no-cotidiano\/","title":{"rendered":"O pensamento matem\u00e1tico e o cotidiano das crian\u00e7as"},"content":{"rendered":"\n<div class=\"wp-block-image is-style-rounded\"><figure class=\"aligncenter size-large is-resized\"><img fetchpriority=\"high\" decoding=\"async\" src=\"https:\/\/sme.goiania.go.gov.br\/conexaoescola\/wp-content\/uploads\/2021\/02\/oopop-e1612374971450-1024x758.jpg\" alt=\"\" class=\"wp-image-121700\" width=\"745\" height=\"551\" srcset=\"https:\/\/sme.goiania.go.gov.br\/conexaoescola\/wp-content\/uploads\/2021\/02\/oopop-e1612374971450-1024x758.jpg 1024w, https:\/\/sme.goiania.go.gov.br\/conexaoescola\/wp-content\/uploads\/2021\/02\/oopop-e1612374971450-300x222.jpg 300w, https:\/\/sme.goiania.go.gov.br\/conexaoescola\/wp-content\/uploads\/2021\/02\/oopop-e1612374971450-768x569.jpg 768w, https:\/\/sme.goiania.go.gov.br\/conexaoescola\/wp-content\/uploads\/2021\/02\/oopop-e1612374971450.jpg 1329w\" sizes=\"(max-width: 745px) 100vw, 745px\" \/><figcaption>Fonte da imagem: Site massacuca.com<\/figcaption><\/figure><\/div>\n\n\n\n<p style=\"background-color:#e68947;color:#0c0505\" class=\"has-text-color has-background has-drop-cap has-medium-font-size\"><strong>A crian\u00e7a desde o in\u00edcio de sua vida est\u00e1 inserida em um universo em que a matem\u00e1tica est\u00e1 presente. Por exemplo, ao nascer e participar de diferentes  rituais de medida (verificando o tamanho da cabe\u00e7a, dos p\u00e9s e o peso), ao brincar livremente nos espa\u00e7os da casa, ou em diferentes locais da cidade, ao explorar e tocar em objetos, ao ouvir m\u00fasicas e em outras situa\u00e7\u00f5es do cotidiano.<\/strong><\/p>\n\n\n\n<p style=\"background-color:#8ddabb;color:#0c0505\" class=\"has-text-color has-background has-medium-font-size\"><strong>Por isso, reconhecer, estabelecer rela\u00e7\u00f5es e identificar os diferentes contextos em que os n\u00fameros, as medidas, as quantidades e os espa\u00e7os s\u00e3o utilizados \u00e9 uma a\u00e7\u00e3o muito importante para as crian\u00e7as bem pequenas.<\/strong><\/p>\n\n\n\n<p style=\"background-color:#8d98fc;color:#0c0505\" class=\"has-text-color has-background has-text-align-center has-medium-font-size\"><strong>Sabendo dessa import\u00e2ncia, a professora Fernanda Alvarenga do CMEI Raimundo Lisboa Pereira deixou um recado super importante! Vamos conferir?<\/strong><\/p>\n\n\n\n<figure class=\"wp-block-embed-youtube wp-block-embed is-type-video is-provider-youtube wp-embed-aspect-16-9 wp-has-aspect-ratio\"><div class=\"wp-block-embed__wrapper\">\n<p class=\"responsive-video-wrap clr\"><iframe title=\"FERNANDA ALVARENGA\" width=\"1200\" height=\"675\" src=\"https:\/\/www.youtube.com\/embed\/oVqOqrfneoU?feature=oembed\" frameborder=\"0\" allow=\"accelerometer; autoplay; clipboard-write; encrypted-media; gyroscope; picture-in-picture\" allowfullscreen><\/iframe><\/p>\n<\/div><\/figure>\n\n\n\n<p style=\"background-color:#f7ce5d;color:#0c0505\" class=\"has-text-color has-background has-text-align-center has-medium-font-size\"><strong>Vamos assistir as dicas da professora Joana D\u2019arc Gomes sobre como os momentos de brincadeiras e explora\u00e7\u00f5es podem favorecer a constru\u00e7\u00e3o do pensamento matem\u00e1tico e seus conhecimentos no cotidiano das crian\u00e7as?<\/strong><\/p>\n\n\n\n<p style=\"color:#0c0505\" class=\"has-text-color has-background has-text-align-center has-medium-font-size has-light-green-cyan-background-color\"><strong> Clique na imagem abaixo para conferir.<\/strong><\/p>\n\n\n\n<p><\/p>\n\n\n\n<figure class=\"wp-block-embed-youtube wp-block-embed is-type-video is-provider-youtube wp-embed-aspect-16-9 wp-has-aspect-ratio\"><div class=\"wp-block-embed__wrapper\">\n<p class=\"responsive-video-wrap clr\"><iframe title=\"Profa Joana - A  matem\u00e1tica na Educa\u00e7\u00e3o Infantil\" width=\"1200\" height=\"675\" src=\"https:\/\/www.youtube.com\/embed\/VTTft_uXmmY?feature=oembed\" frameborder=\"0\" allow=\"accelerometer; autoplay; clipboard-write; encrypted-media; gyroscope; picture-in-picture\" allowfullscreen><\/iframe><\/p>\n<\/div><\/figure>\n\n\n\n<p style=\"background-color:#99e59c;color:#0c0505\" class=\"has-text-color has-background has-text-align-center has-medium-font-size\"><b>Que tal <\/b><strong>separar alguns objetos que temos em casa como caixas de diferentes tamanhos, potes e outros em que as crian\u00e7as possam explorar os seus tamanhos e as suas quantidades? Separe as caixas maiores das menores, objetos que possam ser empilhados e organizados por tamanhos e quem sabe construir juntos uma cidade feita com objetos de diferentes formas? &nbsp;O importante \u00e9 brincar e descobrir juntos! <\/strong><\/p>\n\n\n\n<p style=\"color:#0c0505\" class=\"has-text-color has-background has-text-align-center has-medium-font-size has-luminous-vivid-orange-background-color\"><strong>A proposta fez parte do Programa Conex\u00e3o Escola com o tema: \u201cA matem\u00e1tica no cotidiano das crian\u00e7as transmitido pelas TV Sagres (Canal 26) e TV UFG (Canal 15.1 UHF | 21 NET). Quer assistir na \u00edntegra? Acesse os links abaixo!<\/strong><\/p>\n\n\n\n<figure class=\"wp-block-embed-youtube alignleft wp-block-embed is-type-video is-provider-youtube wp-embed-aspect-16-9 wp-has-aspect-ratio\"><div class=\"wp-block-embed__wrapper\">\n<p class=\"responsive-video-wrap clr\"><iframe title=\"A matem\u00e1tica no cotidiano das crian\u00e7as - Ed. Infantil - 26.12 - Bloco 1\" width=\"1200\" height=\"675\" src=\"https:\/\/www.youtube.com\/embed\/-D0Zpp1MWdw?feature=oembed\" frameborder=\"0\" allow=\"accelerometer; autoplay; clipboard-write; encrypted-media; gyroscope; picture-in-picture\" allowfullscreen><\/iframe><\/p>\n<\/div><\/figure>\n\n\n\n<p><\/p>\n\n\n\n<p><\/p>\n\n\n\n<p><\/p>\n\n\n\n<figure class=\"wp-block-embed-youtube alignleft wp-block-embed is-type-video is-provider-youtube wp-embed-aspect-16-9 wp-has-aspect-ratio\"><div class=\"wp-block-embed__wrapper\">\n<p class=\"responsive-video-wrap clr\"><iframe title=\"A matem\u00e1tica no cotidiano das crian\u00e7as - Ed. Infantil - 26.12 - Bloco 2\" width=\"1200\" height=\"675\" src=\"https:\/\/www.youtube.com\/embed\/I191vIm9_zs?feature=oembed\" frameborder=\"0\" allow=\"accelerometer; autoplay; clipboard-write; encrypted-media; gyroscope; picture-in-picture\" allowfullscreen><\/iframe><\/p>\n<\/div><\/figure>\n\n\n\n<p><\/p>\n\n\n\n<p><\/p>\n\n\n\n<figure class=\"wp-block-embed-youtube alignleft wp-block-embed is-type-video is-provider-youtube wp-embed-aspect-16-9 wp-has-aspect-ratio\"><div class=\"wp-block-embed__wrapper\">\n<p class=\"responsive-video-wrap clr\"><iframe title=\"A matem\u00e1tica no cotidiano das crian\u00e7as - Ed. Infantil - 26.12 - Bloco 3\" width=\"1200\" height=\"675\" src=\"https:\/\/www.youtube.com\/embed\/QyWvK0vi_sU?start=1&#038;feature=oembed\" frameborder=\"0\" allow=\"accelerometer; autoplay; clipboard-write; encrypted-media; gyroscope; picture-in-picture\" allowfullscreen><\/iframe><\/p>\n<\/div><\/figure>\n\n\n\n<p><\/p>\n\n\n\n<p><\/p>\n\n\n\n<p><\/p>\n\n\n\n<figure class=\"wp-block-table is-style-stripes\"><table><tbody><tr><td>Proponentes\/Curadoria<\/td><td>NEC<\/td><\/tr><tr><td>Professoras convidadas<\/td><td>Fernanda Alvarenga e Joana D&#8217;arc Gomes<\/td><\/tr><tr><td>Parceiros <\/td><td>Canal Professora Sara do Vale\/Canal J\u00e9ssica santos hist\u00f3rias<\/td><\/tr><\/tbody><\/table><figcaption><br>Educa\u00e7\u00e3o Infantil &#8211; crian\u00e7as bem pequenas<\/figcaption><\/figure>\n","protected":false},"author":16,"featured_media":121700,"template":"","ei_categoria":[11],"class_list":["post-121699","educacao_infantil","type-educacao_infantil","status-publish","has-post-thumbnail","hentry","ei_categoria-criancas-bem-pequenas","entry","has-media"],"acf":[],"_links":{"self":[{"href":"https:\/\/sme.goiania.go.gov.br\/conexaoescola\/wp-json\/wp\/v2\/educacao_infantil\/121699","targetHints":{"allow":["GET"]}}],"collection":[{"href":"https:\/\/sme.goiania.go.gov.br\/conexaoescola\/wp-json\/wp\/v2\/educacao_infantil"}],"about":[{"href":"https:\/\/sme.goiania.go.gov.br\/conexaoescola\/wp-json\/wp\/v2\/types\/educacao_infantil"}],"author":[{"embeddable":true,"href":"https:\/\/sme.goiania.go.gov.br\/conexaoescola\/wp-json\/wp\/v2\/users\/16"}],"wp:featuredmedia":[{"embeddable":true,"href":"https:\/\/sme.goiania.go.gov.br\/conexaoescola\/wp-json\/wp\/v2\/media\/121700"}],"wp:attachment":[{"href":"https:\/\/sme.goiania.go.gov.br\/conexaoescola\/wp-json\/wp\/v2\/media?parent=121699"}],"wp:term":[{"taxonomy":"ei_categoria","embeddable":true,"href":"https:\/\/sme.goiania.go.gov.br\/conexaoescola\/wp-json\/wp\/v2\/ei_categoria?post=121699"}],"curies":[{"name":"wp","href":"https:\/\/api.w.org\/{rel}","templated":true}]}}

O pensamento matemático e o cotidiano das crianças

<div class="wp-block-image is-style-rounded"><figure class="aligncenter size-large is-resized"><img fetchpriority="high" decoding="async" src="https://sme.goiania.go.gov.br/conexaoescola/wp-content/uploads/2021/02/oopop-e1612374971450-1024x758.jpg" alt="" class="wp-image-121700" width="745" height="551" srcset="https://sme.goiania.go.gov.br/conexaoescola/wp-content/uploads/2021/02/oopop-e1612374971450-1024x758.jpg 1024w, https://sme.goiania.go.gov.br/conexaoescola/wp-content/uploads/2021/02/oopop-e1612374971450-300x222.jpg 300w, https://sme.goiania.go.gov.br/conexaoescola/wp-content/uploads/2021/02/oopop-e1612374971450-768x569.jpg 768w, https://sme.goiania.go.gov.br/conexaoescola/wp-content/uploads/2021/02/oopop-e1612374971450.jpg 1329w" sizes="(max-width: 745px) 100vw, 745px" /><figcaption>Fonte da imagem: Site massacuca.com</figcaption></figure></div>



<p style="background-color:#e68947;color:#0c0505" class="has-text-color has-background has-drop-cap has-medium-font-size"><strong>A criança desde o início de sua vida está inserida em um universo em que a matemática está presente. Por exemplo, ao nascer e participar de diferentes  rituais de medida (verificando o tamanho da cabeça, dos pés e o peso), ao brincar livremente nos espaços da casa, ou em diferentes locais da cidade, ao explorar e tocar em objetos, ao ouvir músicas e em outras situações do cotidiano.</strong></p>



<p style="background-color:#8ddabb;color:#0c0505" class="has-text-color has-background has-medium-font-size"><strong>Por isso, reconhecer, estabelecer relações e identificar os diferentes contextos em que os números, as medidas, as quantidades e os espaços são utilizados é uma ação muito importante para as crianças bem pequenas.</strong></p>



<p style="background-color:#8d98fc;color:#0c0505" class="has-text-color has-background has-text-align-center has-medium-font-size"><strong>Sabendo dessa importância, a professora Fernanda Alvarenga do CMEI Raimundo Lisboa Pereira deixou um recado super importante! Vamos conferir?</strong></p>



<figure class="wp-block-embed-youtube wp-block-embed is-type-video is-provider-youtube wp-embed-aspect-16-9 wp-has-aspect-ratio"><div class="wp-block-embed__wrapper">
<p class="responsive-video-wrap clr"><iframe title="FERNANDA ALVARENGA" width="1200" height="675" src="https://www.youtube.com/embed/oVqOqrfneoU?feature=oembed" frameborder="0" allow="accelerometer; autoplay; clipboard-write; encrypted-media; gyroscope; picture-in-picture" allowfullscreen></iframe></p>
</div></figure>



<p style="background-color:#f7ce5d;color:#0c0505" class="has-text-color has-background has-text-align-center has-medium-font-size"><strong>Vamos assistir as dicas da professora Joana D’arc Gomes sobre como os momentos de brincadeiras e explorações podem favorecer a construção do pensamento matemático e seus conhecimentos no cotidiano das crianças?</strong></p>



<p style="color:#0c0505" class="has-text-color has-background has-text-align-center has-medium-font-size has-light-green-cyan-background-color"><strong> Clique na imagem abaixo para conferir.</strong></p>



<p></p>



<figure class="wp-block-embed-youtube wp-block-embed is-type-video is-provider-youtube wp-embed-aspect-16-9 wp-has-aspect-ratio"><div class="wp-block-embed__wrapper">
<p class="responsive-video-wrap clr"><iframe title="Profa Joana - A  matemática na Educação Infantil" width="1200" height="675" src="https://www.youtube.com/embed/VTTft_uXmmY?feature=oembed" frameborder="0" allow="accelerometer; autoplay; clipboard-write; encrypted-media; gyroscope; picture-in-picture" allowfullscreen></iframe></p>
</div></figure>



<p style="background-color:#99e59c;color:#0c0505" class="has-text-color has-background has-text-align-center has-medium-font-size"><b>Que tal </b><strong>separar alguns objetos que temos em casa como caixas de diferentes tamanhos, potes e outros em que as crianças possam explorar os seus tamanhos e as suas quantidades? Separe as caixas maiores das menores, objetos que possam ser empilhados e organizados por tamanhos e quem sabe construir juntos uma cidade feita com objetos de diferentes formas? &nbsp;O importante é brincar e descobrir juntos! </strong></p>



<p style="color:#0c0505" class="has-text-color has-background has-text-align-center has-medium-font-size has-luminous-vivid-orange-background-color"><strong>A proposta fez parte do Programa Conexão Escola com o tema: “A matemática no cotidiano das crianças transmitido pelas TV Sagres (Canal 26) e TV UFG (Canal 15.1 UHF | 21 NET). Quer assistir na íntegra? Acesse os links abaixo!</strong></p>



<figure class="wp-block-embed-youtube alignleft wp-block-embed is-type-video is-provider-youtube wp-embed-aspect-16-9 wp-has-aspect-ratio"><div class="wp-block-embed__wrapper">
<p class="responsive-video-wrap clr"><iframe title="A matemática no cotidiano das crianças - Ed. Infantil - 26.12 - Bloco 1" width="1200" height="675" src="https://www.youtube.com/embed/-D0Zpp1MWdw?feature=oembed" frameborder="0" allow="accelerometer; autoplay; clipboard-write; encrypted-media; gyroscope; picture-in-picture" allowfullscreen></iframe></p>
</div></figure>



<p></p>



<p></p>



<p></p>



<figure class="wp-block-embed-youtube alignleft wp-block-embed is-type-video is-provider-youtube wp-embed-aspect-16-9 wp-has-aspect-ratio"><div class="wp-block-embed__wrapper">
<p class="responsive-video-wrap clr"><iframe title="A matemática no cotidiano das crianças - Ed. Infantil - 26.12 - Bloco 2" width="1200" height="675" src="https://www.youtube.com/embed/I191vIm9_zs?feature=oembed" frameborder="0" allow="accelerometer; autoplay; clipboard-write; encrypted-media; gyroscope; picture-in-picture" allowfullscreen></iframe></p>
</div></figure>



<p></p>



<p></p>



<figure class="wp-block-embed-youtube alignleft wp-block-embed is-type-video is-provider-youtube wp-embed-aspect-16-9 wp-has-aspect-ratio"><div class="wp-block-embed__wrapper">
<p class="responsive-video-wrap clr"><iframe title="A matemática no cotidiano das crianças - Ed. Infantil - 26.12 - Bloco 3" width="1200" height="675" src="https://www.youtube.com/embed/QyWvK0vi_sU?start=1&#038;feature=oembed" frameborder="0" allow="accelerometer; autoplay; clipboard-write; encrypted-media; gyroscope; picture-in-picture" allowfullscreen></iframe></p>
</div></figure>



<p></p>



<p></p>



<p></p>



<figure class="wp-block-table is-style-stripes"><table><tbody><tr><td>Proponentes/Curadoria</td><td>NEC</td></tr><tr><td>Professoras convidadas</td><td>Fernanda Alvarenga e Joana D&#8217;arc Gomes</td></tr><tr><td>Parceiros </td><td>Canal Professora Sara do Vale/Canal Jéssica santos histórias</td></tr></tbody></table><figcaption><br>Educação Infantil &#8211; crianças bem pequenas</figcaption></figure>
