{"id":106148,"date":"2021-01-18T07:00:00","date_gmt":"2021-01-18T09:00:00","guid":{"rendered":"https:\/\/sme.goiania.go.gov.br\/conexaoescola\/?post_type=educacao_infantil&#038;p=106148"},"modified":"2021-02-04T14:57:10","modified_gmt":"2021-02-04T16:57:10","slug":"senta-que-e-hora-da-historia","status":"publish","type":"educacao_infantil","link":"https:\/\/sme.goiania.go.gov.br\/conexaoescola\/educacao_infantil\/senta-que-e-hora-da-historia\/","title":{"rendered":"Senta que \u00e9 hora da hist\u00f3ria!"},"content":{"rendered":"\n<div class=\"wp-block-image is-style-rounded\"><figure class=\"aligncenter size-large is-resized\"><img fetchpriority=\"high\" decoding=\"async\" src=\"https:\/\/sme.goiania.go.gov.br\/conexaoescola\/wp-content\/uploads\/2021\/01\/livros-para-criancas-de-6-a-9-anos-e1610717629734-1024x576.jpg\" alt=\"\" class=\"wp-image-106149\" width=\"828\" height=\"465\" srcset=\"https:\/\/sme.goiania.go.gov.br\/conexaoescola\/wp-content\/uploads\/2021\/01\/livros-para-criancas-de-6-a-9-anos-e1610717629734-1024x576.jpg 1024w, https:\/\/sme.goiania.go.gov.br\/conexaoescola\/wp-content\/uploads\/2021\/01\/livros-para-criancas-de-6-a-9-anos-e1610717629734-300x169.jpg 300w, https:\/\/sme.goiania.go.gov.br\/conexaoescola\/wp-content\/uploads\/2021\/01\/livros-para-criancas-de-6-a-9-anos-e1610717629734-768x432.jpg 768w, https:\/\/sme.goiania.go.gov.br\/conexaoescola\/wp-content\/uploads\/2021\/01\/livros-para-criancas-de-6-a-9-anos-e1610717629734-1536x864.jpg 1536w, https:\/\/sme.goiania.go.gov.br\/conexaoescola\/wp-content\/uploads\/2021\/01\/livros-para-criancas-de-6-a-9-anos-e1610717629734.jpg 1920w\" sizes=\"(max-width: 828px) 100vw, 828px\" \/><figcaption>Fonte da imagem: https:\/\/lunetas.com.br\/dez-livros-que-fazem-sucesso-entre-as-criancas-de-6-a-9-anos\/<\/figcaption><\/figure><\/div>\n\n\n\n<p style=\"color:#02131a\" class=\"has-text-color has-background has-drop-cap has-medium-font-size has-luminous-vivid-amber-background-color\"><strong>Ouvir hist\u00f3rias, conhecer novos personagens, entrar no mundo da imagina\u00e7\u00e3o n\u00e3o \u00e9 algo apenas prazeroso, \u00e9 uma a\u00e7\u00e3o importante na inf\u00e2ncia, pois, \u00e9 atrav\u00e9s das hist\u00f3rias que a crian\u00e7a tem a oportunidade de conhecer&nbsp;a si mesmo, o mundo e a vida em sociedade. Al\u00e9m disso, as experi\u00eancias com a literatura infantil, contribuem para o desenvolvimento do gosto pela leitura, do est\u00edmulo \u00e0 imagina\u00e7\u00e3o e a criatividade.<\/strong>&nbsp;<\/p>\n\n\n\n<p style=\"color:#011016\" class=\"has-text-color has-background has-medium-font-size has-vivid-cyan-blue-background-color\"><strong>A professora Regina Marcelino da Escola Municipal Sebasti\u00e3o Arantes, vai nos falar um pouco sobre a import\u00e2ncia da literatura Infantil na vida das crian\u00e7as e fazer um convite bem legal para toda a fam\u00edlia. Vamos assistir?<\/strong><\/p>\n\n\n\n<figure class=\"wp-block-embed-youtube wp-block-embed is-type-video is-provider-youtube wp-embed-aspect-16-9 wp-has-aspect-ratio\"><div class=\"wp-block-embed__wrapper\">\n<p class=\"responsive-video-wrap clr\"><iframe title=\"Profa Regina Apresenta Glorinha Fulustreka\" width=\"1200\" height=\"675\" src=\"https:\/\/www.youtube.com\/embed\/LZC5B_bg-W0?feature=oembed\" frameborder=\"0\" allow=\"accelerometer; autoplay; clipboard-write; encrypted-media; gyroscope; picture-in-picture\" allowfullscreen><\/iframe><\/p>\n<\/div><\/figure>\n\n\n\n<p style=\"color:#010b0f\" class=\"has-text-color has-background has-text-align-center has-medium-font-size has-pale-pink-background-color\"><strong>Que tal seguir a dica da professora Regina e conhecer um pouco mais sobre a contadora de hist\u00f3ria Glorinha Fulustreka? <\/strong><\/p>\n\n\n\n<p style=\"color:#021218\" class=\"has-text-color has-background has-text-align-center has-medium-font-size has-vivid-green-cyan-background-color\"><strong>Aproveite e convide a sua crian\u00e7a para assistir ao seu lado a hist\u00f3ria \u201cO macaquinho\u201d do autor Ronaldo Sim\u00f5es Coelho. Vamos assistir? <\/strong><\/p>\n\n\n\n<p>Clique na imagem para conferir.&nbsp;<\/p>\n\n\n\n<figure class=\"wp-block-embed-youtube wp-block-embed is-type-video is-provider-youtube wp-embed-aspect-16-9 wp-has-aspect-ratio\"><div class=\"wp-block-embed__wrapper\">\n<p class=\"responsive-video-wrap clr\"><iframe title=\"(((Macaquinho))) no p\u00e9 de serra\" width=\"1200\" height=\"675\" src=\"https:\/\/www.youtube.com\/embed\/jYc-1bxBfAQ?start=48&#038;feature=oembed\" frameborder=\"0\" allow=\"accelerometer; autoplay; clipboard-write; encrypted-media; gyroscope; picture-in-picture\" allowfullscreen><\/iframe><\/p>\n<\/div><\/figure>\n\n\n\n<p style=\"color:#021016\" class=\"has-text-color has-background has-medium-font-size has-vivid-purple-background-color\"><strong>Essa proposta fez parte do Programa Conex\u00e3o Escola transmitido pelas TV Sagres (Canal 26) e TV UFG (Canal 15.1 UHF | 21 NET). Quer assistir na \u00edntegra? Acesse os links abaixo!<\/strong><\/p>\n\n\n\n<figure class=\"wp-block-embed-youtube alignleft wp-block-embed is-type-video is-provider-youtube wp-embed-aspect-16-9 wp-has-aspect-ratio\"><div class=\"wp-block-embed__wrapper\">\n<p class=\"responsive-video-wrap clr\"><iframe title=\"Uma Hist\u00f3ria Puxa a Outra! - Ed. Infantil - 07\/12 - Bloco 1\" width=\"1200\" height=\"675\" src=\"https:\/\/www.youtube.com\/embed\/S-vFmXDrvUU?feature=oembed\" frameborder=\"0\" allow=\"accelerometer; autoplay; clipboard-write; encrypted-media; gyroscope; picture-in-picture\" allowfullscreen><\/iframe><\/p>\n<\/div><\/figure>\n\n\n\n<figure class=\"wp-block-table is-style-stripes\"><table><tbody><tr><td>Proponentes\/Curadoria<br><\/td><td>NEC<\/td><\/tr><tr><td><br>Professor(a) convidado(a)<br><\/td><td>Regina Marcelino<br><\/td><\/tr><tr><td><br>Parceiros\/Autoriza\u00e7\u00e3o<br><\/td><td>Glorinha Fulustreka<\/td><\/tr><\/tbody><\/table><\/figure>\n","protected":false},"author":16,"featured_media":106149,"template":"","ei_categoria":[11],"class_list":["post-106148","educacao_infantil","type-educacao_infantil","status-publish","has-post-thumbnail","hentry","ei_categoria-criancas-bem-pequenas","entry","has-media"],"acf":[],"_links":{"self":[{"href":"https:\/\/sme.goiania.go.gov.br\/conexaoescola\/wp-json\/wp\/v2\/educacao_infantil\/106148","targetHints":{"allow":["GET"]}}],"collection":[{"href":"https:\/\/sme.goiania.go.gov.br\/conexaoescola\/wp-json\/wp\/v2\/educacao_infantil"}],"about":[{"href":"https:\/\/sme.goiania.go.gov.br\/conexaoescola\/wp-json\/wp\/v2\/types\/educacao_infantil"}],"author":[{"embeddable":true,"href":"https:\/\/sme.goiania.go.gov.br\/conexaoescola\/wp-json\/wp\/v2\/users\/16"}],"wp:featuredmedia":[{"embeddable":true,"href":"https:\/\/sme.goiania.go.gov.br\/conexaoescola\/wp-json\/wp\/v2\/media\/106149"}],"wp:attachment":[{"href":"https:\/\/sme.goiania.go.gov.br\/conexaoescola\/wp-json\/wp\/v2\/media?parent=106148"}],"wp:term":[{"taxonomy":"ei_categoria","embeddable":true,"href":"https:\/\/sme.goiania.go.gov.br\/conexaoescola\/wp-json\/wp\/v2\/ei_categoria?post=106148"}],"curies":[{"name":"wp","href":"https:\/\/api.w.org\/{rel}","templated":true}]}}

Senta que é hora da história!

<div class="wp-block-image is-style-rounded"><figure class="aligncenter size-large is-resized"><img fetchpriority="high" decoding="async" src="https://sme.goiania.go.gov.br/conexaoescola/wp-content/uploads/2021/01/livros-para-criancas-de-6-a-9-anos-e1610717629734-1024x576.jpg" alt="" class="wp-image-106149" width="828" height="465" srcset="https://sme.goiania.go.gov.br/conexaoescola/wp-content/uploads/2021/01/livros-para-criancas-de-6-a-9-anos-e1610717629734-1024x576.jpg 1024w, https://sme.goiania.go.gov.br/conexaoescola/wp-content/uploads/2021/01/livros-para-criancas-de-6-a-9-anos-e1610717629734-300x169.jpg 300w, https://sme.goiania.go.gov.br/conexaoescola/wp-content/uploads/2021/01/livros-para-criancas-de-6-a-9-anos-e1610717629734-768x432.jpg 768w, https://sme.goiania.go.gov.br/conexaoescola/wp-content/uploads/2021/01/livros-para-criancas-de-6-a-9-anos-e1610717629734-1536x864.jpg 1536w, https://sme.goiania.go.gov.br/conexaoescola/wp-content/uploads/2021/01/livros-para-criancas-de-6-a-9-anos-e1610717629734.jpg 1920w" sizes="(max-width: 828px) 100vw, 828px" /><figcaption>Fonte da imagem: https://lunetas.com.br/dez-livros-que-fazem-sucesso-entre-as-criancas-de-6-a-9-anos/</figcaption></figure></div>



<p style="color:#02131a" class="has-text-color has-background has-drop-cap has-medium-font-size has-luminous-vivid-amber-background-color"><strong>Ouvir histórias, conhecer novos personagens, entrar no mundo da imaginação não é algo apenas prazeroso, é uma ação importante na infância, pois, é através das histórias que a criança tem a oportunidade de conhecer&nbsp;a si mesmo, o mundo e a vida em sociedade. Além disso, as experiências com a literatura infantil, contribuem para o desenvolvimento do gosto pela leitura, do estímulo à imaginação e a criatividade.</strong>&nbsp;</p>



<p style="color:#011016" class="has-text-color has-background has-medium-font-size has-vivid-cyan-blue-background-color"><strong>A professora Regina Marcelino da Escola Municipal Sebastião Arantes, vai nos falar um pouco sobre a importância da literatura Infantil na vida das crianças e fazer um convite bem legal para toda a família. Vamos assistir?</strong></p>



<figure class="wp-block-embed-youtube wp-block-embed is-type-video is-provider-youtube wp-embed-aspect-16-9 wp-has-aspect-ratio"><div class="wp-block-embed__wrapper">
<p class="responsive-video-wrap clr"><iframe title="Profa Regina Apresenta Glorinha Fulustreka" width="1200" height="675" src="https://www.youtube.com/embed/LZC5B_bg-W0?feature=oembed" frameborder="0" allow="accelerometer; autoplay; clipboard-write; encrypted-media; gyroscope; picture-in-picture" allowfullscreen></iframe></p>
</div></figure>



<p style="color:#010b0f" class="has-text-color has-background has-text-align-center has-medium-font-size has-pale-pink-background-color"><strong>Que tal seguir a dica da professora Regina e conhecer um pouco mais sobre a contadora de história Glorinha Fulustreka? </strong></p>



<p style="color:#021218" class="has-text-color has-background has-text-align-center has-medium-font-size has-vivid-green-cyan-background-color"><strong>Aproveite e convide a sua criança para assistir ao seu lado a história “O macaquinho” do autor Ronaldo Simões Coelho. Vamos assistir? </strong></p>



<p>Clique na imagem para conferir.&nbsp;</p>



<figure class="wp-block-embed-youtube wp-block-embed is-type-video is-provider-youtube wp-embed-aspect-16-9 wp-has-aspect-ratio"><div class="wp-block-embed__wrapper">
<p class="responsive-video-wrap clr"><iframe title="(((Macaquinho))) no pé de serra" width="1200" height="675" src="https://www.youtube.com/embed/jYc-1bxBfAQ?start=48&#038;feature=oembed" frameborder="0" allow="accelerometer; autoplay; clipboard-write; encrypted-media; gyroscope; picture-in-picture" allowfullscreen></iframe></p>
</div></figure>



<p style="color:#021016" class="has-text-color has-background has-medium-font-size has-vivid-purple-background-color"><strong>Essa proposta fez parte do Programa Conexão Escola transmitido pelas TV Sagres (Canal 26) e TV UFG (Canal 15.1 UHF | 21 NET). Quer assistir na íntegra? Acesse os links abaixo!</strong></p>



<figure class="wp-block-embed-youtube alignleft wp-block-embed is-type-video is-provider-youtube wp-embed-aspect-16-9 wp-has-aspect-ratio"><div class="wp-block-embed__wrapper">
<p class="responsive-video-wrap clr"><iframe title="Uma História Puxa a Outra! - Ed. Infantil - 07/12 - Bloco 1" width="1200" height="675" src="https://www.youtube.com/embed/S-vFmXDrvUU?feature=oembed" frameborder="0" allow="accelerometer; autoplay; clipboard-write; encrypted-media; gyroscope; picture-in-picture" allowfullscreen></iframe></p>
</div></figure>



<figure class="wp-block-table is-style-stripes"><table><tbody><tr><td>Proponentes/Curadoria<br></td><td>NEC</td></tr><tr><td><br>Professor(a) convidado(a)<br></td><td>Regina Marcelino<br></td></tr><tr><td><br>Parceiros/Autorização<br></td><td>Glorinha Fulustreka</td></tr></tbody></table></figure>
