{"id":84619,"date":"2020-12-14T07:00:00","date_gmt":"2020-12-14T09:00:00","guid":{"rendered":"https:\/\/sme.goiania.go.gov.br\/conexaoescola\/?post_type=eaja&#038;p=84619"},"modified":"2021-11-10T17:02:38","modified_gmt":"2021-11-10T19:02:38","slug":"massa-e-peso-dos-objetos","status":"publish","type":"eaja","link":"https:\/\/sme.goiania.go.gov.br\/conexaoescola\/eaja\/massa-e-peso-dos-objetos\/","title":{"rendered":"Matem\u00e1tica &#8211; Massa e peso dos objetos"},"content":{"rendered":"\n<p class=\"has-medium-font-size\">Ol\u00e1! Hoje vamos aprender um pouco sobre o peso dos objetos. Voc\u00ea sabia que os objetos, pessoas, mercadorias, produtos tem seu pr\u00f3prio peso? E que Peso \u00e9 a forma popular de se referir \u00e0 massa? Bem, vamos l\u00e1! Dizer &#8220;a caixa tem 35 quilogramas de massa&#8221; \u00e9 o correto, mas, no nosso dia a dia, dizemos &#8220;a caixa tem 35 quilogramas de peso&#8221;. Para entendermos melhor sobre este assunto iremos assistir a um v\u00eddeo que nos ajuda a encontrarmos o peso ou a medida de massa de um produto, tamb\u00e9m podemos olhar nas embalagens ou nos r\u00f3tulos das mercadorias.<\/p>\n\n\n\n<hr class=\"wp-block-separator\"\/>\n\n\n\n<h2 class=\"wp-block-heading\">Atividade 1<\/h2>\n\n\n\n<p class=\"has-medium-font-size\">Acesse o link abaixo e assista ao v\u00eddeo:<\/p>\n\n\n\n<figure class=\"wp-block-embed is-type-video is-provider-youtube wp-block-embed-youtube wp-embed-aspect-16-9 wp-has-aspect-ratio\"><div class=\"wp-block-embed__wrapper\">\n<p class=\"responsive-video-wrap clr\"><iframe title=\"Calculino - Peso\" width=\"1200\" height=\"675\" src=\"https:\/\/www.youtube.com\/embed\/Y1xQYer5EQo?feature=oembed\" frameborder=\"0\" allow=\"accelerometer; autoplay; clipboard-write; encrypted-media; gyroscope; picture-in-picture\" allowfullscreen><\/iframe><\/p>\n<\/div><figcaption>&#8220;Calculino \u2013 Peso&#8221; &#8211; Canal: Quintal da Cultura&#8221; &#8211; <br>Link: <a href=\"https:\/\/www.youtube.com\/watch?v=Y1xQYer5EQo\" target=\"_blank\" rel=\"noreferrer noopener\">https:\/\/www.youtube.com\/watch?v=Y1xQYer5EQo<\/a><\/figcaption><\/figure>\n\n\n\n<p class=\"has-medium-font-size\">Agora para organizar as ideias que foram apresentadas, registre no caderno.<\/p>\n\n\n\n<p class=\"has-medium-font-size\">A) Em quais situa\u00e7\u00f5es utilizamos o peso no nosso dia a dia?<\/p>\n\n\n\n<p class=\"has-medium-font-size\">B) Agora convide seus familiares para observar os r\u00f3tulos de produtos que voc\u00eas t\u00eam em casa. Fa\u00e7a uma lista com tr\u00eas produtos e seu peso.<\/p>\n\n\n\n<hr class=\"wp-block-separator\"\/>\n\n\n\n<h2 class=\"wp-block-heading\">Atividade 2<\/h2>\n\n\n\n<p class=\"has-medium-font-size\">Observe as imagens a seguir:<\/p>\n\n\n\n<figure class=\"wp-block-image\"><img decoding=\"async\" src=\"https:\/\/lh6.googleusercontent.com\/xsVR4EE05bCYRNodsfkN6qE2G30bHgHZFZqv_LOrYyfv3LVccEk5F3TUlMiKmF-5e9qF7lC_Eyk5YWPrXChegMvQPpGsV0StXsY_jcO9RbOYVHijZ_GXmdXwCvY0-nu5ARUs1TMA\" alt=\"acordo, adquirir, cliente\"\/><figcaption>Dispon\u00edvel em: <a href=\"https:\/\/www.pexels.com\/pt-br\/foto\/acordo-adquirir-cliente-comida-95425\/\" target=\"_blank\" rel=\"noreferrer noopener\">https:\/\/www.pexels.com\/pt-br\/foto\/acordo-adquirir-cliente-comida-95425\/<\/a><\/figcaption><\/figure>\n\n\n\n<p class=\"has-medium-font-size\">Muitos produtos que compramos nas feiras livres s\u00e3o pesados para serem vendidos. Para medirmos a massa de um produto usamos a unidade de medida que \u00e9 o quilograma, cujo s\u00edmbolo \u00e9 Kg uma das unidades de medidas de massa. E para sabermos a medida de massa utilizamos a balan\u00e7a. Observe alguns modelos de balan\u00e7as:<\/p>\n\n\n\n<figure class=\"wp-block-image\"><img decoding=\"async\" src=\"https:\/\/lh6.googleusercontent.com\/VXZck1-9Ohd1702qFjMAyeahpUL9hLFhUgRI_V0F3YN8OrzFuNE1i1U8-hJHODR4lUPB1BpkPbJCpAp1lwpJGdhwGMmdA7huIjeAfz-vMMdQAeT5kNItlczfO63uRSd7sxLJVDzv\" alt=\"https:\/\/upload.wikimedia.org\/wikipedia\/commons\/a\/a9\/Balanca-semianalitica.jpg\"\/><figcaption>Dispon\u00edvel em: <a href=\"https:\/\/upload.wikimedia.org\/wikipedia\/commons\/a\/a9\/Balanca-semianalitica.jpg\" target=\"_blank\" rel=\"noreferrer noopener\">https:\/\/upload.wikimedia.org\/wikipedia\/commons\/a\/a9\/Balanca-semianalitica.jpg<\/a><\/figcaption><\/figure>\n\n\n\n<figure class=\"wp-block-image\"><img decoding=\"async\" src=\"https:\/\/lh5.googleusercontent.com\/YdeiCsA_iheuQRj4NemJ-lOvgqjfMPmALcaae9jojCiZtBNyyRCYxD_w0ifH3nAp9ZlZ9RB5Xe78B6ROms0Cw_B5Asi67zEwpkbzcNHsqfJyiYezb3cjynrzbX_cr1k5KDCLamd2\" alt=\"https:\/\/cdn.pixabay.com\/photo\/2015\/03\/26\/07\/07\/weigh-689873_960_720.jpg\"\/><figcaption>Dispon\u00edvel em: <a href=\"https:\/\/cdn.pixabay.com\/photo\/2015\/03\/26\/07\/07\/weigh-689873_960_720.jpg\" target=\"_blank\" rel=\"noreferrer noopener\">https:\/\/cdn.pixabay.com\/photo\/2015\/03\/26\/07\/07\/weigh-689873_960_720.jpg<\/a><\/figcaption><\/figure>\n\n\n\n<figure class=\"wp-block-image\"><img decoding=\"async\" src=\"https:\/\/lh6.googleusercontent.com\/BKxd4FsBXhE1jxzIEb4d1VQOC5858JZYuY_01NSH61CZcUJe5vPD77mBDk2HlKfRTafBGLoT1mnhfykslKIEBzcUNTc9-43hwE5lOWPNN6t4JYiZspNt8WBkNIYFPkl16ko0XCax\" alt=\"https:\/\/cdn.pixabay.com\/photo\/2013\/07\/12\/13\/18\/scales-146789_960_720.png\"\/><figcaption>Dispon\u00edvel em: <a href=\"https:\/\/cdn.pixabay.com\/photo\/2013\/07\/12\/13\/18\/scales-146789_960_720.png\" target=\"_blank\" rel=\"noreferrer noopener\">https:\/\/cdn.pixabay.com\/photo\/2013\/07\/12\/13\/18\/scales-146789_960_720.png<\/a><\/figcaption><\/figure>\n\n\n\n<p class=\"has-medium-font-size\">Agora \u00e9 com voc\u00ea! Registre no seu caderno o nome de alguns produtos que podem ser comprados por meio da pesagem nas feiras livres.<\/p>\n\n\n\n<hr class=\"wp-block-separator\"\/>\n\n\n\n<p class=\"has-very-light-gray-color has-vivid-cyan-blue-background-color has-text-color has-background has-medium-font-size\"><strong>Saiba Mais | Refer\u00eancias:<\/strong><\/p>\n\n\n\n<div class=\"wp-block-columns is-layout-flex wp-container-core-columns-is-layout-9d6595d7 wp-block-columns-is-layout-flex\">\n<div class=\"wp-block-column is-layout-flow wp-block-column-is-layout-flow\">\n<figure class=\"wp-block-embed is-type-video is-provider-youtube wp-block-embed-youtube wp-embed-aspect-16-9 wp-has-aspect-ratio\"><div class=\"wp-block-embed__wrapper\">\n<p class=\"responsive-video-wrap clr\"><iframe title=\"Quintal da Cultura - Peso\" width=\"1200\" height=\"675\" src=\"https:\/\/www.youtube.com\/embed\/a6UFxf5Jb3U?feature=oembed\" frameborder=\"0\" allow=\"accelerometer; autoplay; clipboard-write; encrypted-media; gyroscope; picture-in-picture\" allowfullscreen><\/iframe><\/p>\n<\/div><figcaption>&#8220;Quintal da Cultura &#8211; Peso&#8221; &#8211; Canal:<br>Quintal da Cultura &#8211; https:\/\/www.youtube.com\/watch?v=a6UFxf5Jb3U<\/figcaption><\/figure>\n<\/div>\n\n\n\n<div class=\"wp-block-column is-layout-flow wp-block-column-is-layout-flow\"><\/div>\n<\/div>\n\n\n\n<hr class=\"wp-block-separator\"\/>\n\n\n\n<figure class=\"wp-block-table alignfull\"><table><tbody><tr><td>Objeto de Conhecimento<\/td><td>Matem\u00e1tica<\/td><\/tr><tr><td>Componente Curricular<\/td><td>Matem\u00e1tica<\/td><\/tr><tr><td>Habilidades<\/td><td>(EF05MA19-C) Ler, interpretar, resolver e elaborar problemas envolvendo medidas de massa, recorrendo a transforma\u00e7\u00f5es entre as unidades mais usuais em contextos socioculturais.<\/td><\/tr><tr><td>Proponentes\/ Professores:<\/td><td>Daniela Cristina de OliveiraN\u00edvea Borges Duarte LiraSimone Vieira Le\u00e3o Pinheiro<\/td><\/tr><tr><td>Institui\u00e7\u00e3o Educacional:<\/td><td>ESCOLA MUNICIPAL VEREADOR CARLOS EURICO DE CAMARGO ALVES<\/td><\/tr><tr><td>CRE:<\/td><td>JARBAS JAYME<\/td><\/tr><\/tbody><\/table><\/figure>\n\n\n\n<hr class=\"wp-block-separator\"\/>\n\n\n\n<p class=\"has-text-align-center has-medium-font-size\">EAJA \u2013Educa\u00e7\u00e3o Financeira e Empreendedorismo \u2013 2\u00b0 Segmento \u2013 7\u00aa a 8\u00aa s\u00e9ries<\/p>\n","protected":false},"author":27,"featured_media":84621,"template":"","meta":{"_acf_changed":false,"ocean_post_layout":"","ocean_both_sidebars_style":"","ocean_both_sidebars_content_width":0,"ocean_both_sidebars_sidebars_width":0,"ocean_sidebar":"","ocean_second_sidebar":"","ocean_disable_margins":"enable","ocean_add_body_class":"","ocean_shortcode_before_top_bar":"","ocean_shortcode_after_top_bar":"","ocean_shortcode_before_header":"","ocean_shortcode_after_header":"","ocean_has_shortcode":"","ocean_shortcode_after_title":"","ocean_shortcode_before_footer_widgets":"","ocean_shortcode_after_footer_widgets":"","ocean_shortcode_before_footer_bottom":"","ocean_shortcode_after_footer_bottom":"","ocean_display_top_bar":"default","ocean_display_header":"default","ocean_header_style":"","ocean_center_header_left_menu":"","ocean_custom_header_template":"","ocean_custom_logo":0,"ocean_custom_retina_logo":0,"ocean_custom_logo_max_width":0,"ocean_custom_logo_tablet_max_width":0,"ocean_custom_logo_mobile_max_width":0,"ocean_custom_logo_max_height":0,"ocean_custom_logo_tablet_max_height":0,"ocean_custom_logo_mobile_max_height":0,"ocean_header_custom_menu":"","ocean_menu_typo_font_family":"","ocean_menu_typo_font_subset":"","ocean_menu_typo_font_size":0,"ocean_menu_typo_font_size_tablet":0,"ocean_menu_typo_font_size_mobile":0,"ocean_menu_typo_font_size_unit":"px","ocean_menu_typo_font_weight":"","ocean_menu_typo_font_weight_tablet":"","ocean_menu_typo_font_weight_mobile":"","ocean_menu_typo_transform":"","ocean_menu_typo_transform_tablet":"","ocean_menu_typo_transform_mobile":"","ocean_menu_typo_line_height":0,"ocean_menu_typo_line_height_tablet":0,"ocean_menu_typo_line_height_mobile":0,"ocean_menu_typo_line_height_unit":"","ocean_menu_typo_spacing":0,"ocean_menu_typo_spacing_tablet":0,"ocean_menu_typo_spacing_mobile":0,"ocean_menu_typo_spacing_unit":"","ocean_menu_link_color":"","ocean_menu_link_color_hover":"","ocean_menu_link_color_active":"","ocean_menu_link_background":"","ocean_menu_link_hover_background":"","ocean_menu_link_active_background":"","ocean_menu_social_links_bg":"","ocean_menu_social_hover_links_bg":"","ocean_menu_social_links_color":"","ocean_menu_social_hover_links_color":"","ocean_disable_title":"default","ocean_disable_heading":"default","ocean_post_title":"","ocean_post_subheading":"","ocean_post_title_style":"","ocean_post_title_background_color":"","ocean_post_title_background":0,"ocean_post_title_bg_image_position":"","ocean_post_title_bg_image_attachment":"","ocean_post_title_bg_image_repeat":"","ocean_post_title_bg_image_size":"","ocean_post_title_height":0,"ocean_post_title_bg_overlay":0.5,"ocean_post_title_bg_overlay_color":"","ocean_disable_breadcrumbs":"default","ocean_breadcrumbs_color":"","ocean_breadcrumbs_separator_color":"","ocean_breadcrumbs_links_color":"","ocean_breadcrumbs_links_hover_color":"","ocean_display_footer_widgets":"default","ocean_display_footer_bottom":"default","ocean_custom_footer_template":""},"eaja_categoria":[69],"serie":[100],"eaja_componente":[78],"class_list":["post-84619","eaja","type-eaja","status-publish","has-post-thumbnail","hentry","eaja_categoria-2o-segmento-7a-e-8a-serie","serie-8a-serie","eaja_componente-matematica","entry","has-media"],"acf":[],"_links":{"self":[{"href":"https:\/\/sme.goiania.go.gov.br\/conexaoescola\/wp-json\/wp\/v2\/eaja\/84619","targetHints":{"allow":["GET"]}}],"collection":[{"href":"https:\/\/sme.goiania.go.gov.br\/conexaoescola\/wp-json\/wp\/v2\/eaja"}],"about":[{"href":"https:\/\/sme.goiania.go.gov.br\/conexaoescola\/wp-json\/wp\/v2\/types\/eaja"}],"author":[{"embeddable":true,"href":"https:\/\/sme.goiania.go.gov.br\/conexaoescola\/wp-json\/wp\/v2\/users\/27"}],"wp:featuredmedia":[{"embeddable":true,"href":"https:\/\/sme.goiania.go.gov.br\/conexaoescola\/wp-json\/wp\/v2\/media\/84621"}],"wp:attachment":[{"href":"https:\/\/sme.goiania.go.gov.br\/conexaoescola\/wp-json\/wp\/v2\/media?parent=84619"}],"wp:term":[{"taxonomy":"eaja_categoria","embeddable":true,"href":"https:\/\/sme.goiania.go.gov.br\/conexaoescola\/wp-json\/wp\/v2\/eaja_categoria?post=84619"},{"taxonomy":"serie","embeddable":true,"href":"https:\/\/sme.goiania.go.gov.br\/conexaoescola\/wp-json\/wp\/v2\/serie?post=84619"},{"taxonomy":"eaja_componente","embeddable":true,"href":"https:\/\/sme.goiania.go.gov.br\/conexaoescola\/wp-json\/wp\/v2\/eaja_componente?post=84619"}],"curies":[{"name":"wp","href":"https:\/\/api.w.org\/{rel}","templated":true}]}}

Matemática &#8211; Massa e peso dos objetos

<p class="has-medium-font-size">Olá! Hoje vamos aprender um pouco sobre o peso dos objetos. Você sabia que os objetos, pessoas, mercadorias, produtos tem seu próprio peso? E que Peso é a forma popular de se referir à massa? Bem, vamos lá! Dizer &#8220;a caixa tem 35 quilogramas de massa&#8221; é o correto, mas, no nosso dia a dia, dizemos &#8220;a caixa tem 35 quilogramas de peso&#8221;. Para entendermos melhor sobre este assunto iremos assistir a um vídeo que nos ajuda a encontrarmos o peso ou a medida de massa de um produto, também podemos olhar nas embalagens ou nos rótulos das mercadorias.</p>



<hr class="wp-block-separator"/>



<h2 class="wp-block-heading">Atividade 1</h2>



<p class="has-medium-font-size">Acesse o link abaixo e assista ao vídeo:</p>



<figure class="wp-block-embed is-type-video is-provider-youtube wp-block-embed-youtube wp-embed-aspect-16-9 wp-has-aspect-ratio"><div class="wp-block-embed__wrapper">
<p class="responsive-video-wrap clr"><iframe title="Calculino - Peso" width="1200" height="675" src="https://www.youtube.com/embed/Y1xQYer5EQo?feature=oembed" frameborder="0" allow="accelerometer; autoplay; clipboard-write; encrypted-media; gyroscope; picture-in-picture" allowfullscreen></iframe></p>
</div><figcaption>&#8220;Calculino – Peso&#8221; &#8211; Canal: Quintal da Cultura&#8221; &#8211; <br>Link: <a href="https://www.youtube.com/watch?v=Y1xQYer5EQo" target="_blank" rel="noreferrer noopener">https://www.youtube.com/watch?v=Y1xQYer5EQo</a></figcaption></figure>



<p class="has-medium-font-size">Agora para organizar as ideias que foram apresentadas, registre no caderno.</p>



<p class="has-medium-font-size">A) Em quais situações utilizamos o peso no nosso dia a dia?</p>



<p class="has-medium-font-size">B) Agora convide seus familiares para observar os rótulos de produtos que vocês têm em casa. Faça uma lista com três produtos e seu peso.</p>



<hr class="wp-block-separator"/>



<h2 class="wp-block-heading">Atividade 2</h2>



<p class="has-medium-font-size">Observe as imagens a seguir:</p>



<figure class="wp-block-image"><img decoding="async" src="https://lh6.googleusercontent.com/xsVR4EE05bCYRNodsfkN6qE2G30bHgHZFZqv_LOrYyfv3LVccEk5F3TUlMiKmF-5e9qF7lC_Eyk5YWPrXChegMvQPpGsV0StXsY_jcO9RbOYVHijZ_GXmdXwCvY0-nu5ARUs1TMA" alt="acordo, adquirir, cliente"/><figcaption>Disponível em: <a href="https://www.pexels.com/pt-br/foto/acordo-adquirir-cliente-comida-95425/" target="_blank" rel="noreferrer noopener">https://www.pexels.com/pt-br/foto/acordo-adquirir-cliente-comida-95425/</a></figcaption></figure>



<p class="has-medium-font-size">Muitos produtos que compramos nas feiras livres são pesados para serem vendidos. Para medirmos a massa de um produto usamos a unidade de medida que é o quilograma, cujo símbolo é Kg uma das unidades de medidas de massa. E para sabermos a medida de massa utilizamos a balança. Observe alguns modelos de balanças:</p>



<figure class="wp-block-image"><img decoding="async" src="https://lh6.googleusercontent.com/VXZck1-9Ohd1702qFjMAyeahpUL9hLFhUgRI_V0F3YN8OrzFuNE1i1U8-hJHODR4lUPB1BpkPbJCpAp1lwpJGdhwGMmdA7huIjeAfz-vMMdQAeT5kNItlczfO63uRSd7sxLJVDzv" alt="https://upload.wikimedia.org/wikipedia/commons/a/a9/Balanca-semianalitica.jpg"/><figcaption>Disponível em: <a href="https://upload.wikimedia.org/wikipedia/commons/a/a9/Balanca-semianalitica.jpg" target="_blank" rel="noreferrer noopener">https://upload.wikimedia.org/wikipedia/commons/a/a9/Balanca-semianalitica.jpg</a></figcaption></figure>



<figure class="wp-block-image"><img decoding="async" src="https://lh5.googleusercontent.com/YdeiCsA_iheuQRj4NemJ-lOvgqjfMPmALcaae9jojCiZtBNyyRCYxD_w0ifH3nAp9ZlZ9RB5Xe78B6ROms0Cw_B5Asi67zEwpkbzcNHsqfJyiYezb3cjynrzbX_cr1k5KDCLamd2" alt="https://cdn.pixabay.com/photo/2015/03/26/07/07/weigh-689873_960_720.jpg"/><figcaption>Disponível em: <a href="https://cdn.pixabay.com/photo/2015/03/26/07/07/weigh-689873_960_720.jpg" target="_blank" rel="noreferrer noopener">https://cdn.pixabay.com/photo/2015/03/26/07/07/weigh-689873_960_720.jpg</a></figcaption></figure>



<figure class="wp-block-image"><img decoding="async" src="https://lh6.googleusercontent.com/BKxd4FsBXhE1jxzIEb4d1VQOC5858JZYuY_01NSH61CZcUJe5vPD77mBDk2HlKfRTafBGLoT1mnhfykslKIEBzcUNTc9-43hwE5lOWPNN6t4JYiZspNt8WBkNIYFPkl16ko0XCax" alt="https://cdn.pixabay.com/photo/2013/07/12/13/18/scales-146789_960_720.png"/><figcaption>Disponível em: <a href="https://cdn.pixabay.com/photo/2013/07/12/13/18/scales-146789_960_720.png" target="_blank" rel="noreferrer noopener">https://cdn.pixabay.com/photo/2013/07/12/13/18/scales-146789_960_720.png</a></figcaption></figure>



<p class="has-medium-font-size">Agora é com você! Registre no seu caderno o nome de alguns produtos que podem ser comprados por meio da pesagem nas feiras livres.</p>



<hr class="wp-block-separator"/>



<p class="has-very-light-gray-color has-vivid-cyan-blue-background-color has-text-color has-background has-medium-font-size"><strong>Saiba Mais | Referências:</strong></p>



<div class="wp-block-columns is-layout-flex wp-container-core-columns-is-layout-9d6595d7 wp-block-columns-is-layout-flex">
<div class="wp-block-column is-layout-flow wp-block-column-is-layout-flow">
<figure class="wp-block-embed is-type-video is-provider-youtube wp-block-embed-youtube wp-embed-aspect-16-9 wp-has-aspect-ratio"><div class="wp-block-embed__wrapper">
<p class="responsive-video-wrap clr"><iframe title="Quintal da Cultura - Peso" width="1200" height="675" src="https://www.youtube.com/embed/a6UFxf5Jb3U?feature=oembed" frameborder="0" allow="accelerometer; autoplay; clipboard-write; encrypted-media; gyroscope; picture-in-picture" allowfullscreen></iframe></p>
</div><figcaption>&#8220;Quintal da Cultura &#8211; Peso&#8221; &#8211; Canal:<br>Quintal da Cultura &#8211; https://www.youtube.com/watch?v=a6UFxf5Jb3U</figcaption></figure>
</div>



<div class="wp-block-column is-layout-flow wp-block-column-is-layout-flow"></div>
</div>



<hr class="wp-block-separator"/>



<figure class="wp-block-table alignfull"><table><tbody><tr><td>Objeto de Conhecimento</td><td>Matemática</td></tr><tr><td>Componente Curricular</td><td>Matemática</td></tr><tr><td>Habilidades</td><td>(EF05MA19-C) Ler, interpretar, resolver e elaborar problemas envolvendo medidas de massa, recorrendo a transformações entre as unidades mais usuais em contextos socioculturais.</td></tr><tr><td>Proponentes/ Professores:</td><td>Daniela Cristina de OliveiraNívea Borges Duarte LiraSimone Vieira Leão Pinheiro</td></tr><tr><td>Instituição Educacional:</td><td>ESCOLA MUNICIPAL VEREADOR CARLOS EURICO DE CAMARGO ALVES</td></tr><tr><td>CRE:</td><td>JARBAS JAYME</td></tr></tbody></table></figure>



<hr class="wp-block-separator"/>



<p class="has-text-align-center has-medium-font-size">EAJA –Educação Financeira e Empreendedorismo – 2° Segmento – 7ª a 8ª séries</p>
