{"id":84526,"date":"2020-12-07T07:00:00","date_gmt":"2020-12-07T09:00:00","guid":{"rendered":"https:\/\/sme.goiania.go.gov.br\/conexaoescola\/?post_type=eaja&#038;p=84526"},"modified":"2021-11-10T17:07:31","modified_gmt":"2021-11-10T19:07:31","slug":"a-relacao-homem-natureza","status":"publish","type":"eaja","link":"https:\/\/sme.goiania.go.gov.br\/conexaoescola\/eaja\/a-relacao-homem-natureza\/","title":{"rendered":"Geografia &#8211; A rela\u00e7\u00e3o homem-natureza"},"content":{"rendered":"\n<p class=\"has-medium-font-size\">O assunto trata da rela\u00e7\u00e3o homem-natureza, as transforma\u00e7\u00f5es feitas pelo homem, os impactos ambientais, a import\u00e2ncia dos recursos naturais e a necessidade de n\u00f3s humanos termos uma rela\u00e7\u00e3o mais harm\u00f4nica e menos destrutiva com nossa m\u00e3e natureza.<\/p>\n\n\n\n<hr class=\"wp-block-separator\"\/>\n\n\n\n<h2 class=\"wp-block-heading\">Atividade 1<\/h2>\n\n\n\n<p class=\"has-medium-font-size\">Assista os v\u00eddeos e escreva um pequeno texto sobre o que voc\u00ea entendeu.<\/p>\n\n\n\n<figure class=\"wp-block-embed is-type-video is-provider-youtube wp-block-embed-youtube wp-embed-aspect-4-3 wp-has-aspect-ratio\"><div class=\"wp-block-embed__wrapper\">\n<p class=\"responsive-video-wrap clr\"><iframe title=\"A natureza antes  e depois do Homem\" width=\"1200\" height=\"900\" src=\"https:\/\/www.youtube.com\/embed\/29PK2fAD6CA?feature=oembed\" frameborder=\"0\" allow=\"accelerometer; autoplay; clipboard-write; encrypted-media; gyroscope; picture-in-picture\" allowfullscreen><\/iframe><\/p>\n<\/div><figcaption>&#8220;A natureza antes e depois do Homem&#8221; &#8211; Canal: <a href=\"https:\/\/www.youtube.com\/channel\/UCGssEDJ1Tib_55s2XHk5qQg\">Alessandro Bello<\/a> &#8211;<br>Link: <a rel=\"noreferrer noopener\" href=\"https:\/\/www.youtube.com\/watch?v=29PK2fAD6CA\" target=\"_blank\">https:\/\/www.youtube.com\/watch?v=29PK2fAD6CA<\/a><\/figcaption><\/figure>\n\n\n\n<figure class=\"wp-block-embed is-type-video is-provider-youtube wp-block-embed-youtube wp-embed-aspect-4-3 wp-has-aspect-ratio\"><div class=\"wp-block-embed__wrapper\">\n<p class=\"responsive-video-wrap clr\"><iframe title=\"Impacto Ambiental\" width=\"1200\" height=\"900\" src=\"https:\/\/www.youtube.com\/embed\/_OwFgiliLMo?feature=oembed\" frameborder=\"0\" allow=\"accelerometer; autoplay; clipboard-write; encrypted-media; gyroscope; picture-in-picture\" allowfullscreen><\/iframe><\/p>\n<\/div><figcaption>&#8220;Impacto Ambiental&#8221; &#8211; Canal: <a href=\"https:\/\/www.youtube.com\/channel\/UCUtN-NWnzRLGVyM3-oREiAg\">Tema Meio Ambiente<\/a> &#8211;<br>Link: <a href=\"https:\/\/www.youtube.com\/watch?v=_OwFgiliLMo\" target=\"_blank\" rel=\"noreferrer noopener\">https:\/\/www.youtube.com\/watch?v=_OwFgiliLMo<\/a><\/figcaption><\/figure>\n\n\n\n<figure class=\"wp-block-embed is-type-video is-provider-youtube wp-block-embed-youtube wp-embed-aspect-16-9 wp-has-aspect-ratio\"><div class=\"wp-block-embed__wrapper\">\n<p class=\"responsive-video-wrap clr\"><iframe title=\"6\u00ba TELA VERDE | CURTAS DE ANIMA\u00c7\u00c3O RES\u00cdDUOS S\u00d3LIDOS | A Cura\" width=\"1200\" height=\"675\" src=\"https:\/\/www.youtube.com\/embed\/S69L9KSyyns?feature=oembed\" frameborder=\"0\" allow=\"accelerometer; autoplay; clipboard-write; encrypted-media; gyroscope; picture-in-picture\" allowfullscreen><\/iframe><\/p>\n<\/div><figcaption>&#8220;6\u00ba TELA VERDE | CURTAS DE ANIMA\u00c7\u00c3O RES\u00cdDUOS S\u00d3LIDOS | A Cura&#8221; &#8211; Canal: <a href=\"https:\/\/www.youtube.com\/channel\/UCrcru3HDT3g1XIEJVk0NARA\">Minist\u00e9rio do Meio Ambiente<\/a> &#8211;<br>Link: <a rel=\"noreferrer noopener\" href=\"https:\/\/www.youtube.com\/watch?v=S69L9KSyyns\" target=\"_blank\">https:\/\/www.youtube.com\/watch?v=S69L9KSyyns<\/a><\/figcaption><\/figure>\n\n\n\n<hr class=\"wp-block-separator\"\/>\n\n\n\n<h2 class=\"wp-block-heading\">Atividade 2<\/h2>\n\n\n\n<p class=\"has-medium-font-size\">Leia o texto indicado sobre a Rela\u00e7\u00e3o do Homem com a Natureza e registre em \u00e1udio a sua compreens\u00e3o do texto.<\/p>\n\n\n\n<p class=\"has-text-align-center has-vivid-purple-color has-very-light-gray-background-color has-text-color has-background has-medium-font-size\"><a rel=\"noreferrer noopener\" href=\"https:\/\/siteantigo.portaleducacao.com.br\/conteudo\/artigos\/biologia\/relacao-do-homem-x-natureza\/19309\" target=\"_blank\">https:\/\/siteantigo.portaleducacao.com.br\/conteudo\/artigos\/biologia\/relacao-do-homem-x-natureza\/19309<\/a><\/p>\n\n\n\n<hr class=\"wp-block-separator\"\/>\n\n\n\n<figure class=\"wp-block-table alignfull\"><table><tbody><tr><td>Componente(s) Curricular(res)<\/td><td>Geografia<\/td><\/tr><tr><td>Objetivos de Aprendizagem e Desenvolvimento<\/td><td>(EAJAGE0517) Analisar e problematizar as causas e consequ\u00eancias das pr\u00e1ticas humanas na din\u00e2mica clim\u00e1tica em diferentes n\u00edveis de escala.&nbsp;(EAJAGE0518) Identificar fen\u00f4menos naturais que influenciam no cotidiano e suas contribui\u00e7\u00f5es par a forma\u00e7\u00e3o do Cerrado goiano.&nbsp;(EAJAGE0519) Entender o processo formativo dos componentes f\u00edsico-naturais do Cerrado<\/td><\/tr><tr><td>Professor<\/td><td>Rodrigues Zeferino de Morais<\/td><\/tr><tr><td>Institui\u00e7\u00e3o Educacional<\/td><td>Escola Municipal C\u00e9sar da Cunha Bastos<\/td><\/tr><tr><td>CRE<\/td><td>Jarbas Jayme<\/td><\/tr><\/tbody><\/table><\/figure>\n\n\n\n<hr class=\"wp-block-separator\"\/>\n\n\n\n<p class=\"has-text-align-center has-medium-font-size\">EAJA \u2013Educa\u00e7\u00e3o Ambiental e Sa\u00fade \u2013 2\u00b0 Segmento \u2013 5\u00aa a 6\u00aa s\u00e9ries<\/p>\n","protected":false},"author":27,"featured_media":84527,"template":"","meta":{"_acf_changed":false,"ocean_post_layout":"","ocean_both_sidebars_style":"","ocean_both_sidebars_content_width":0,"ocean_both_sidebars_sidebars_width":0,"ocean_sidebar":"","ocean_second_sidebar":"","ocean_disable_margins":"enable","ocean_add_body_class":"","ocean_shortcode_before_top_bar":"","ocean_shortcode_after_top_bar":"","ocean_shortcode_before_header":"","ocean_shortcode_after_header":"","ocean_has_shortcode":"","ocean_shortcode_after_title":"","ocean_shortcode_before_footer_widgets":"","ocean_shortcode_after_footer_widgets":"","ocean_shortcode_before_footer_bottom":"","ocean_shortcode_after_footer_bottom":"","ocean_display_top_bar":"default","ocean_display_header":"default","ocean_header_style":"","ocean_center_header_left_menu":"","ocean_custom_header_template":"","ocean_custom_logo":0,"ocean_custom_retina_logo":0,"ocean_custom_logo_max_width":0,"ocean_custom_logo_tablet_max_width":0,"ocean_custom_logo_mobile_max_width":0,"ocean_custom_logo_max_height":0,"ocean_custom_logo_tablet_max_height":0,"ocean_custom_logo_mobile_max_height":0,"ocean_header_custom_menu":"","ocean_menu_typo_font_family":"","ocean_menu_typo_font_subset":"","ocean_menu_typo_font_size":0,"ocean_menu_typo_font_size_tablet":0,"ocean_menu_typo_font_size_mobile":0,"ocean_menu_typo_font_size_unit":"px","ocean_menu_typo_font_weight":"","ocean_menu_typo_font_weight_tablet":"","ocean_menu_typo_font_weight_mobile":"","ocean_menu_typo_transform":"","ocean_menu_typo_transform_tablet":"","ocean_menu_typo_transform_mobile":"","ocean_menu_typo_line_height":0,"ocean_menu_typo_line_height_tablet":0,"ocean_menu_typo_line_height_mobile":0,"ocean_menu_typo_line_height_unit":"","ocean_menu_typo_spacing":0,"ocean_menu_typo_spacing_tablet":0,"ocean_menu_typo_spacing_mobile":0,"ocean_menu_typo_spacing_unit":"","ocean_menu_link_color":"","ocean_menu_link_color_hover":"","ocean_menu_link_color_active":"","ocean_menu_link_background":"","ocean_menu_link_hover_background":"","ocean_menu_link_active_background":"","ocean_menu_social_links_bg":"","ocean_menu_social_hover_links_bg":"","ocean_menu_social_links_color":"","ocean_menu_social_hover_links_color":"","ocean_disable_title":"default","ocean_disable_heading":"default","ocean_post_title":"","ocean_post_subheading":"","ocean_post_title_style":"","ocean_post_title_background_color":"","ocean_post_title_background":0,"ocean_post_title_bg_image_position":"","ocean_post_title_bg_image_attachment":"","ocean_post_title_bg_image_repeat":"","ocean_post_title_bg_image_size":"","ocean_post_title_height":0,"ocean_post_title_bg_overlay":0.5,"ocean_post_title_bg_overlay_color":"","ocean_disable_breadcrumbs":"default","ocean_breadcrumbs_color":"","ocean_breadcrumbs_separator_color":"","ocean_breadcrumbs_links_color":"","ocean_breadcrumbs_links_hover_color":"","ocean_display_footer_widgets":"default","ocean_display_footer_bottom":"default","ocean_custom_footer_template":""},"eaja_categoria":[104],"serie":[74],"eaja_componente":[80],"class_list":["post-84526","eaja","type-eaja","status-publish","has-post-thumbnail","hentry","eaja_categoria-2o-segmento-5a-e-6a-serie","serie-5a-serie","eaja_componente-geografia","entry","has-media"],"acf":[],"_links":{"self":[{"href":"https:\/\/sme.goiania.go.gov.br\/conexaoescola\/wp-json\/wp\/v2\/eaja\/84526","targetHints":{"allow":["GET"]}}],"collection":[{"href":"https:\/\/sme.goiania.go.gov.br\/conexaoescola\/wp-json\/wp\/v2\/eaja"}],"about":[{"href":"https:\/\/sme.goiania.go.gov.br\/conexaoescola\/wp-json\/wp\/v2\/types\/eaja"}],"author":[{"embeddable":true,"href":"https:\/\/sme.goiania.go.gov.br\/conexaoescola\/wp-json\/wp\/v2\/users\/27"}],"wp:featuredmedia":[{"embeddable":true,"href":"https:\/\/sme.goiania.go.gov.br\/conexaoescola\/wp-json\/wp\/v2\/media\/84527"}],"wp:attachment":[{"href":"https:\/\/sme.goiania.go.gov.br\/conexaoescola\/wp-json\/wp\/v2\/media?parent=84526"}],"wp:term":[{"taxonomy":"eaja_categoria","embeddable":true,"href":"https:\/\/sme.goiania.go.gov.br\/conexaoescola\/wp-json\/wp\/v2\/eaja_categoria?post=84526"},{"taxonomy":"serie","embeddable":true,"href":"https:\/\/sme.goiania.go.gov.br\/conexaoescola\/wp-json\/wp\/v2\/serie?post=84526"},{"taxonomy":"eaja_componente","embeddable":true,"href":"https:\/\/sme.goiania.go.gov.br\/conexaoescola\/wp-json\/wp\/v2\/eaja_componente?post=84526"}],"curies":[{"name":"wp","href":"https:\/\/api.w.org\/{rel}","templated":true}]}}

Geografia &#8211; A relação homem-natureza

<p class="has-medium-font-size">O assunto trata da relação homem-natureza, as transformações feitas pelo homem, os impactos ambientais, a importância dos recursos naturais e a necessidade de nós humanos termos uma relação mais harmônica e menos destrutiva com nossa mãe natureza.</p>



<hr class="wp-block-separator"/>



<h2 class="wp-block-heading">Atividade 1</h2>



<p class="has-medium-font-size">Assista os vídeos e escreva um pequeno texto sobre o que você entendeu.</p>



<figure class="wp-block-embed is-type-video is-provider-youtube wp-block-embed-youtube wp-embed-aspect-4-3 wp-has-aspect-ratio"><div class="wp-block-embed__wrapper">
<p class="responsive-video-wrap clr"><iframe title="A natureza antes  e depois do Homem" width="1200" height="900" src="https://www.youtube.com/embed/29PK2fAD6CA?feature=oembed" frameborder="0" allow="accelerometer; autoplay; clipboard-write; encrypted-media; gyroscope; picture-in-picture" allowfullscreen></iframe></p>
</div><figcaption>&#8220;A natureza antes e depois do Homem&#8221; &#8211; Canal: <a href="https://www.youtube.com/channel/UCGssEDJ1Tib_55s2XHk5qQg">Alessandro Bello</a> &#8211;<br>Link: <a rel="noreferrer noopener" href="https://www.youtube.com/watch?v=29PK2fAD6CA" target="_blank">https://www.youtube.com/watch?v=29PK2fAD6CA</a></figcaption></figure>



<figure class="wp-block-embed is-type-video is-provider-youtube wp-block-embed-youtube wp-embed-aspect-4-3 wp-has-aspect-ratio"><div class="wp-block-embed__wrapper">
<p class="responsive-video-wrap clr"><iframe title="Impacto Ambiental" width="1200" height="900" src="https://www.youtube.com/embed/_OwFgiliLMo?feature=oembed" frameborder="0" allow="accelerometer; autoplay; clipboard-write; encrypted-media; gyroscope; picture-in-picture" allowfullscreen></iframe></p>
</div><figcaption>&#8220;Impacto Ambiental&#8221; &#8211; Canal: <a href="https://www.youtube.com/channel/UCUtN-NWnzRLGVyM3-oREiAg">Tema Meio Ambiente</a> &#8211;<br>Link: <a href="https://www.youtube.com/watch?v=_OwFgiliLMo" target="_blank" rel="noreferrer noopener">https://www.youtube.com/watch?v=_OwFgiliLMo</a></figcaption></figure>



<figure class="wp-block-embed is-type-video is-provider-youtube wp-block-embed-youtube wp-embed-aspect-16-9 wp-has-aspect-ratio"><div class="wp-block-embed__wrapper">
<p class="responsive-video-wrap clr"><iframe title="6º TELA VERDE | CURTAS DE ANIMAÇÃO RESÍDUOS SÓLIDOS | A Cura" width="1200" height="675" src="https://www.youtube.com/embed/S69L9KSyyns?feature=oembed" frameborder="0" allow="accelerometer; autoplay; clipboard-write; encrypted-media; gyroscope; picture-in-picture" allowfullscreen></iframe></p>
</div><figcaption>&#8220;6º TELA VERDE | CURTAS DE ANIMAÇÃO RESÍDUOS SÓLIDOS | A Cura&#8221; &#8211; Canal: <a href="https://www.youtube.com/channel/UCrcru3HDT3g1XIEJVk0NARA">Ministério do Meio Ambiente</a> &#8211;<br>Link: <a rel="noreferrer noopener" href="https://www.youtube.com/watch?v=S69L9KSyyns" target="_blank">https://www.youtube.com/watch?v=S69L9KSyyns</a></figcaption></figure>



<hr class="wp-block-separator"/>



<h2 class="wp-block-heading">Atividade 2</h2>



<p class="has-medium-font-size">Leia o texto indicado sobre a Relação do Homem com a Natureza e registre em áudio a sua compreensão do texto.</p>



<p class="has-text-align-center has-vivid-purple-color has-very-light-gray-background-color has-text-color has-background has-medium-font-size"><a rel="noreferrer noopener" href="https://siteantigo.portaleducacao.com.br/conteudo/artigos/biologia/relacao-do-homem-x-natureza/19309" target="_blank">https://siteantigo.portaleducacao.com.br/conteudo/artigos/biologia/relacao-do-homem-x-natureza/19309</a></p>



<hr class="wp-block-separator"/>



<figure class="wp-block-table alignfull"><table><tbody><tr><td>Componente(s) Curricular(res)</td><td>Geografia</td></tr><tr><td>Objetivos de Aprendizagem e Desenvolvimento</td><td>(EAJAGE0517) Analisar e problematizar as causas e consequências das práticas humanas na dinâmica climática em diferentes níveis de escala.&nbsp;(EAJAGE0518) Identificar fenômenos naturais que influenciam no cotidiano e suas contribuições par a formação do Cerrado goiano.&nbsp;(EAJAGE0519) Entender o processo formativo dos componentes físico-naturais do Cerrado</td></tr><tr><td>Professor</td><td>Rodrigues Zeferino de Morais</td></tr><tr><td>Instituição Educacional</td><td>Escola Municipal César da Cunha Bastos</td></tr><tr><td>CRE</td><td>Jarbas Jayme</td></tr></tbody></table></figure>



<hr class="wp-block-separator"/>



<p class="has-text-align-center has-medium-font-size">EAJA –Educação Ambiental e Saúde – 2° Segmento – 5ª a 6ª séries</p>
