{"id":58593,"date":"2020-11-09T07:00:00","date_gmt":"2020-11-09T09:00:00","guid":{"rendered":"https:\/\/sme.goiania.go.gov.br\/conexaoescola\/?post_type=eaja&#038;p=58593"},"modified":"2020-11-03T17:46:36","modified_gmt":"2020-11-03T19:46:36","slug":"sociedade-e-natureza","status":"publish","type":"eaja","link":"https:\/\/sme.goiania.go.gov.br\/conexaoescola\/eaja\/sociedade-e-natureza\/","title":{"rendered":"Sociedade e Natureza"},"content":{"rendered":"\n<p class=\"has-medium-font-size\">Ol\u00e1! Voc\u00ea sabia que as nossas roupas, alimentos, cal\u00e7ados, acess\u00f3rios, eletroeletr\u00f4nicos, utens\u00edlios dom\u00e9sticos, enfim, tudo que nos rodeia tem origem na natureza?<\/p>\n\n\n\n<p class=\"has-medium-font-size\">Na aula de hoje vamos compreender como que o homem explora os recursos naturais obtendo mat\u00e9ria-prima necess\u00e1ria para produzir as mais diversas mercadorias, e como que a falta de conscientiza\u00e7\u00e3o ambiental agravada pelo aumento significativo do consumismo tem provocado altera\u00e7\u00f5es irrevers\u00edveis no meio ambiente.<\/p>\n\n\n\n<hr class=\"wp-block-separator\"\/>\n\n\n\n<h2 class=\"wp-block-heading\"><strong>Atividade 1<\/strong><\/h2>\n\n\n\n<p class=\"has-medium-font-size\">Leia o texto \u201cNatureza&nbsp; e A\u00e7\u00e3o Humana\u201d :<\/p>\n\n\n\n<p class=\"has-medium-font-size\">As sociedades constituem-se por meio da s\u00edntese da rela\u00e7\u00e3o entre a natureza e a a\u00e7\u00e3o humana. \u00c9 poss\u00edvel manter tal rela\u00e7\u00e3o sem prejudicar o meio ambiente?<\/p>\n\n\n\n<p class=\"has-medium-font-size\">Os seres humanos, desde tempos pr\u00e9-hist\u00f3ricos, atuam no sentido de transformar o meio natural em que vivem. Inicialmente, todos os povos do mundo eram n\u00f4mades, ou seja, deslocavam-se de um local para outro, buscando por alimentos e por locais de moradia e sustento. Com o tempo, foram desenvolvidas&nbsp;<em>t\u00e9cnicas<\/em>&nbsp;para cultivo de vegetais e frutos, al\u00e9m da ado\u00e7\u00e3o de procedimentos de confinamento e cria\u00e7\u00e3o de animais. Com isso, desenvolveram-se a agricultura e a pecu\u00e1ria, o que permitiu que os grupos humanos pudessem fixar-se em determinados locais, formando as primeiras civiliza\u00e7\u00f5es.<\/p>\n\n\n\n<p class=\"has-medium-font-size\">Por esse motivo, dizemos que o espa\u00e7o geogr\u00e1fico \u2013 o campo das atividades humanas \u2013 \u00e9 sempre produzido e transformado pela sociedade. Assim, percebemos que existe um v\u00ednculo entre&nbsp;<strong>natureza e a\u00e7\u00e3o humana<\/strong>, ou seja, entre o espa\u00e7o natural e o espa\u00e7o geogr\u00e1fico. Como exemplo dessa a\u00e7\u00e3o, temos as mat\u00e9rias-primas extra\u00eddas do meio ambiente ou a remo\u00e7\u00e3o de matas e florestas para o cultivo de alimentos ou mat\u00e9rias-primas empregadas na produ\u00e7\u00e3o de mercadorias. A extra\u00e7\u00e3o de min\u00e9rios tamb\u00e9m pode ser considerada um exemplo da forma como o ser humano transforma o ambiente em que vive.<\/p>\n\n\n\n<p class=\"has-medium-font-size\">Mas essa rela\u00e7\u00e3o \u00e9 sempre tranquila e harmoniosa? N\u00e3o. Muitas vezes os seres humanos exploram al\u00e9m da conta a natureza, provocando profundas altera\u00e7\u00f5es sobre o meio natural. Quando \u00e1reas inteiras de florestas s\u00e3o devastadas ou quando rios s\u00e3o profundamente polu\u00eddos, observa-se o&nbsp;<strong>impacto da sociedade sobre a natureza.<\/strong><\/p>\n\n\n\n<p class=\"has-text-color has-background has-text-align-center has-medium-font-size has-vivid-purple-color has-very-light-gray-background-color\">Texto completo dispon\u00edvel em: <a href=\"https:\/\/brasilescola.uol.com.br\/geografia\/natureza-acao-humana.htm#:~:text=N%C3%A3o%20pare%20agora...,natural%20e%20o%20espa%C3%A7o%20geogr%C3%A1fico.\" target=\"_blank\" rel=\"noreferrer noopener\">https:\/\/brasilescola.uol.com.br\/geografia\/natureza-acao-humana.htm#:~:text=N%C3%A3o%20pare%20agora&#8230;,natural%20e%20o%20espa%C3%A7o%20geogr%C3%A1fico.<\/a><\/p>\n\n\n\n<hr class=\"wp-block-separator\"\/>\n\n\n\n<h2 class=\"wp-block-heading\"><strong>Atividade 2<\/strong><\/h2>\n\n\n\n<p class=\"has-medium-font-size\">Acesse o link abaixo e assista o v\u00eddeo: \u201c A rela\u00e7\u00e3o do homem com a natureza e o meio ambiente que o rodeia\u201d<\/p>\n\n\n\n<figure class=\"wp-block-embed-youtube wp-block-embed is-type-video is-provider-youtube wp-embed-aspect-16-9 wp-has-aspect-ratio\"><div class=\"wp-block-embed__wrapper\">\n<p class=\"responsive-video-wrap clr\"><iframe title=\"A rela\u00e7\u00e3o do homem com a natureza e o meio ambiente que o rodeia ... Um v\u00eddeo muito comovente\" width=\"1200\" height=\"675\" src=\"https:\/\/www.youtube.com\/embed\/wcBwFCVC1R0?feature=oembed\" frameborder=\"0\" allow=\"accelerometer; autoplay; clipboard-write; encrypted-media; gyroscope; picture-in-picture\" allowfullscreen><\/iframe><\/p>\n<\/div><figcaption>&#8221; A rela\u00e7\u00e3o do homem com a natureza e o meio ambiente que o rodeia &#8230; Um v\u00eddeo muito comovente&#8221; &#8211; Canal: <a href=\"https:\/\/www.youtube.com\/channel\/UCubLvQeQaZLyeQ_Z00H1ydQ\">Michelle Farias<\/a> &#8211; <br>Link: <a rel=\"noreferrer noopener\" href=\"https:\/\/www.youtube.com\/watch?v=wcBwFCVC1R0&amp;feature=youtu.be\" target=\"_blank\">https:\/\/www.youtube.com\/watch?v=wcBwFCVC1R0&amp;feature=youtu.be<\/a><\/figcaption><\/figure>\n\n\n\n<hr class=\"wp-block-separator\"\/>\n\n\n\n<h2 class=\"wp-block-heading\"><strong>Atividade 3<\/strong><\/h2>\n\n\n\n<p class=\"has-medium-font-size\">No v\u00eddeo apresentado observamos os aspectos relacionados \u00e0 apropria\u00e7\u00e3o dos recursos naturais pelo homem para atender as suas necessidades, e que devido \u00e0 irresponsabilidade nesse processo, o mesmo passa a ser v\u00edtima de suas pr\u00f3prias a\u00e7\u00f5es.<\/p>\n\n\n\n<p class=\"has-medium-font-size\">Ap\u00f3s an\u00e1lise, responda:<\/p>\n\n\n\n<p class=\"has-medium-font-size\">Em quais momentos do v\u00eddeo voc\u00ea percebe que a natureza est\u00e1 sendo dominada para atender aos interesses humanos?<\/p>\n\n\n\n<p class=\"has-medium-font-size\">Quais as consequ\u00eancias que a explora\u00e7\u00e3o descontrolada dos recursos naturais pode provocar ao meio ambiente?<\/p>\n\n\n\n<p class=\"has-medium-font-size\">Como voc\u00ea pode contribuir para conter o avan\u00e7o das agress\u00f5es ao meio ambiente?<\/p>\n\n\n\n<hr class=\"wp-block-separator\"\/>\n\n\n\n<p class=\"has-text-color has-background has-medium-font-size has-very-light-gray-color has-vivid-cyan-blue-background-color\">Saiba Mais | Refer\u00eancias<\/p>\n\n\n\n<p class=\"has-medium-font-size\">Assista ao v\u00eddeo abaixo para complementar a rela\u00e7\u00e3o entre natureza e sociedade ao longo do tempo:<\/p>\n\n\n\n<p class=\"has-medium-font-size\">V\u00eddeo dispon\u00edvel em:<\/p>\n\n\n\n<figure class=\"wp-block-embed-youtube wp-block-embed is-type-video is-provider-youtube wp-embed-aspect-16-9 wp-has-aspect-ratio\"><div class=\"wp-block-embed__wrapper\">\n<p class=\"responsive-video-wrap clr\"><iframe title=\"Short History of the Environment\" width=\"1200\" height=\"675\" src=\"https:\/\/www.youtube.com\/embed\/BCwQrviso8o?feature=oembed\" frameborder=\"0\" allow=\"accelerometer; autoplay; clipboard-write; encrypted-media; gyroscope; picture-in-picture\" allowfullscreen><\/iframe><\/p>\n<\/div><figcaption>&#8220;Short History of the Environment&#8221; &#8211; Canal: <a href=\"https:\/\/www.youtube.com\/channel\/UC82TSz4vhEBsUp_XVDE5lbw\">Videomanjohn<\/a> &#8211;<br>Link: <a rel=\"noreferrer noopener\" href=\"https:\/\/www.youtube.com\/watch?v=BCwQrviso8o\" target=\"_blank\">https:\/\/www.youtube.com\/watch?v=BCwQrviso8o<\/a><\/figcaption><\/figure>\n\n\n\n<p class=\"has-text-align-center has-medium-font-size\">PENA, Rodolfo F. Alves. &#8220;Natureza e a\u00e7\u00e3o humana&#8221;;\u00a0<em>Brasil Escola<\/em>. Dispon\u00edvel em: <a rel=\"noreferrer noopener\" href=\"https:\/\/brasilescola.uol.com.br\/geografia\/natureza-acao-humana.htm\" target=\"_blank\">https:\/\/brasilescola.uol.com.br\/geografia\/natureza-acao-humana.htm <\/a>Acesso em 27 de julho de 2020.<\/p>\n\n\n\n<hr class=\"wp-block-separator\"\/>\n\n\n\n<figure class=\"wp-block-table alignfull\"><table><tbody><tr><td>Componente(s) Curricular(res)<\/td><td>Geografia Hist\u00f3ria Portugu\u00eas<\/td><\/tr><tr><td>Objetivos de Aprendizagem e Desenvolvimento<\/td><td>(EAJAGEO00506) Entender a influ\u00eancia dos processos produtivos em diferentes momentos hist\u00f3ricos na modifica\u00e7\u00e3o das paisagens locais e nas din\u00e2micas naturais. \u00a0 <br>(EAJAGEO0507) Identificar os impactos causados pelo uso e apropria\u00e7\u00e3o do espa\u00e7o natural em larga escala. \u00a0 <br>(EAJALP0510) Realizar leitura de pesquisas em fontes impressas e digitais. \u00a0 <br>(EAJAHI0552) Discutir as din\u00e2micas econ\u00f4micas e comerciais do mundo antigo ao Medievo. \u00a0<\/td><\/tr><tr><td>Professor:<\/td><td>Jacqueline Rocha Santos<\/td><\/tr><tr><td>Institui\u00e7\u00e3o Educacional:<\/td><td>E. M. Maria de Ara\u00fajo Freitas<\/td><\/tr><tr><td>CRE:<\/td><td>Maria Thom\u00e9<\/td><\/tr><\/tbody><\/table><\/figure>\n\n\n\n<hr class=\"wp-block-separator\"\/>\n\n\n\n<p class=\"has-text-align-center\">EAJA \u2013\u00c9tica e Cidadania \u2013 2\u00b0 Segmento \u2013 5\u00aa a 6\u00aa s\u00e9ries<\/p>\n","protected":false},"author":27,"featured_media":58594,"template":"","meta":{"_acf_changed":false,"ocean_post_layout":"","ocean_both_sidebars_style":"","ocean_both_sidebars_content_width":0,"ocean_both_sidebars_sidebars_width":0,"ocean_sidebar":"","ocean_second_sidebar":"","ocean_disable_margins":"enable","ocean_add_body_class":"","ocean_shortcode_before_top_bar":"","ocean_shortcode_after_top_bar":"","ocean_shortcode_before_header":"","ocean_shortcode_after_header":"","ocean_has_shortcode":"","ocean_shortcode_after_title":"","ocean_shortcode_before_footer_widgets":"","ocean_shortcode_after_footer_widgets":"","ocean_shortcode_before_footer_bottom":"","ocean_shortcode_after_footer_bottom":"","ocean_display_top_bar":"default","ocean_display_header":"default","ocean_header_style":"","ocean_center_header_left_menu":"","ocean_custom_header_template":"","ocean_custom_logo":0,"ocean_custom_retina_logo":0,"ocean_custom_logo_max_width":0,"ocean_custom_logo_tablet_max_width":0,"ocean_custom_logo_mobile_max_width":0,"ocean_custom_logo_max_height":0,"ocean_custom_logo_tablet_max_height":0,"ocean_custom_logo_mobile_max_height":0,"ocean_header_custom_menu":"","ocean_menu_typo_font_family":"","ocean_menu_typo_font_subset":"","ocean_menu_typo_font_size":0,"ocean_menu_typo_font_size_tablet":0,"ocean_menu_typo_font_size_mobile":0,"ocean_menu_typo_font_size_unit":"px","ocean_menu_typo_font_weight":"","ocean_menu_typo_font_weight_tablet":"","ocean_menu_typo_font_weight_mobile":"","ocean_menu_typo_transform":"","ocean_menu_typo_transform_tablet":"","ocean_menu_typo_transform_mobile":"","ocean_menu_typo_line_height":0,"ocean_menu_typo_line_height_tablet":0,"ocean_menu_typo_line_height_mobile":0,"ocean_menu_typo_line_height_unit":"","ocean_menu_typo_spacing":0,"ocean_menu_typo_spacing_tablet":0,"ocean_menu_typo_spacing_mobile":0,"ocean_menu_typo_spacing_unit":"","ocean_menu_link_color":"","ocean_menu_link_color_hover":"","ocean_menu_link_color_active":"","ocean_menu_link_background":"","ocean_menu_link_hover_background":"","ocean_menu_link_active_background":"","ocean_menu_social_links_bg":"","ocean_menu_social_hover_links_bg":"","ocean_menu_social_links_color":"","ocean_menu_social_hover_links_color":"","ocean_disable_title":"default","ocean_disable_heading":"default","ocean_post_title":"","ocean_post_subheading":"","ocean_post_title_style":"","ocean_post_title_background_color":"","ocean_post_title_background":0,"ocean_post_title_bg_image_position":"","ocean_post_title_bg_image_attachment":"","ocean_post_title_bg_image_repeat":"","ocean_post_title_bg_image_size":"","ocean_post_title_height":0,"ocean_post_title_bg_overlay":0.5,"ocean_post_title_bg_overlay_color":"","ocean_disable_breadcrumbs":"default","ocean_breadcrumbs_color":"","ocean_breadcrumbs_separator_color":"","ocean_breadcrumbs_links_color":"","ocean_breadcrumbs_links_hover_color":"","ocean_display_footer_widgets":"default","ocean_display_footer_bottom":"default","ocean_custom_footer_template":""},"eaja_categoria":[],"serie":[],"eaja_componente":[],"class_list":["post-58593","eaja","type-eaja","status-publish","has-post-thumbnail","hentry","entry","has-media"],"acf":[],"_links":{"self":[{"href":"https:\/\/sme.goiania.go.gov.br\/conexaoescola\/wp-json\/wp\/v2\/eaja\/58593","targetHints":{"allow":["GET"]}}],"collection":[{"href":"https:\/\/sme.goiania.go.gov.br\/conexaoescola\/wp-json\/wp\/v2\/eaja"}],"about":[{"href":"https:\/\/sme.goiania.go.gov.br\/conexaoescola\/wp-json\/wp\/v2\/types\/eaja"}],"author":[{"embeddable":true,"href":"https:\/\/sme.goiania.go.gov.br\/conexaoescola\/wp-json\/wp\/v2\/users\/27"}],"wp:featuredmedia":[{"embeddable":true,"href":"https:\/\/sme.goiania.go.gov.br\/conexaoescola\/wp-json\/wp\/v2\/media\/58594"}],"wp:attachment":[{"href":"https:\/\/sme.goiania.go.gov.br\/conexaoescola\/wp-json\/wp\/v2\/media?parent=58593"}],"wp:term":[{"taxonomy":"eaja_categoria","embeddable":true,"href":"https:\/\/sme.goiania.go.gov.br\/conexaoescola\/wp-json\/wp\/v2\/eaja_categoria?post=58593"},{"taxonomy":"serie","embeddable":true,"href":"https:\/\/sme.goiania.go.gov.br\/conexaoescola\/wp-json\/wp\/v2\/serie?post=58593"},{"taxonomy":"eaja_componente","embeddable":true,"href":"https:\/\/sme.goiania.go.gov.br\/conexaoescola\/wp-json\/wp\/v2\/eaja_componente?post=58593"}],"curies":[{"name":"wp","href":"https:\/\/api.w.org\/{rel}","templated":true}]}}

<p class="has-medium-font-size">Olá! Você sabia que as nossas roupas, alimentos, calçados, acessórios, eletroeletrônicos, utensílios domésticos, enfim, tudo que nos rodeia tem origem na natureza?</p>



<p class="has-medium-font-size">Na aula de hoje vamos compreender como que o homem explora os recursos naturais obtendo matéria-prima necessária para produzir as mais diversas mercadorias, e como que a falta de conscientização ambiental agravada pelo aumento significativo do consumismo tem provocado alterações irreversíveis no meio ambiente.</p>



<hr class="wp-block-separator"/>



<h2 class="wp-block-heading"><strong>Atividade 1</strong></h2>



<p class="has-medium-font-size">Leia o texto “Natureza&nbsp; e Ação Humana” :</p>



<p class="has-medium-font-size">As sociedades constituem-se por meio da síntese da relação entre a natureza e a ação humana. É possível manter tal relação sem prejudicar o meio ambiente?</p>



<p class="has-medium-font-size">Os seres humanos, desde tempos pré-históricos, atuam no sentido de transformar o meio natural em que vivem. Inicialmente, todos os povos do mundo eram nômades, ou seja, deslocavam-se de um local para outro, buscando por alimentos e por locais de moradia e sustento. Com o tempo, foram desenvolvidas&nbsp;<em>técnicas</em>&nbsp;para cultivo de vegetais e frutos, além da adoção de procedimentos de confinamento e criação de animais. Com isso, desenvolveram-se a agricultura e a pecuária, o que permitiu que os grupos humanos pudessem fixar-se em determinados locais, formando as primeiras civilizações.</p>



<p class="has-medium-font-size">Por esse motivo, dizemos que o espaço geográfico – o campo das atividades humanas – é sempre produzido e transformado pela sociedade. Assim, percebemos que existe um vínculo entre&nbsp;<strong>natureza e ação humana</strong>, ou seja, entre o espaço natural e o espaço geográfico. Como exemplo dessa ação, temos as matérias-primas extraídas do meio ambiente ou a remoção de matas e florestas para o cultivo de alimentos ou matérias-primas empregadas na produção de mercadorias. A extração de minérios também pode ser considerada um exemplo da forma como o ser humano transforma o ambiente em que vive.</p>



<p class="has-medium-font-size">Mas essa relação é sempre tranquila e harmoniosa? Não. Muitas vezes os seres humanos exploram além da conta a natureza, provocando profundas alterações sobre o meio natural. Quando áreas inteiras de florestas são devastadas ou quando rios são profundamente poluídos, observa-se o&nbsp;<strong>impacto da sociedade sobre a natureza.</strong></p>



<p class="has-text-color has-background has-text-align-center has-medium-font-size has-vivid-purple-color has-very-light-gray-background-color">Texto completo disponível em: <a href="https://brasilescola.uol.com.br/geografia/natureza-acao-humana.htm#:~:text=N%C3%A3o%20pare%20agora...,natural%20e%20o%20espa%C3%A7o%20geogr%C3%A1fico." target="_blank" rel="noreferrer noopener">https://brasilescola.uol.com.br/geografia/natureza-acao-humana.htm#:~:text=N%C3%A3o%20pare%20agora&#8230;,natural%20e%20o%20espa%C3%A7o%20geogr%C3%A1fico.</a></p>



<hr class="wp-block-separator"/>



<h2 class="wp-block-heading"><strong>Atividade 2</strong></h2>



<p class="has-medium-font-size">Acesse o link abaixo e assista o vídeo: “ A relação do homem com a natureza e o meio ambiente que o rodeia”</p>



<figure class="wp-block-embed-youtube wp-block-embed is-type-video is-provider-youtube wp-embed-aspect-16-9 wp-has-aspect-ratio"><div class="wp-block-embed__wrapper">
<p class="responsive-video-wrap clr"><iframe title="A relação do homem com a natureza e o meio ambiente que o rodeia ... Um vídeo muito comovente" width="1200" height="675" src="https://www.youtube.com/embed/wcBwFCVC1R0?feature=oembed" frameborder="0" allow="accelerometer; autoplay; clipboard-write; encrypted-media; gyroscope; picture-in-picture" allowfullscreen></iframe></p>
</div><figcaption>&#8221; A relação do homem com a natureza e o meio ambiente que o rodeia &#8230; Um vídeo muito comovente&#8221; &#8211; Canal: <a href="https://www.youtube.com/channel/UCubLvQeQaZLyeQ_Z00H1ydQ">Michelle Farias</a> &#8211; <br>Link: <a rel="noreferrer noopener" href="https://www.youtube.com/watch?v=wcBwFCVC1R0&amp;feature=youtu.be" target="_blank">https://www.youtube.com/watch?v=wcBwFCVC1R0&amp;feature=youtu.be</a></figcaption></figure>



<hr class="wp-block-separator"/>



<h2 class="wp-block-heading"><strong>Atividade 3</strong></h2>



<p class="has-medium-font-size">No vídeo apresentado observamos os aspectos relacionados à apropriação dos recursos naturais pelo homem para atender as suas necessidades, e que devido à irresponsabilidade nesse processo, o mesmo passa a ser vítima de suas próprias ações.</p>



<p class="has-medium-font-size">Após análise, responda:</p>



<p class="has-medium-font-size">Em quais momentos do vídeo você percebe que a natureza está sendo dominada para atender aos interesses humanos?</p>



<p class="has-medium-font-size">Quais as consequências que a exploração descontrolada dos recursos naturais pode provocar ao meio ambiente?</p>



<p class="has-medium-font-size">Como você pode contribuir para conter o avanço das agressões ao meio ambiente?</p>



<hr class="wp-block-separator"/>



<p class="has-text-color has-background has-medium-font-size has-very-light-gray-color has-vivid-cyan-blue-background-color">Saiba Mais | Referências</p>



<p class="has-medium-font-size">Assista ao vídeo abaixo para complementar a relação entre natureza e sociedade ao longo do tempo:</p>



<p class="has-medium-font-size">Vídeo disponível em:</p>



<figure class="wp-block-embed-youtube wp-block-embed is-type-video is-provider-youtube wp-embed-aspect-16-9 wp-has-aspect-ratio"><div class="wp-block-embed__wrapper">
<p class="responsive-video-wrap clr"><iframe title="Short History of the Environment" width="1200" height="675" src="https://www.youtube.com/embed/BCwQrviso8o?feature=oembed" frameborder="0" allow="accelerometer; autoplay; clipboard-write; encrypted-media; gyroscope; picture-in-picture" allowfullscreen></iframe></p>
</div><figcaption>&#8220;Short History of the Environment&#8221; &#8211; Canal: <a href="https://www.youtube.com/channel/UC82TSz4vhEBsUp_XVDE5lbw">Videomanjohn</a> &#8211;<br>Link: <a rel="noreferrer noopener" href="https://www.youtube.com/watch?v=BCwQrviso8o" target="_blank">https://www.youtube.com/watch?v=BCwQrviso8o</a></figcaption></figure>



<p class="has-text-align-center has-medium-font-size">PENA, Rodolfo F. Alves. &#8220;Natureza e ação humana&#8221;; <em>Brasil Escola</em>. Disponível em: <a rel="noreferrer noopener" href="https://brasilescola.uol.com.br/geografia/natureza-acao-humana.htm" target="_blank">https://brasilescola.uol.com.br/geografia/natureza-acao-humana.htm </a>Acesso em 27 de julho de 2020.</p>



<hr class="wp-block-separator"/>



<figure class="wp-block-table alignfull"><table><tbody><tr><td>Componente(s) Curricular(res)</td><td>Geografia História Português</td></tr><tr><td>Objetivos de Aprendizagem e Desenvolvimento</td><td>(EAJAGEO00506) Entender a influência dos processos produtivos em diferentes momentos históricos na modificação das paisagens locais e nas dinâmicas naturais.   <br>(EAJAGEO0507) Identificar os impactos causados pelo uso e apropriação do espaço natural em larga escala.   <br>(EAJALP0510) Realizar leitura de pesquisas em fontes impressas e digitais.   <br>(EAJAHI0552) Discutir as dinâmicas econômicas e comerciais do mundo antigo ao Medievo.  </td></tr><tr><td>Professor:</td><td>Jacqueline Rocha Santos</td></tr><tr><td>Instituição Educacional:</td><td>E. M. Maria de Araújo Freitas</td></tr><tr><td>CRE:</td><td>Maria Thomé</td></tr></tbody></table></figure>



<hr class="wp-block-separator"/>



<p class="has-text-align-center">EAJA –Ética e Cidadania – 2° Segmento – 5ª a 6ª séries</p>
