{"id":58335,"date":"2020-11-09T07:00:00","date_gmt":"2020-11-09T09:00:00","guid":{"rendered":"http:\/\/sme.goiania.go.gov.br\/conexaoescola\/?post_type=eaja&#038;p=58335"},"modified":"2021-11-18T19:44:36","modified_gmt":"2021-11-18T21:44:36","slug":"diversidade-cultural-do-brasil","status":"publish","type":"eaja","link":"https:\/\/sme.goiania.go.gov.br\/conexaoescola\/eaja\/diversidade-cultural-do-brasil\/","title":{"rendered":"Diversidade Cultural do Brasil"},"content":{"rendered":"\n<p class=\"has-medium-font-size\">Voc\u00ea j\u00e1 reparou como as pessoas apresentam muitas caracter\u00edsticas diferentes? O jeito de falar e de se vestir, o sotaque, as formas de se relacionar com o outro e muito mais.&nbsp;<\/p>\n\n\n\n<p class=\"has-pale-cyan-blue-background-color has-background has-medium-font-size\">As nossas cidades s\u00e3o habitadas por pessoas de diversas origens, por isso possuem diferentes costumes. Aprender sobre essas diferen\u00e7as \u00e9 muito importante para conhecer nossa hist\u00f3ria, as diferen\u00e7as e semelhan\u00e7as que caracterizam a identidade do povo brasileiro e, com isso, aprender a respeitar as diferen\u00e7as.&nbsp;<\/p>\n\n\n\n<hr class=\"wp-block-separator has-text-color has-background has-vivid-red-background-color has-vivid-red-color\"\/>\n\n\n\n<h1 class=\"has-white-color has-vivid-red-background-color has-text-color has-background wp-block-heading\">ATIVIDADE 1<\/h1>\n\n\n\n<p class=\"has-medium-font-size\">Acesse o link e assista ao v\u00eddeo. Convide sua fam\u00edlia para assistir com voc\u00ea:<\/p>\n\n\n\n<figure class=\"wp-block-embed is-type-video is-provider-youtube wp-block-embed-youtube wp-embed-aspect-4-3 wp-has-aspect-ratio\"><div class=\"wp-block-embed__wrapper\">\n<p class=\"responsive-video-wrap clr\"><iframe title=\"Martinho da Vila - Aquarela brasileira\" width=\"1200\" height=\"900\" src=\"https:\/\/www.youtube.com\/embed\/fhSEyYNoQyM?feature=oembed\" frameborder=\"0\" allow=\"accelerometer; autoplay; clipboard-write; encrypted-media; gyroscope; picture-in-picture\" allowfullscreen><\/iframe><\/p>\n<\/div><figcaption>&#8220;Martinho da Vila &#8211; Aquarela brasileira&#8221; &#8211; Canal: <a href=\"https:\/\/www.youtube.com\/channel\/UC93yxC44yqMq1Ys4cagPSFw\">Meu Bom Samba<\/a><br>Link: https:\/\/www.youtube.com\/watch?v=fhSEyYNoQyM<\/figcaption><\/figure>\n\n\n\n<hr class=\"wp-block-separator has-text-color has-background has-vivid-red-background-color has-vivid-red-color\"\/>\n\n\n\n<h1 class=\"has-light-green-cyan-background-color has-background wp-block-heading\">ATIVIDADE 2<\/h1>\n\n\n\n<p class=\"has-medium-font-size\">Voc\u00ea sabe o que \u00e9 aquarela? Pesquise o significado dessa express\u00e3o em um dicion\u00e1rio ou na internet.<\/p>\n\n\n\n<hr class=\"wp-block-separator has-text-color has-background has-vivid-red-background-color has-vivid-red-color\"\/>\n\n\n\n<h1 class=\"has-pale-pink-background-color has-background wp-block-heading\">ATIVIDADE 3<\/h1>\n\n\n\n<p class=\"has-medium-font-size\">Reflita com sua fam\u00edlia:<\/p>\n\n\n\n<p class=\"has-medium-font-size\">Por que o compositor usou o t\u00edtulo \u201cAquarela Brasileira\u201d para essa m\u00fasica?<\/p>\n\n\n\n<hr class=\"wp-block-separator has-text-color has-background has-vivid-red-background-color has-vivid-red-color\"\/>\n\n\n\n<h1 class=\"has-luminous-vivid-amber-background-color has-background wp-block-heading\">ATIVIDADE 4<\/h1>\n\n\n\n<p class=\"has-medium-font-size\">Acesse o link e assista o v\u00eddeo: &#8211; Diversidade \u00e9tnica e cultural brasileira&nbsp;&nbsp;<\/p>\n\n\n\n<figure class=\"wp-block-embed is-type-video is-provider-youtube wp-block-embed-youtube wp-embed-aspect-4-3 wp-has-aspect-ratio\"><div class=\"wp-block-embed__wrapper\">\n<p class=\"responsive-video-wrap clr\"><iframe title=\"Diversidade \u00e9tnica e cultural brasileira\" width=\"1200\" height=\"900\" src=\"https:\/\/www.youtube.com\/embed\/b9s-SwghX_4?feature=oembed\" frameborder=\"0\" allow=\"accelerometer; autoplay; clipboard-write; encrypted-media; gyroscope; picture-in-picture\" allowfullscreen><\/iframe><\/p>\n<\/div><figcaption>&#8220;Diversidade \u00e9tnica e cultural brasileira&#8221; &#8211; Canal: Juliana Ara\u00fajo<br>Link: https:\/\/www.youtube.com\/watch?v=b9s-SwghX_4<\/figcaption><\/figure>\n\n\n\n<hr class=\"wp-block-separator has-text-color has-background has-vivid-red-background-color has-vivid-red-color\"\/>\n\n\n\n<h1 class=\"has-white-color has-vivid-purple-background-color has-text-color has-background wp-block-heading\">ATIVIDADE 5<\/h1>\n\n\n\n<p class=\"has-medium-font-size\">O v\u00eddeo pergunta: \u201cCom quantos brasis se faz o Brasil, com quantos brasis se faz um pa\u00eds\u2026\u201d Em seu caderno, coloque o nome dos povos que, segundo o v\u00eddeo, contribu\u00edram para forma\u00e7\u00e3o do povo brasileiro.&nbsp;<\/p>\n\n\n\n<hr class=\"wp-block-separator has-text-color has-background has-vivid-red-background-color has-vivid-red-color\"\/>\n\n\n\n<h1 class=\"has-black-color has-vivid-green-cyan-background-color has-text-color has-background wp-block-heading\">ATIVIDADE 6<\/h1>\n\n\n\n<p class=\"has-medium-font-size\">Observe o mapa abaixo com os estados brasileiros e reflita<\/p>\n\n\n\n<figure class=\"wp-block-image\"><img decoding=\"async\" src=\"https:\/\/lh5.googleusercontent.com\/gpuOJFFw3-vwTucHIQG1TyZ3MF-a4-NoKtCKytv8dCoj6lxo9MR2ofkd4l1vT7fxeHspG9VcghrAzZ_jPBuTMrZylTo9BO7TcEJWX1-nECM4flTTbkLM9NdAJeY_iyBteWUUyLS3\" alt=\"\"\/><\/figure>\n\n\n\n<p class=\"has-medium-font-size\">Voc\u00ea conhece pessoas que moram em Goi\u00e2nia e que vieram de outros estados? De quais estados?<\/p>\n\n\n\n<p class=\"has-medium-font-size\">E voc\u00ea? Nasceu em Goi\u00e2nia, no estado de Goi\u00e1s? Ou veio de outro estado?&nbsp;<\/p>\n\n\n\n<hr class=\"wp-block-separator has-text-color has-background has-vivid-red-background-color has-vivid-red-color\"\/>\n\n\n\n<h1 class=\"has-black-color has-luminous-vivid-orange-background-color has-text-color has-background wp-block-heading\">ATIVIDADE 7<\/h1>\n\n\n\n<p class=\"has-medium-font-size\">Pensando nas diferentes pessoas que moram no seu bairro, elabore um texto contando sobre como essas diferen\u00e7as entre elas influenciam o dia a dia do seu bairro.&nbsp;<\/p>\n\n\n\n<p class=\"has-medium-font-size\">Lembre-se de colocar no seu texto como essas diferen\u00e7as s\u00e3o importantes para a forma\u00e7\u00e3o da nossa identidade.<\/p>\n\n\n\n<hr class=\"wp-block-separator has-text-color has-background has-vivid-red-background-color has-vivid-red-color\"\/>\n\n\n\n<figure class=\"wp-block-table alignfull\"><table><tbody><tr><td>Componentes:<\/td><td>Objetivos de Aprendizagem e Desenvolvimento<\/td><\/tr><tr><td>Hist\u00f3ria<\/td><td>(EAJAHI0302) Compreender as rela\u00e7\u00f5es estabelecidas entre os grupos populacionais (ind\u00edgenas, brancos, afrodescendentes e outros imigrantes) que formam a cidade.<br>(EAJAHI0303) Identificar os grupos populacionais que formam hoje a cidade de Goi\u00e2nia, como os oriundos de Tocantins, Par\u00e1, Maranh\u00e3o, Bahia, entre outros.<br>(EAJAHI0304) Perceber a presen\u00e7a do fen\u00f4meno das migra\u00e7\u00f5es no ambiente escolar e como se d\u00e1 o conv\u00edvio entre as diferen\u00e7as regionais entre os educandos da EAJA.<br>(EAJAHI0312) Identificar semelhan\u00e7as e diferen\u00e7as existentes entre comunidades que contribu\u00edram na forma\u00e7\u00e3o hist\u00f3rica de Goi\u00e2nia, os grupos de migrantes atuais e sua import\u00e2ncia em uma nova configura\u00e7\u00e3o cultural da cidade.<br>(EAJAHI0313) Promover o respeito aos diferentes grupos sociais e sua autoafirma\u00e7\u00e3o nos espa\u00e7os da cidade, superando preconceitos.<\/td><\/tr><tr><td>L\u00edngua Portuguesa<\/td><td>(EAJALP0306) Formular e verificar hip\u00f3teses sobre os textos lidos.\u00a0<br>(EAJALP0316) Apontar a ideia central do texto.\u00a0<br>(EAJALP0318) Planejar e produzir textos dos g\u00eaneros pertencentes ao campo da vida cotidiana.\u00a0<br>(EAJALP0320) Ampliar os aspectos caracter\u00edsticos da narrativa.\u00a0\u00a0<br>(EAJALP0349) Identificar a ideia principal do texto.\u00a0<br>(EAJALP0405) Apreciar textos da tradi\u00e7\u00e3o oral (cantigas regionais e nacionais, poemas, letras de m\u00fasicas etc.).\u00a0<br>(EAJALP0418) Inferir informa\u00e7\u00f5es impl\u00edcitas nos textos lidos.<br>(EAJALP0419) Identificar informa\u00e7\u00f5es expl\u00edcitas em textos.<br>(EAJALP0425) Identificar a ideia central do texto.<\/td><\/tr><\/tbody><\/table><\/figure>\n\n\n\n<hr class=\"wp-block-separator has-text-color has-background has-vivid-red-background-color has-vivid-red-color\"\/>\n\n\n\n<p class=\"has-text-align-center has-medium-font-size\"><br>EAJA \u2013 \u00c9tica e Cidadania \u2013 1\u00b0 Segmento &#8211; 2\u00aa S\u00e9rie<\/p>\n","protected":false},"author":26,"featured_media":58337,"template":"","meta":{"_acf_changed":false,"ocean_post_layout":"","ocean_both_sidebars_style":"","ocean_both_sidebars_content_width":0,"ocean_both_sidebars_sidebars_width":0,"ocean_sidebar":"","ocean_second_sidebar":"","ocean_disable_margins":"enable","ocean_add_body_class":"","ocean_shortcode_before_top_bar":"","ocean_shortcode_after_top_bar":"","ocean_shortcode_before_header":"","ocean_shortcode_after_header":"","ocean_has_shortcode":"","ocean_shortcode_after_title":"","ocean_shortcode_before_footer_widgets":"","ocean_shortcode_after_footer_widgets":"","ocean_shortcode_before_footer_bottom":"","ocean_shortcode_after_footer_bottom":"","ocean_display_top_bar":"default","ocean_display_header":"default","ocean_header_style":"","ocean_center_header_left_menu":"","ocean_custom_header_template":"","ocean_custom_logo":0,"ocean_custom_retina_logo":0,"ocean_custom_logo_max_width":0,"ocean_custom_logo_tablet_max_width":0,"ocean_custom_logo_mobile_max_width":0,"ocean_custom_logo_max_height":0,"ocean_custom_logo_tablet_max_height":0,"ocean_custom_logo_mobile_max_height":0,"ocean_header_custom_menu":"","ocean_menu_typo_font_family":"","ocean_menu_typo_font_subset":"","ocean_menu_typo_font_size":0,"ocean_menu_typo_font_size_tablet":0,"ocean_menu_typo_font_size_mobile":0,"ocean_menu_typo_font_size_unit":"px","ocean_menu_typo_font_weight":"","ocean_menu_typo_font_weight_tablet":"","ocean_menu_typo_font_weight_mobile":"","ocean_menu_typo_transform":"","ocean_menu_typo_transform_tablet":"","ocean_menu_typo_transform_mobile":"","ocean_menu_typo_line_height":0,"ocean_menu_typo_line_height_tablet":0,"ocean_menu_typo_line_height_mobile":0,"ocean_menu_typo_line_height_unit":"","ocean_menu_typo_spacing":0,"ocean_menu_typo_spacing_tablet":0,"ocean_menu_typo_spacing_mobile":0,"ocean_menu_typo_spacing_unit":"","ocean_menu_link_color":"","ocean_menu_link_color_hover":"","ocean_menu_link_color_active":"","ocean_menu_link_background":"","ocean_menu_link_hover_background":"","ocean_menu_link_active_background":"","ocean_menu_social_links_bg":"","ocean_menu_social_hover_links_bg":"","ocean_menu_social_links_color":"","ocean_menu_social_hover_links_color":"","ocean_disable_title":"default","ocean_disable_heading":"default","ocean_post_title":"","ocean_post_subheading":"","ocean_post_title_style":"","ocean_post_title_background_color":"","ocean_post_title_background":0,"ocean_post_title_bg_image_position":"","ocean_post_title_bg_image_attachment":"","ocean_post_title_bg_image_repeat":"","ocean_post_title_bg_image_size":"","ocean_post_title_height":0,"ocean_post_title_bg_overlay":0.5,"ocean_post_title_bg_overlay_color":"","ocean_disable_breadcrumbs":"default","ocean_breadcrumbs_color":"","ocean_breadcrumbs_separator_color":"","ocean_breadcrumbs_links_color":"","ocean_breadcrumbs_links_hover_color":"","ocean_display_footer_widgets":"default","ocean_display_footer_bottom":"default","ocean_custom_footer_template":""},"eaja_categoria":[4],"serie":[72,73],"eaja_componente":[79,77],"class_list":["post-58335","eaja","type-eaja","status-publish","has-post-thumbnail","hentry","eaja_categoria-1o-segmento-1a-a-4a-serie","serie-3a-serie","serie-4a-serie","eaja_componente-historia","eaja_componente-lingua-portuguesa","entry","has-media"],"acf":[],"_links":{"self":[{"href":"https:\/\/sme.goiania.go.gov.br\/conexaoescola\/wp-json\/wp\/v2\/eaja\/58335","targetHints":{"allow":["GET"]}}],"collection":[{"href":"https:\/\/sme.goiania.go.gov.br\/conexaoescola\/wp-json\/wp\/v2\/eaja"}],"about":[{"href":"https:\/\/sme.goiania.go.gov.br\/conexaoescola\/wp-json\/wp\/v2\/types\/eaja"}],"author":[{"embeddable":true,"href":"https:\/\/sme.goiania.go.gov.br\/conexaoescola\/wp-json\/wp\/v2\/users\/26"}],"wp:featuredmedia":[{"embeddable":true,"href":"https:\/\/sme.goiania.go.gov.br\/conexaoescola\/wp-json\/wp\/v2\/media\/58337"}],"wp:attachment":[{"href":"https:\/\/sme.goiania.go.gov.br\/conexaoescola\/wp-json\/wp\/v2\/media?parent=58335"}],"wp:term":[{"taxonomy":"eaja_categoria","embeddable":true,"href":"https:\/\/sme.goiania.go.gov.br\/conexaoescola\/wp-json\/wp\/v2\/eaja_categoria?post=58335"},{"taxonomy":"serie","embeddable":true,"href":"https:\/\/sme.goiania.go.gov.br\/conexaoescola\/wp-json\/wp\/v2\/serie?post=58335"},{"taxonomy":"eaja_componente","embeddable":true,"href":"https:\/\/sme.goiania.go.gov.br\/conexaoescola\/wp-json\/wp\/v2\/eaja_componente?post=58335"}],"curies":[{"name":"wp","href":"https:\/\/api.w.org\/{rel}","templated":true}]}}

<p class="has-medium-font-size">Você já reparou como as pessoas apresentam muitas características diferentes? O jeito de falar e de se vestir, o sotaque, as formas de se relacionar com o outro e muito mais.&nbsp;</p>



<p class="has-pale-cyan-blue-background-color has-background has-medium-font-size">As nossas cidades são habitadas por pessoas de diversas origens, por isso possuem diferentes costumes. Aprender sobre essas diferenças é muito importante para conhecer nossa história, as diferenças e semelhanças que caracterizam a identidade do povo brasileiro e, com isso, aprender a respeitar as diferenças.&nbsp;</p>



<hr class="wp-block-separator has-text-color has-background has-vivid-red-background-color has-vivid-red-color"/>



<h1 class="has-white-color has-vivid-red-background-color has-text-color has-background wp-block-heading">ATIVIDADE 1</h1>



<p class="has-medium-font-size">Acesse o link e assista ao vídeo. Convide sua família para assistir com você:</p>



<figure class="wp-block-embed is-type-video is-provider-youtube wp-block-embed-youtube wp-embed-aspect-4-3 wp-has-aspect-ratio"><div class="wp-block-embed__wrapper">
<p class="responsive-video-wrap clr"><iframe title="Martinho da Vila - Aquarela brasileira" width="1200" height="900" src="https://www.youtube.com/embed/fhSEyYNoQyM?feature=oembed" frameborder="0" allow="accelerometer; autoplay; clipboard-write; encrypted-media; gyroscope; picture-in-picture" allowfullscreen></iframe></p>
</div><figcaption>&#8220;Martinho da Vila &#8211; Aquarela brasileira&#8221; &#8211; Canal: <a href="https://www.youtube.com/channel/UC93yxC44yqMq1Ys4cagPSFw">Meu Bom Samba</a><br>Link: https://www.youtube.com/watch?v=fhSEyYNoQyM</figcaption></figure>



<hr class="wp-block-separator has-text-color has-background has-vivid-red-background-color has-vivid-red-color"/>



<h1 class="has-light-green-cyan-background-color has-background wp-block-heading">ATIVIDADE 2</h1>



<p class="has-medium-font-size">Você sabe o que é aquarela? Pesquise o significado dessa expressão em um dicionário ou na internet.</p>



<hr class="wp-block-separator has-text-color has-background has-vivid-red-background-color has-vivid-red-color"/>



<h1 class="has-pale-pink-background-color has-background wp-block-heading">ATIVIDADE 3</h1>



<p class="has-medium-font-size">Reflita com sua família:</p>



<p class="has-medium-font-size">Por que o compositor usou o título “Aquarela Brasileira” para essa música?</p>



<hr class="wp-block-separator has-text-color has-background has-vivid-red-background-color has-vivid-red-color"/>



<h1 class="has-luminous-vivid-amber-background-color has-background wp-block-heading">ATIVIDADE 4</h1>



<p class="has-medium-font-size">Acesse o link e assista o vídeo: &#8211; Diversidade étnica e cultural brasileira&nbsp;&nbsp;</p>



<figure class="wp-block-embed is-type-video is-provider-youtube wp-block-embed-youtube wp-embed-aspect-4-3 wp-has-aspect-ratio"><div class="wp-block-embed__wrapper">
<p class="responsive-video-wrap clr"><iframe title="Diversidade étnica e cultural brasileira" width="1200" height="900" src="https://www.youtube.com/embed/b9s-SwghX_4?feature=oembed" frameborder="0" allow="accelerometer; autoplay; clipboard-write; encrypted-media; gyroscope; picture-in-picture" allowfullscreen></iframe></p>
</div><figcaption>&#8220;Diversidade étnica e cultural brasileira&#8221; &#8211; Canal: Juliana Araújo<br>Link: https://www.youtube.com/watch?v=b9s-SwghX_4</figcaption></figure>



<hr class="wp-block-separator has-text-color has-background has-vivid-red-background-color has-vivid-red-color"/>



<h1 class="has-white-color has-vivid-purple-background-color has-text-color has-background wp-block-heading">ATIVIDADE 5</h1>



<p class="has-medium-font-size">O vídeo pergunta: “Com quantos brasis se faz o Brasil, com quantos brasis se faz um país…” Em seu caderno, coloque o nome dos povos que, segundo o vídeo, contribuíram para formação do povo brasileiro.&nbsp;</p>



<hr class="wp-block-separator has-text-color has-background has-vivid-red-background-color has-vivid-red-color"/>



<h1 class="has-black-color has-vivid-green-cyan-background-color has-text-color has-background wp-block-heading">ATIVIDADE 6</h1>



<p class="has-medium-font-size">Observe o mapa abaixo com os estados brasileiros e reflita</p>



<figure class="wp-block-image"><img decoding="async" src="https://lh5.googleusercontent.com/gpuOJFFw3-vwTucHIQG1TyZ3MF-a4-NoKtCKytv8dCoj6lxo9MR2ofkd4l1vT7fxeHspG9VcghrAzZ_jPBuTMrZylTo9BO7TcEJWX1-nECM4flTTbkLM9NdAJeY_iyBteWUUyLS3" alt=""/></figure>



<p class="has-medium-font-size">Você conhece pessoas que moram em Goiânia e que vieram de outros estados? De quais estados?</p>



<p class="has-medium-font-size">E você? Nasceu em Goiânia, no estado de Goiás? Ou veio de outro estado?&nbsp;</p>



<hr class="wp-block-separator has-text-color has-background has-vivid-red-background-color has-vivid-red-color"/>



<h1 class="has-black-color has-luminous-vivid-orange-background-color has-text-color has-background wp-block-heading">ATIVIDADE 7</h1>



<p class="has-medium-font-size">Pensando nas diferentes pessoas que moram no seu bairro, elabore um texto contando sobre como essas diferenças entre elas influenciam o dia a dia do seu bairro.&nbsp;</p>



<p class="has-medium-font-size">Lembre-se de colocar no seu texto como essas diferenças são importantes para a formação da nossa identidade.</p>



<hr class="wp-block-separator has-text-color has-background has-vivid-red-background-color has-vivid-red-color"/>



<figure class="wp-block-table alignfull"><table><tbody><tr><td>Componentes:</td><td>Objetivos de Aprendizagem e Desenvolvimento</td></tr><tr><td>História</td><td>(EAJAHI0302) Compreender as relações estabelecidas entre os grupos populacionais (indígenas, brancos, afrodescendentes e outros imigrantes) que formam a cidade.<br>(EAJAHI0303) Identificar os grupos populacionais que formam hoje a cidade de Goiânia, como os oriundos de Tocantins, Pará, Maranhão, Bahia, entre outros.<br>(EAJAHI0304) Perceber a presença do fenômeno das migrações no ambiente escolar e como se dá o convívio entre as diferenças regionais entre os educandos da EAJA.<br>(EAJAHI0312) Identificar semelhanças e diferenças existentes entre comunidades que contribuíram na formação histórica de Goiânia, os grupos de migrantes atuais e sua importância em uma nova configuração cultural da cidade.<br>(EAJAHI0313) Promover o respeito aos diferentes grupos sociais e sua autoafirmação nos espaços da cidade, superando preconceitos.</td></tr><tr><td>Língua Portuguesa</td><td>(EAJALP0306) Formular e verificar hipóteses sobre os textos lidos. <br>(EAJALP0316) Apontar a ideia central do texto. <br>(EAJALP0318) Planejar e produzir textos dos gêneros pertencentes ao campo da vida cotidiana. <br>(EAJALP0320) Ampliar os aspectos característicos da narrativa.  <br>(EAJALP0349) Identificar a ideia principal do texto. <br>(EAJALP0405) Apreciar textos da tradição oral (cantigas regionais e nacionais, poemas, letras de músicas etc.). <br>(EAJALP0418) Inferir informações implícitas nos textos lidos.<br>(EAJALP0419) Identificar informações explícitas em textos.<br>(EAJALP0425) Identificar a ideia central do texto.</td></tr></tbody></table></figure>



<hr class="wp-block-separator has-text-color has-background has-vivid-red-background-color has-vivid-red-color"/>



<p class="has-text-align-center has-medium-font-size"><br>EAJA – Ética e Cidadania – 1° Segmento &#8211; 2ª Série</p>
