{"id":5576,"date":"2020-10-05T07:00:00","date_gmt":"2020-10-05T10:00:00","guid":{"rendered":"http:\/\/sme.goiania.go.gov.br\/conexaoescola\/?post_type=eaja&#038;p=5576"},"modified":"2021-11-16T15:54:02","modified_gmt":"2021-11-16T17:54:02","slug":"art-deco-em-goiania","status":"publish","type":"eaja","link":"https:\/\/sme.goiania.go.gov.br\/conexaoescola\/eaja\/art-deco-em-goiania\/","title":{"rendered":"Arte &#8211; Art Deco em Goi\u00e2nia"},"content":{"rendered":"\n<p class=\"has-medium-font-size\">Art Deco \u00e9 um estilo que surgiu na Europa nos anos 20 e influenciou as artes, o design e a arquitetura. Caracteriza-se pela forma geom\u00e9trica e sint\u00e9tica. Sendo mais presente na arquitetura.<\/p>\n\n\n\n<hr class=\"wp-block-separator\"\/>\n\n\n\n<h2 class=\"wp-block-heading\"><strong>Atividade 1:<\/strong><\/h2>\n\n\n\n<p class=\"has-medium-font-size\">Observe fotos de um dos principais monumentos tombados, a antiga esta\u00e7\u00e3o ferrovi\u00e1ria. Para essa exposi\u00e7\u00e3o, houve a contribui\u00e7\u00e3o de v\u00e1rios fot\u00f3grafos, em cada imagem voc\u00ea pode conferir a autoria do \u201cClick\u201d<\/p>\n\n\n\n<p class=\"has-text-align-center has-vivid-cyan-blue-color has-very-light-gray-background-color has-text-color has-background has-medium-font-size\"><a href=\"https:\/\/www.google.com\/maps\/uv?hl=pt-BR&amp;pb=!1s0x935ef3c2fbf269fb%3A0xae052c661b0edcd3!3m1!7e115!4shttps%3A%2F%2Flh5.googleusercontent.com%2Fp%2FAF1QipOHE5XoHyxMsIkHhEOST7hgs7ulHXwphv-75ck%3Dw234-h176-k-no!5sesta%C3%A7%C3%A3o%20ferroviaria%20-%20Pesquisa%20Google!15sCgIgAQ&amp;imagekey=!1e10!2sAF1QipOHE5XoHyxMsIkHhEOST7hgs7ulHXwphv-75ck&amp;sa=X&amp;ved=2ahUKEwiO4-n-honrAhX2H7kGHV3wBZsQoiowCnoECBIQBg.\">https:\/\/www.google.com\/maps\/uv?hl=pt-BR&amp;pb=!1s0x935ef3c2fbf269fb%3A0xae052c661b0edcd3!3m1!7e115!4shttps%3A%2F%2Flh5.googleusercontent.com%2Fp%2FAF1QipOHE5XoHyxMsIkHhEOST7hgs7ulHXwphv-75ck%3Dw234-h176-k-no!5sesta%C3%A7%C3%A3o%20ferroviaria%20-%20Pesquisa%20Google!15sCgIgAQ&amp;imagekey=!1e10!2sAF1QipOHE5XoHyxMsIkHhEOST7hgs7ulHXwphv-75ck&amp;sa=X&amp;ved=2ahUKEwiO4-n-honrAhX2H7kGHV3wBZsQoiowCnoECBIQBg.<\/a><\/p>\n\n\n\n<hr class=\"wp-block-separator\"\/>\n\n\n\n<h2 class=\"wp-block-heading\"><strong>Atividade 2<\/strong><\/h2>\n\n\n\n<p class=\"has-medium-font-size\">E a\u00ed, o que achou? Voc\u00ea j\u00e1 conhecia esse pedacinho de Goi\u00e2nia?<\/p>\n\n\n\n<p class=\"has-medium-font-size\">Agora que voc\u00ea j\u00e1 viu as fotos, fa\u00e7a um desenho da fachada principal com o rel\u00f3gio da antiga esta\u00e7\u00e3o.<\/p>\n\n\n\n<p class=\"has-medium-font-size\">Para saber mais sobre design e pinturas, clique no link abaixo. <\/p>\n\n\n\n<figure class=\"wp-block-embed is-type-video is-provider-youtube wp-block-embed-youtube wp-embed-aspect-16-9 wp-has-aspect-ratio\"><div class=\"wp-block-embed__wrapper\">\n<p class=\"responsive-video-wrap clr\"><iframe title=\"Goi\u00e2nia Art D\u00e9co Festival | Enredo Cultural\" width=\"1200\" height=\"675\" src=\"https:\/\/www.youtube.com\/embed\/Xo1rTPKb-zM?feature=oembed\" frameborder=\"0\" allow=\"accelerometer; autoplay; clipboard-write; encrypted-media; gyroscope; picture-in-picture\" allowfullscreen><\/iframe><\/p>\n<\/div><figcaption>&#8220;Goi\u00e2nia Art D\u00e9co Festival | Enredo Cultural&#8221; &#8211; Canal: TV UFG &#8211;<br>Link: <a rel=\"noreferrer noopener\" href=\"https:\/\/www.youtube.com\/watch?v=Xo1rTPKb-zM\" target=\"_blank\">https:\/\/www.youtube.com\/watch?v=Xo1rTPKb-zM<\/a><\/figcaption><\/figure>\n\n\n\n<hr class=\"wp-block-separator\"\/>\n\n\n\n<h2 class=\"wp-block-heading\"><strong>Atividade 3<\/strong><\/h2>\n\n\n\n<p class=\"has-medium-font-size\">Ap\u00f3s assistir ao v\u00eddeo e acompanhar as imagens, registre em seu caderno qual a import\u00e2ncia da preserva\u00e7\u00e3o dessas edifica\u00e7\u00f5es na vida social.<\/p>\n\n\n\n<hr class=\"wp-block-separator\"\/>\n\n\n\n<p class=\"has-very-light-gray-color has-vivid-cyan-blue-background-color has-text-color has-background has-medium-font-size\">Saiba Mais | Refer\u00eancias:<\/p>\n\n\n\n<figure class=\"wp-block-table is-style-regular\"><table><tbody><tr><td>Curiosidades e peculiaridades da nossa capital.<br><br>Goi\u00e2nia Art Deco\/ Enredo Cultural\/ TV UFG Goi\u00e2nia 86 anos. De 50 mil habitantes para mais de 1 milh\u00e3o. Record TV\/ Goi\u00e1s.<\/td><\/tr><\/tbody><\/table><\/figure>\n\n\n\n<figure class=\"wp-block-embed is-type-video is-provider-youtube wp-block-embed-youtube wp-embed-aspect-16-9 wp-has-aspect-ratio\"><div class=\"wp-block-embed__wrapper\">\n<p class=\"responsive-video-wrap clr\"><iframe title=\"GOI\u00c2NIA 86 ANOS: DE 50 MIL HABITANTES PARA MAIS DE 1 MILH\u00c3O\" width=\"1200\" height=\"675\" src=\"https:\/\/www.youtube.com\/embed\/Gyrrczrt0U0?start=70&#038;feature=oembed\" frameborder=\"0\" allow=\"accelerometer; autoplay; clipboard-write; encrypted-media; gyroscope; picture-in-picture\" allowfullscreen><\/iframe><\/p>\n<\/div><figcaption>&#8220;GOI\u00c2NIA 86 ANOS: DE 50 MIL HABITANTES PARA MAIS DE 1 MILH\u00c3O&#8221; &#8211; Canal: Record TV Goi\u00e1s &#8211;<br>Link: <u><a href=\"https:\/\/www.youtube.com\/watch?v=Gyrrczrt0U0&amp;t=70s\">https:\/\/www.youtube.com\/watch?v=Gyrrczrt0U0&amp;t=70s<\/a><\/u><\/figcaption><\/figure>\n\n\n\n<hr class=\"wp-block-separator\"\/>\n\n\n\n<figure class=\"wp-block-table alignfull is-style-regular\"><table><tbody><tr><td>Componente(s) Curricular(res)<\/td><td>Artes<\/td><\/tr><tr><td>Objetivos de Aprendizagem e Desenvolvimento<\/td><td>(EAJAAR0804) Relacionar as pr\u00e1ticas art\u00edstico-visuais \u00e0s diferentes dimens\u00f5es da vida social, cultural, pol\u00edtica, hist\u00f3rica, econ\u00f4mica, est\u00e9tica e \u00e9tica, problematizando as diferentes formas de express\u00e3o. (EAJAAR0806) Identificar e analisar aspectos hist\u00f3ricos, sociais e pol\u00edticos da produ\u00e7\u00e3o art\u00edstica, refletindo sobre as narrativas art\u00edsticas nos mais variados contextos sociais. EAJAAR0826) Identificar e diferenciar os estilos de artista, artes\u00e3o, produtor cultural, curador, designer entre outras, estabelecendo rela\u00e7\u00f5es entre os profissionais, os espa\u00e7os e sistemas das artes visuais onde atuam. (EAJAAR0827) Elaborar formas diferenciadas de registros, sistematiza\u00e7\u00f5es e comunica\u00e7\u00e3o sobre as experi\u00eancias vividas nos diferentes espa\u00e7os e institui\u00e7\u00f5es promotoras de arte e cultura.<\/td><\/tr><tr><td>Professor:<\/td><td>Heliane Rodrigues de Paula<\/td><\/tr><tr><td>Institui\u00e7\u00e3o Educacional:<\/td><td>Escola Municipal Laurindo Sobreira do Amaral<\/td><\/tr><tr><td>CRE:<\/td><td>Jarbas Jayme<\/td><\/tr><\/tbody><\/table><\/figure>\n\n\n\n<hr class=\"wp-block-separator\"\/>\n\n\n\n<p class=\"has-text-align-center has-medium-font-size\">EAJA \u2013 Corpo, Express\u00e3o e Movimento \u2013 2\u00b0 Segmento \u2013 7\u00aa a 8\u00aa s\u00e9ries<\/p>\n","protected":false},"author":27,"featured_media":5577,"template":"","meta":{"_acf_changed":false,"ocean_post_layout":"","ocean_both_sidebars_style":"","ocean_both_sidebars_content_width":0,"ocean_both_sidebars_sidebars_width":0,"ocean_sidebar":"","ocean_second_sidebar":"","ocean_disable_margins":"enable","ocean_add_body_class":"","ocean_shortcode_before_top_bar":"","ocean_shortcode_after_top_bar":"","ocean_shortcode_before_header":"","ocean_shortcode_after_header":"","ocean_has_shortcode":"","ocean_shortcode_after_title":"","ocean_shortcode_before_footer_widgets":"","ocean_shortcode_after_footer_widgets":"","ocean_shortcode_before_footer_bottom":"","ocean_shortcode_after_footer_bottom":"","ocean_display_top_bar":"default","ocean_display_header":"default","ocean_header_style":"","ocean_center_header_left_menu":"","ocean_custom_header_template":"","ocean_custom_logo":0,"ocean_custom_retina_logo":0,"ocean_custom_logo_max_width":0,"ocean_custom_logo_tablet_max_width":0,"ocean_custom_logo_mobile_max_width":0,"ocean_custom_logo_max_height":0,"ocean_custom_logo_tablet_max_height":0,"ocean_custom_logo_mobile_max_height":0,"ocean_header_custom_menu":"","ocean_menu_typo_font_family":"","ocean_menu_typo_font_subset":"","ocean_menu_typo_font_size":0,"ocean_menu_typo_font_size_tablet":0,"ocean_menu_typo_font_size_mobile":0,"ocean_menu_typo_font_size_unit":"px","ocean_menu_typo_font_weight":"","ocean_menu_typo_font_weight_tablet":"","ocean_menu_typo_font_weight_mobile":"","ocean_menu_typo_transform":"","ocean_menu_typo_transform_tablet":"","ocean_menu_typo_transform_mobile":"","ocean_menu_typo_line_height":0,"ocean_menu_typo_line_height_tablet":0,"ocean_menu_typo_line_height_mobile":0,"ocean_menu_typo_line_height_unit":"","ocean_menu_typo_spacing":0,"ocean_menu_typo_spacing_tablet":0,"ocean_menu_typo_spacing_mobile":0,"ocean_menu_typo_spacing_unit":"","ocean_menu_link_color":"","ocean_menu_link_color_hover":"","ocean_menu_link_color_active":"","ocean_menu_link_background":"","ocean_menu_link_hover_background":"","ocean_menu_link_active_background":"","ocean_menu_social_links_bg":"","ocean_menu_social_hover_links_bg":"","ocean_menu_social_links_color":"","ocean_menu_social_hover_links_color":"","ocean_disable_title":"default","ocean_disable_heading":"default","ocean_post_title":"","ocean_post_subheading":"","ocean_post_title_style":"","ocean_post_title_background_color":"","ocean_post_title_background":0,"ocean_post_title_bg_image_position":"","ocean_post_title_bg_image_attachment":"","ocean_post_title_bg_image_repeat":"","ocean_post_title_bg_image_size":"","ocean_post_title_height":0,"ocean_post_title_bg_overlay":0.5,"ocean_post_title_bg_overlay_color":"","ocean_disable_breadcrumbs":"default","ocean_breadcrumbs_color":"","ocean_breadcrumbs_separator_color":"","ocean_breadcrumbs_links_color":"","ocean_breadcrumbs_links_hover_color":"","ocean_display_footer_widgets":"default","ocean_display_footer_bottom":"default","ocean_custom_footer_template":""},"eaja_categoria":[69],"serie":[100],"eaja_componente":[83],"class_list":["post-5576","eaja","type-eaja","status-publish","has-post-thumbnail","hentry","eaja_categoria-2o-segmento-7a-e-8a-serie","serie-8a-serie","eaja_componente-arte","entry","has-media"],"acf":[],"_links":{"self":[{"href":"https:\/\/sme.goiania.go.gov.br\/conexaoescola\/wp-json\/wp\/v2\/eaja\/5576","targetHints":{"allow":["GET"]}}],"collection":[{"href":"https:\/\/sme.goiania.go.gov.br\/conexaoescola\/wp-json\/wp\/v2\/eaja"}],"about":[{"href":"https:\/\/sme.goiania.go.gov.br\/conexaoescola\/wp-json\/wp\/v2\/types\/eaja"}],"author":[{"embeddable":true,"href":"https:\/\/sme.goiania.go.gov.br\/conexaoescola\/wp-json\/wp\/v2\/users\/27"}],"wp:featuredmedia":[{"embeddable":true,"href":"https:\/\/sme.goiania.go.gov.br\/conexaoescola\/wp-json\/wp\/v2\/media\/5577"}],"wp:attachment":[{"href":"https:\/\/sme.goiania.go.gov.br\/conexaoescola\/wp-json\/wp\/v2\/media?parent=5576"}],"wp:term":[{"taxonomy":"eaja_categoria","embeddable":true,"href":"https:\/\/sme.goiania.go.gov.br\/conexaoescola\/wp-json\/wp\/v2\/eaja_categoria?post=5576"},{"taxonomy":"serie","embeddable":true,"href":"https:\/\/sme.goiania.go.gov.br\/conexaoescola\/wp-json\/wp\/v2\/serie?post=5576"},{"taxonomy":"eaja_componente","embeddable":true,"href":"https:\/\/sme.goiania.go.gov.br\/conexaoescola\/wp-json\/wp\/v2\/eaja_componente?post=5576"}],"curies":[{"name":"wp","href":"https:\/\/api.w.org\/{rel}","templated":true}]}}

Arte &#8211; Art Deco em Goiânia

<p class="has-medium-font-size">Art Deco é um estilo que surgiu na Europa nos anos 20 e influenciou as artes, o design e a arquitetura. Caracteriza-se pela forma geométrica e sintética. Sendo mais presente na arquitetura.</p>



<hr class="wp-block-separator"/>



<h2 class="wp-block-heading"><strong>Atividade 1:</strong></h2>



<p class="has-medium-font-size">Observe fotos de um dos principais monumentos tombados, a antiga estação ferroviária. Para essa exposição, houve a contribuição de vários fotógrafos, em cada imagem você pode conferir a autoria do “Click”</p>



<p class="has-text-align-center has-vivid-cyan-blue-color has-very-light-gray-background-color has-text-color has-background has-medium-font-size"><a href="https://www.google.com/maps/uv?hl=pt-BR&amp;pb=!1s0x935ef3c2fbf269fb%3A0xae052c661b0edcd3!3m1!7e115!4shttps%3A%2F%2Flh5.googleusercontent.com%2Fp%2FAF1QipOHE5XoHyxMsIkHhEOST7hgs7ulHXwphv-75ck%3Dw234-h176-k-no!5sesta%C3%A7%C3%A3o%20ferroviaria%20-%20Pesquisa%20Google!15sCgIgAQ&amp;imagekey=!1e10!2sAF1QipOHE5XoHyxMsIkHhEOST7hgs7ulHXwphv-75ck&amp;sa=X&amp;ved=2ahUKEwiO4-n-honrAhX2H7kGHV3wBZsQoiowCnoECBIQBg.">https://www.google.com/maps/uv?hl=pt-BR&amp;pb=!1s0x935ef3c2fbf269fb%3A0xae052c661b0edcd3!3m1!7e115!4shttps%3A%2F%2Flh5.googleusercontent.com%2Fp%2FAF1QipOHE5XoHyxMsIkHhEOST7hgs7ulHXwphv-75ck%3Dw234-h176-k-no!5sesta%C3%A7%C3%A3o%20ferroviaria%20-%20Pesquisa%20Google!15sCgIgAQ&amp;imagekey=!1e10!2sAF1QipOHE5XoHyxMsIkHhEOST7hgs7ulHXwphv-75ck&amp;sa=X&amp;ved=2ahUKEwiO4-n-honrAhX2H7kGHV3wBZsQoiowCnoECBIQBg.</a></p>



<hr class="wp-block-separator"/>



<h2 class="wp-block-heading"><strong>Atividade 2</strong></h2>



<p class="has-medium-font-size">E aí, o que achou? Você já conhecia esse pedacinho de Goiânia?</p>



<p class="has-medium-font-size">Agora que você já viu as fotos, faça um desenho da fachada principal com o relógio da antiga estação.</p>



<p class="has-medium-font-size">Para saber mais sobre design e pinturas, clique no link abaixo. </p>



<figure class="wp-block-embed is-type-video is-provider-youtube wp-block-embed-youtube wp-embed-aspect-16-9 wp-has-aspect-ratio"><div class="wp-block-embed__wrapper">
<p class="responsive-video-wrap clr"><iframe title="Goiânia Art Déco Festival | Enredo Cultural" width="1200" height="675" src="https://www.youtube.com/embed/Xo1rTPKb-zM?feature=oembed" frameborder="0" allow="accelerometer; autoplay; clipboard-write; encrypted-media; gyroscope; picture-in-picture" allowfullscreen></iframe></p>
</div><figcaption>&#8220;Goiânia Art Déco Festival | Enredo Cultural&#8221; &#8211; Canal: TV UFG &#8211;<br>Link: <a rel="noreferrer noopener" href="https://www.youtube.com/watch?v=Xo1rTPKb-zM" target="_blank">https://www.youtube.com/watch?v=Xo1rTPKb-zM</a></figcaption></figure>



<hr class="wp-block-separator"/>



<h2 class="wp-block-heading"><strong>Atividade 3</strong></h2>



<p class="has-medium-font-size">Após assistir ao vídeo e acompanhar as imagens, registre em seu caderno qual a importância da preservação dessas edificações na vida social.</p>



<hr class="wp-block-separator"/>



<p class="has-very-light-gray-color has-vivid-cyan-blue-background-color has-text-color has-background has-medium-font-size">Saiba Mais | Referências:</p>



<figure class="wp-block-table is-style-regular"><table><tbody><tr><td>Curiosidades e peculiaridades da nossa capital.<br><br>Goiânia Art Deco/ Enredo Cultural/ TV UFG Goiânia 86 anos. De 50 mil habitantes para mais de 1 milhão. Record TV/ Goiás.</td></tr></tbody></table></figure>



<figure class="wp-block-embed is-type-video is-provider-youtube wp-block-embed-youtube wp-embed-aspect-16-9 wp-has-aspect-ratio"><div class="wp-block-embed__wrapper">
<p class="responsive-video-wrap clr"><iframe title="GOIÂNIA 86 ANOS: DE 50 MIL HABITANTES PARA MAIS DE 1 MILHÃO" width="1200" height="675" src="https://www.youtube.com/embed/Gyrrczrt0U0?start=70&#038;feature=oembed" frameborder="0" allow="accelerometer; autoplay; clipboard-write; encrypted-media; gyroscope; picture-in-picture" allowfullscreen></iframe></p>
</div><figcaption>&#8220;GOIÂNIA 86 ANOS: DE 50 MIL HABITANTES PARA MAIS DE 1 MILHÃO&#8221; &#8211; Canal: Record TV Goiás &#8211;<br>Link: <u><a href="https://www.youtube.com/watch?v=Gyrrczrt0U0&amp;t=70s">https://www.youtube.com/watch?v=Gyrrczrt0U0&amp;t=70s</a></u></figcaption></figure>



<hr class="wp-block-separator"/>



<figure class="wp-block-table alignfull is-style-regular"><table><tbody><tr><td>Componente(s) Curricular(res)</td><td>Artes</td></tr><tr><td>Objetivos de Aprendizagem e Desenvolvimento</td><td>(EAJAAR0804) Relacionar as práticas artístico-visuais às diferentes dimensões da vida social, cultural, política, histórica, econômica, estética e ética, problematizando as diferentes formas de expressão. (EAJAAR0806) Identificar e analisar aspectos históricos, sociais e políticos da produção artística, refletindo sobre as narrativas artísticas nos mais variados contextos sociais. EAJAAR0826) Identificar e diferenciar os estilos de artista, artesão, produtor cultural, curador, designer entre outras, estabelecendo relações entre os profissionais, os espaços e sistemas das artes visuais onde atuam. (EAJAAR0827) Elaborar formas diferenciadas de registros, sistematizações e comunicação sobre as experiências vividas nos diferentes espaços e instituições promotoras de arte e cultura.</td></tr><tr><td>Professor:</td><td>Heliane Rodrigues de Paula</td></tr><tr><td>Instituição Educacional:</td><td>Escola Municipal Laurindo Sobreira do Amaral</td></tr><tr><td>CRE:</td><td>Jarbas Jayme</td></tr></tbody></table></figure>



<hr class="wp-block-separator"/>



<p class="has-text-align-center has-medium-font-size">EAJA – Corpo, Expressão e Movimento – 2° Segmento – 7ª a 8ª séries</p>
