{"id":5275,"date":"2020-09-28T07:00:00","date_gmt":"2020-09-28T10:00:00","guid":{"rendered":"http:\/\/sme.goiania.go.gov.br\/conexaoescola\/?post_type=eaja&#038;p=5275"},"modified":"2021-11-08T12:19:25","modified_gmt":"2021-11-08T14:19:25","slug":"o-andar-pela-cidade-mobilidade-urbana","status":"publish","type":"eaja","link":"https:\/\/sme.goiania.go.gov.br\/conexaoescola\/eaja\/o-andar-pela-cidade-mobilidade-urbana\/","title":{"rendered":"O andar pela cidade: mobilidade urbana"},"content":{"rendered":"\n<p class=\"has-text-color has-background has-medium-font-size\" style=\"background-color:#fff8e4;color:#000000\"><em>Ol\u00e1, Estudante!<\/em> <em>Esta aula foi veiculada na tv no dia 29\/09, ter\u00e7a-feira, contemplando o Eixo Educa\u00e7\u00e3o Ambiental e Sa\u00fade. Aqui no Portal Conex\u00e3o Escola, ela est\u00e1 apresentada em forma de atividade, mas voc\u00ea pode assistir a videoaula quando desejar, acessando o link na parte inferior da tela.<\/em><\/p>\n\n\n\n<div class=\"wp-block-image is-style-rounded\"><figure class=\"aligncenter size-large\"><img fetchpriority=\"high\" decoding=\"async\" width=\"1024\" height=\"678\" src=\"http:\/\/sme.goiania.go.gov.br\/conexaoescola\/wp-content\/uploads\/2020\/09\/passengers-1150043_1920-e1601083086744-1024x678.jpg\" alt=\"\" class=\"wp-image-5276\" srcset=\"https:\/\/sme.goiania.go.gov.br\/conexaoescola\/wp-content\/uploads\/2020\/09\/passengers-1150043_1920-e1601083086744-1024x678.jpg 1024w, https:\/\/sme.goiania.go.gov.br\/conexaoescola\/wp-content\/uploads\/2020\/09\/passengers-1150043_1920-e1601083086744-300x199.jpg 300w, https:\/\/sme.goiania.go.gov.br\/conexaoescola\/wp-content\/uploads\/2020\/09\/passengers-1150043_1920-e1601083086744-768x509.jpg 768w, https:\/\/sme.goiania.go.gov.br\/conexaoescola\/wp-content\/uploads\/2020\/09\/passengers-1150043_1920-e1601083086744-1536x1018.jpg 1536w, https:\/\/sme.goiania.go.gov.br\/conexaoescola\/wp-content\/uploads\/2020\/09\/passengers-1150043_1920-e1601083086744.jpg 1920w\" sizes=\"(max-width: 1024px) 100vw, 1024px\" \/><figcaption><em><strong>Fonte: Pixabay. Passageiros<\/strong><\/em><\/figcaption><\/figure><\/div>\n\n\n\n<p class=\"has-text-align-center has-very-light-gray-background-color has-text-color has-background has-medium-font-size\" style=\"color:#000000\">Como \u00e9 andar pela cidade de Goi\u00e2nia? <br>Como s\u00e3o as ruas, avenidas, e rodovias? <br>Como \u00e9 o tr\u00e2nsito? <br>Como \u00e9 o transporte coletivo? <br><em><strong>Reflita sobre as perguntas pois voc\u00ea trabalhar\u00e1 esse conte\u00fado nessa atividade<\/strong><\/em><\/p>\n\n\n\n<hr class=\"wp-block-separator is-style-wide\"\/>\n\n\n\n<p class=\"has-text-align-center has-text-color has-background\" style=\"background-color:#a93333;color:#ffffff;font-size:25px\"><strong>A Mobilidade Urbana e a Cidade<\/strong><\/p>\n\n\n\n<p class=\"has-text-align-center has-vivid-red-color has-very-light-gray-background-color has-text-color has-background has-medium-font-size\">O funcionamento da cidade depende diretamente das maneiras de ir e vir, ou seja, as a\u00e7\u00f5es de ir ao trabalho, as compras, a escola, entre outros, est\u00e1  subordinado diretamente as condi\u00e7\u00f5es oferecidas pela mobilidade urbana.  A mobilidade \u00e9 entendida ent\u00e3o, como um processo que movimenta as engrenagens da cidade. Se a mobilidade urbana ocorre de forma desconectada das necessidades urbanas e sociais, a cidade grita com longos congestionamentos, ocorre insatisfa\u00e7\u00e3o da popula\u00e7\u00e3o e protestos da sociedade. <\/p>\n\n\n\n<p class=\"has-text-align-center has-text-color has-medium-font-size\" style=\"color:#000000\">Assista ao v\u00eddeo do Professor Vinicius Druciaki sobre Mobilidade Urbana. Canal do YouTube Educa Periferia<\/p>\n\n\n\n<figure class=\"wp-block-embed aligncenter is-type-video is-provider-youtube wp-block-embed-youtube wp-embed-aspect-16-9 wp-has-aspect-ratio\"><div class=\"wp-block-embed__wrapper\">\n<p class=\"responsive-video-wrap clr\"><iframe title=\"MOBILIDADE URBANA: O QUE \u00c9 E QUAL SUA RELA\u00c7\u00c3O COM CIDADANIA?\" width=\"1200\" height=\"675\" src=\"https:\/\/www.youtube.com\/embed\/paNxQ-V7haU?feature=oembed\" frameborder=\"0\" allow=\"accelerometer; autoplay; clipboard-write; encrypted-media; gyroscope; picture-in-picture\" allowfullscreen><\/iframe><\/p>\n<\/div><figcaption>CANAL EDUCA PERIFERIA &#8211; MOBILIDADE URBANA: O QUE \u00c9 E QUAL SUA RELA\u00c7\u00c3O COM CIDADANIA?<\/figcaption><\/figure>\n\n\n\n<p class=\"has-very-light-gray-background-color has-background has-medium-font-size\"><strong>Atividade<\/strong> <strong>1<\/strong><\/p>\n\n\n\n<p class=\"has-text-color has-medium-font-size\" style=\"color:#000000\">Quest\u00e3o 1<br>A partir do que voc\u00ea leu e assistiu, converse com seus familiares e amigos sobre como eles avaliam a mobilidade urbana de Goi\u00e2nia.<\/p>\n\n\n\n<p class=\"has-text-color has-medium-font-size\" style=\"color:#000000\">Quest\u00e3o 2<br>Com base em seus conhecimentos e na conversa que teve com seus familiares e amigos, cite cinco problemas na mobilidade urbana de Goi\u00e2nia.<\/p>\n\n\n\n<p class=\"has-text-color has-medium-font-size\" style=\"color:#000000\">Quest\u00e3o 3<br>Escreva um texto explicando o que voc\u00ea faria para mudar e qualificar a mobilidade urbana de Goi\u00e2nia.<\/p>\n\n\n\n<hr class=\"wp-block-separator is-style-wide\"\/>\n\n\n\n<p class=\"has-text-align-center has-very-dark-gray-color has-luminous-vivid-amber-background-color has-text-color has-background\" style=\"font-size:25px\"><strong>Mobilidade urbana e Transporte p\u00fablico&nbsp;<\/strong><\/p>\n\n\n\n<p class=\"has-text-align-center has-luminous-vivid-amber-color has-very-dark-gray-background-color has-text-color has-background has-medium-font-size\">As solu\u00e7\u00f5es mais vi\u00e1veis para qualificar a mobilidade urbana de Goi\u00e2nia s\u00e3o os investimentos em planejamento das vias, para autom\u00f3veis, ciclistas e o estabelecimento de um transporte coletivo eficiente e de qualidade. No entanto para que este modo de deslocamento seja realizado de maneira satisfat\u00f3ria \u00e9 necess\u00e1rio que haja mudan\u00e7as dr\u00e1sticas no modelo de transporte p\u00fablico, para que a popula\u00e7\u00e3o possa se sentir confort\u00e1vel, segura e atendida. O transporte p\u00fablico \u00e9 assegurado pela Constitui\u00e7\u00e3o Federal de 1988, no seu 6.\u00ba artigo, que o transporte \u00e9 um direito social. A Carta Magna ainda disp\u00f5e de orienta\u00e7\u00f5es quanto \u00e0 administra\u00e7\u00e3o desse servi\u00e7o: Art. 30. Compete aos Munic\u00edpios: V \u2014 organizar e prestar, diretamente ou sob regime de concess\u00e3o ou permiss\u00e3o, os servi\u00e7os p\u00fablicos de interesse local, inclu\u00eddo o de transporte coletivo, que tem car\u00e1ter essencial; nesse caso, a legisla\u00e7\u00e3o refere-se ao transporte p\u00fablico coletivo \u2014 que serve aos cidad\u00e3os de forma massificada.&nbsp;<\/p>\n\n\n\n<p class=\"has-text-align-left has-very-light-gray-background-color has-text-color has-background has-medium-font-size\" style=\"color:#000000\"><strong>Atividade 2<\/strong><\/p>\n\n\n\n<p class=\"has-text-color has-medium-font-size\" style=\"color:#000000\">Quest\u00e3o 4<br>Voc\u00ea utiliza o transporte coletivo ou transporte individual? a partir da sua resposta explique como voc\u00ea analisa o tr\u00e2nsito de Goi\u00e2nia.&nbsp;<\/p>\n\n\n\n<p class=\"has-text-color has-medium-font-size\" style=\"color:#000000\">Quest\u00e3o 5<br>Cite as mudan\u00e7as que voc\u00ea quer ver no transporte coletivo de Goi\u00e2nia.&nbsp;<\/p>\n\n\n\n<p class=\"has-text-color has-medium-font-size\" style=\"color:#000000\">Quest\u00e3o 6<br>Voc\u00ea j\u00e1 utilizou uma ciclovia? Voc\u00ea j\u00e1 viu alguma ciclovia na periferia?&nbsp;<\/p>\n\n\n\n<p class=\"has-text-color has-medium-font-size\" style=\"color:#000000\"><a rel=\"noreferrer noopener\" href=\"http:\/\/www.gynbr.com.br\/2018\/09\/ciclovias-de-goiania-sem-manutencao.html\" target=\"_blank\">Clique aqui para ler: &#8220;Ciclovias de Goi\u00e2nia sem manuten\u00e7\u00e3o\u201d no site GynBR<\/a><\/p>\n\n\n\n<hr class=\"wp-block-separator\"\/>\n\n\n\n<figure class=\"wp-block-table aligncenter is-style-stripes\"><table><tbody><tr><td>Objetivos de Aprendizagem e Desenvolvimento:<\/td><td>(EAJAGE0205) Perceber o impacto socioambiental do uso dos meios de transportes e comunica\u00e7\u00e3o na comunidade que est\u00e1 inserido.<br>(EAJAGE0205) Perceber o impacto socioambiental do uso dos meios de transportes e comunica\u00e7\u00e3o na comunidade que est\u00e1 inserido.<\/td><\/tr><tr><td>Componente Curricular:<\/td><td><strong>Geografia<\/strong><\/td><\/tr><\/tbody><\/table><\/figure>\n\n\n\n<hr class=\"wp-block-separator\"\/>\n\n\n\n<p class=\"has-text-align-center has-medium-font-size\"><strong><em>Assista ao programa Conex\u00e3o Escola \u2013 Eixo Educa\u00e7\u00e3o Ambiental e Sa\u00fade \u2013 Mobilidade \u2013 Bloco 1<\/em><\/strong><\/p>\n\n\n\n<figure class=\"wp-block-embed aligncenter is-type-video is-provider-youtube wp-block-embed-youtube wp-embed-aspect-16-9 wp-has-aspect-ratio\"><div class=\"wp-block-embed__wrapper\">\n<p class=\"responsive-video-wrap clr\"><iframe title=\"Mobilidade urbana e a periferia  | EAJA 1\u00ba Segmento Bloco 1 - 29\/09\" width=\"1200\" height=\"675\" src=\"https:\/\/www.youtube.com\/embed\/xcA5SraP6fs?feature=oembed\" frameborder=\"0\" allow=\"accelerometer; autoplay; clipboard-write; encrypted-media; gyroscope; picture-in-picture\" allowfullscreen><\/iframe><\/p>\n<\/div><figcaption>Mobilidade urbana e a periferia | EAJA 1\u00ba Segmento Bloco 1 &#8211; 29\/09<\/figcaption><\/figure>\n\n\n\n<hr class=\"wp-block-separator is-style-wide\"\/>\n\n\n\n<p style=\"font-size:15px\">Referencial te\u00f3rico:<br><em>Summit <\/em>Mobilidade. Transporte p\u00fablico e coletivo: existe diferen\u00e7a entre eles?. Dispon\u00edvel em: &lt;https:\/\/summitmobilidade.estadao.com.br\/compartilhando-o-caminho\/transporte-publico-e-coletivo-existe-diferenca-entre-eles\/&gt; Adaptado para fins pedag\u00f3gicos. Acesso em 15, set. de 2020.<\/p>\n","protected":false},"author":23,"featured_media":5276,"template":"","meta":{"_acf_changed":false,"ocean_post_layout":"","ocean_both_sidebars_style":"","ocean_both_sidebars_content_width":0,"ocean_both_sidebars_sidebars_width":0,"ocean_sidebar":"","ocean_second_sidebar":"","ocean_disable_margins":"enable","ocean_add_body_class":"","ocean_shortcode_before_top_bar":"","ocean_shortcode_after_top_bar":"","ocean_shortcode_before_header":"","ocean_shortcode_after_header":"","ocean_has_shortcode":"","ocean_shortcode_after_title":"","ocean_shortcode_before_footer_widgets":"","ocean_shortcode_after_footer_widgets":"","ocean_shortcode_before_footer_bottom":"","ocean_shortcode_after_footer_bottom":"","ocean_display_top_bar":"default","ocean_display_header":"default","ocean_header_style":"","ocean_center_header_left_menu":"","ocean_custom_header_template":"","ocean_custom_logo":0,"ocean_custom_retina_logo":0,"ocean_custom_logo_max_width":0,"ocean_custom_logo_tablet_max_width":0,"ocean_custom_logo_mobile_max_width":0,"ocean_custom_logo_max_height":0,"ocean_custom_logo_tablet_max_height":0,"ocean_custom_logo_mobile_max_height":0,"ocean_header_custom_menu":"","ocean_menu_typo_font_family":"","ocean_menu_typo_font_subset":"","ocean_menu_typo_font_size":0,"ocean_menu_typo_font_size_tablet":0,"ocean_menu_typo_font_size_mobile":0,"ocean_menu_typo_font_size_unit":"px","ocean_menu_typo_font_weight":"","ocean_menu_typo_font_weight_tablet":"","ocean_menu_typo_font_weight_mobile":"","ocean_menu_typo_transform":"","ocean_menu_typo_transform_tablet":"","ocean_menu_typo_transform_mobile":"","ocean_menu_typo_line_height":0,"ocean_menu_typo_line_height_tablet":0,"ocean_menu_typo_line_height_mobile":0,"ocean_menu_typo_line_height_unit":"","ocean_menu_typo_spacing":0,"ocean_menu_typo_spacing_tablet":0,"ocean_menu_typo_spacing_mobile":0,"ocean_menu_typo_spacing_unit":"","ocean_menu_link_color":"","ocean_menu_link_color_hover":"","ocean_menu_link_color_active":"","ocean_menu_link_background":"","ocean_menu_link_hover_background":"","ocean_menu_link_active_background":"","ocean_menu_social_links_bg":"","ocean_menu_social_hover_links_bg":"","ocean_menu_social_links_color":"","ocean_menu_social_hover_links_color":"","ocean_disable_title":"default","ocean_disable_heading":"default","ocean_post_title":"","ocean_post_subheading":"","ocean_post_title_style":"","ocean_post_title_background_color":"","ocean_post_title_background":0,"ocean_post_title_bg_image_position":"","ocean_post_title_bg_image_attachment":"","ocean_post_title_bg_image_repeat":"","ocean_post_title_bg_image_size":"","ocean_post_title_height":0,"ocean_post_title_bg_overlay":0.5,"ocean_post_title_bg_overlay_color":"","ocean_disable_breadcrumbs":"default","ocean_breadcrumbs_color":"","ocean_breadcrumbs_separator_color":"","ocean_breadcrumbs_links_color":"","ocean_breadcrumbs_links_hover_color":"","ocean_display_footer_widgets":"default","ocean_display_footer_bottom":"default","ocean_custom_footer_template":""},"eaja_categoria":[4],"serie":[71],"eaja_componente":[80],"class_list":["post-5275","eaja","type-eaja","status-publish","has-post-thumbnail","hentry","eaja_categoria-1o-segmento-1a-a-4a-serie","serie-2a-serie","eaja_componente-geografia","entry","has-media"],"acf":[],"_links":{"self":[{"href":"https:\/\/sme.goiania.go.gov.br\/conexaoescola\/wp-json\/wp\/v2\/eaja\/5275","targetHints":{"allow":["GET"]}}],"collection":[{"href":"https:\/\/sme.goiania.go.gov.br\/conexaoescola\/wp-json\/wp\/v2\/eaja"}],"about":[{"href":"https:\/\/sme.goiania.go.gov.br\/conexaoescola\/wp-json\/wp\/v2\/types\/eaja"}],"author":[{"embeddable":true,"href":"https:\/\/sme.goiania.go.gov.br\/conexaoescola\/wp-json\/wp\/v2\/users\/23"}],"wp:featuredmedia":[{"embeddable":true,"href":"https:\/\/sme.goiania.go.gov.br\/conexaoescola\/wp-json\/wp\/v2\/media\/5276"}],"wp:attachment":[{"href":"https:\/\/sme.goiania.go.gov.br\/conexaoescola\/wp-json\/wp\/v2\/media?parent=5275"}],"wp:term":[{"taxonomy":"eaja_categoria","embeddable":true,"href":"https:\/\/sme.goiania.go.gov.br\/conexaoescola\/wp-json\/wp\/v2\/eaja_categoria?post=5275"},{"taxonomy":"serie","embeddable":true,"href":"https:\/\/sme.goiania.go.gov.br\/conexaoescola\/wp-json\/wp\/v2\/serie?post=5275"},{"taxonomy":"eaja_componente","embeddable":true,"href":"https:\/\/sme.goiania.go.gov.br\/conexaoescola\/wp-json\/wp\/v2\/eaja_componente?post=5275"}],"curies":[{"name":"wp","href":"https:\/\/api.w.org\/{rel}","templated":true}]}}

<p class="has-text-color has-background has-medium-font-size" style="background-color:#fff8e4;color:#000000"><em>Olá, Estudante!</em> <em>Esta aula foi veiculada na tv no dia 29/09, terça-feira, contemplando o Eixo Educação Ambiental e Saúde. Aqui no Portal Conexão Escola, ela está apresentada em forma de atividade, mas você pode assistir a videoaula quando desejar, acessando o link na parte inferior da tela.</em></p>



<div class="wp-block-image is-style-rounded"><figure class="aligncenter size-large"><img fetchpriority="high" decoding="async" width="1024" height="678" src="http://sme.goiania.go.gov.br/conexaoescola/wp-content/uploads/2020/09/passengers-1150043_1920-e1601083086744-1024x678.jpg" alt="" class="wp-image-5276" srcset="https://sme.goiania.go.gov.br/conexaoescola/wp-content/uploads/2020/09/passengers-1150043_1920-e1601083086744-1024x678.jpg 1024w, https://sme.goiania.go.gov.br/conexaoescola/wp-content/uploads/2020/09/passengers-1150043_1920-e1601083086744-300x199.jpg 300w, https://sme.goiania.go.gov.br/conexaoescola/wp-content/uploads/2020/09/passengers-1150043_1920-e1601083086744-768x509.jpg 768w, https://sme.goiania.go.gov.br/conexaoescola/wp-content/uploads/2020/09/passengers-1150043_1920-e1601083086744-1536x1018.jpg 1536w, https://sme.goiania.go.gov.br/conexaoescola/wp-content/uploads/2020/09/passengers-1150043_1920-e1601083086744.jpg 1920w" sizes="(max-width: 1024px) 100vw, 1024px" /><figcaption><em><strong>Fonte: Pixabay. Passageiros</strong></em></figcaption></figure></div>



<p class="has-text-align-center has-very-light-gray-background-color has-text-color has-background has-medium-font-size" style="color:#000000">Como é andar pela cidade de Goiânia? <br>Como são as ruas, avenidas, e rodovias? <br>Como é o trânsito? <br>Como é o transporte coletivo? <br><em><strong>Reflita sobre as perguntas pois você trabalhará esse conteúdo nessa atividade</strong></em></p>



<hr class="wp-block-separator is-style-wide"/>



<p class="has-text-align-center has-text-color has-background" style="background-color:#a93333;color:#ffffff;font-size:25px"><strong>A Mobilidade Urbana e a Cidade</strong></p>



<p class="has-text-align-center has-vivid-red-color has-very-light-gray-background-color has-text-color has-background has-medium-font-size">O funcionamento da cidade depende diretamente das maneiras de ir e vir, ou seja, as ações de ir ao trabalho, as compras, a escola, entre outros, está  subordinado diretamente as condições oferecidas pela mobilidade urbana.  A mobilidade é entendida então, como um processo que movimenta as engrenagens da cidade. Se a mobilidade urbana ocorre de forma desconectada das necessidades urbanas e sociais, a cidade grita com longos congestionamentos, ocorre insatisfação da população e protestos da sociedade. </p>



<p class="has-text-align-center has-text-color has-medium-font-size" style="color:#000000">Assista ao vídeo do Professor Vinicius Druciaki sobre Mobilidade Urbana. Canal do YouTube Educa Periferia</p>



<figure class="wp-block-embed aligncenter is-type-video is-provider-youtube wp-block-embed-youtube wp-embed-aspect-16-9 wp-has-aspect-ratio"><div class="wp-block-embed__wrapper">
<p class="responsive-video-wrap clr"><iframe title="MOBILIDADE URBANA: O QUE É E QUAL SUA RELAÇÃO COM CIDADANIA?" width="1200" height="675" src="https://www.youtube.com/embed/paNxQ-V7haU?feature=oembed" frameborder="0" allow="accelerometer; autoplay; clipboard-write; encrypted-media; gyroscope; picture-in-picture" allowfullscreen></iframe></p>
</div><figcaption>CANAL EDUCA PERIFERIA &#8211; MOBILIDADE URBANA: O QUE É E QUAL SUA RELAÇÃO COM CIDADANIA?</figcaption></figure>



<p class="has-very-light-gray-background-color has-background has-medium-font-size"><strong>Atividade</strong> <strong>1</strong></p>



<p class="has-text-color has-medium-font-size" style="color:#000000">Questão 1<br>A partir do que você leu e assistiu, converse com seus familiares e amigos sobre como eles avaliam a mobilidade urbana de Goiânia.</p>



<p class="has-text-color has-medium-font-size" style="color:#000000">Questão 2<br>Com base em seus conhecimentos e na conversa que teve com seus familiares e amigos, cite cinco problemas na mobilidade urbana de Goiânia.</p>



<p class="has-text-color has-medium-font-size" style="color:#000000">Questão 3<br>Escreva um texto explicando o que você faria para mudar e qualificar a mobilidade urbana de Goiânia.</p>



<hr class="wp-block-separator is-style-wide"/>



<p class="has-text-align-center has-very-dark-gray-color has-luminous-vivid-amber-background-color has-text-color has-background" style="font-size:25px"><strong>Mobilidade urbana e Transporte público&nbsp;</strong></p>



<p class="has-text-align-center has-luminous-vivid-amber-color has-very-dark-gray-background-color has-text-color has-background has-medium-font-size">As soluções mais viáveis para qualificar a mobilidade urbana de Goiânia são os investimentos em planejamento das vias, para automóveis, ciclistas e o estabelecimento de um transporte coletivo eficiente e de qualidade. No entanto para que este modo de deslocamento seja realizado de maneira satisfatória é necessário que haja mudanças drásticas no modelo de transporte público, para que a população possa se sentir confortável, segura e atendida. O transporte público é assegurado pela Constituição Federal de 1988, no seu 6.º artigo, que o transporte é um direito social. A Carta Magna ainda dispõe de orientações quanto à administração desse serviço: Art. 30. Compete aos Municípios: V — organizar e prestar, diretamente ou sob regime de concessão ou permissão, os serviços públicos de interesse local, incluído o de transporte coletivo, que tem caráter essencial; nesse caso, a legislação refere-se ao transporte público coletivo — que serve aos cidadãos de forma massificada.&nbsp;</p>



<p class="has-text-align-left has-very-light-gray-background-color has-text-color has-background has-medium-font-size" style="color:#000000"><strong>Atividade 2</strong></p>



<p class="has-text-color has-medium-font-size" style="color:#000000">Questão 4<br>Você utiliza o transporte coletivo ou transporte individual? a partir da sua resposta explique como você analisa o trânsito de Goiânia.&nbsp;</p>



<p class="has-text-color has-medium-font-size" style="color:#000000">Questão 5<br>Cite as mudanças que você quer ver no transporte coletivo de Goiânia.&nbsp;</p>



<p class="has-text-color has-medium-font-size" style="color:#000000">Questão 6<br>Você já utilizou uma ciclovia? Você já viu alguma ciclovia na periferia?&nbsp;</p>



<p class="has-text-color has-medium-font-size" style="color:#000000"><a rel="noreferrer noopener" href="http://www.gynbr.com.br/2018/09/ciclovias-de-goiania-sem-manutencao.html" target="_blank">Clique aqui para ler: &#8220;Ciclovias de Goiânia sem manutenção” no site GynBR</a></p>



<hr class="wp-block-separator"/>



<figure class="wp-block-table aligncenter is-style-stripes"><table><tbody><tr><td>Objetivos de Aprendizagem e Desenvolvimento:</td><td>(EAJAGE0205) Perceber o impacto socioambiental do uso dos meios de transportes e comunicação na comunidade que está inserido.<br>(EAJAGE0205) Perceber o impacto socioambiental do uso dos meios de transportes e comunicação na comunidade que está inserido.</td></tr><tr><td>Componente Curricular:</td><td><strong>Geografia</strong></td></tr></tbody></table></figure>



<hr class="wp-block-separator"/>



<p class="has-text-align-center has-medium-font-size"><strong><em>Assista ao programa Conexão Escola – Eixo Educação Ambiental e Saúde – Mobilidade – Bloco 1</em></strong></p>



<figure class="wp-block-embed aligncenter is-type-video is-provider-youtube wp-block-embed-youtube wp-embed-aspect-16-9 wp-has-aspect-ratio"><div class="wp-block-embed__wrapper">
<p class="responsive-video-wrap clr"><iframe title="Mobilidade urbana e a periferia  | EAJA 1º Segmento Bloco 1 - 29/09" width="1200" height="675" src="https://www.youtube.com/embed/xcA5SraP6fs?feature=oembed" frameborder="0" allow="accelerometer; autoplay; clipboard-write; encrypted-media; gyroscope; picture-in-picture" allowfullscreen></iframe></p>
</div><figcaption>Mobilidade urbana e a periferia | EAJA 1º Segmento Bloco 1 &#8211; 29/09</figcaption></figure>



<hr class="wp-block-separator is-style-wide"/>



<p style="font-size:15px">Referencial teórico:<br><em>Summit </em>Mobilidade. Transporte público e coletivo: existe diferença entre eles?. Disponível em: &lt;https://summitmobilidade.estadao.com.br/compartilhando-o-caminho/transporte-publico-e-coletivo-existe-diferenca-entre-eles/&gt; Adaptado para fins pedagógicos. Acesso em 15, set. de 2020.</p>
