{"id":481,"date":"2020-04-14T21:53:02","date_gmt":"2020-04-15T00:53:02","guid":{"rendered":"http:\/\/conexao.ilustrarweb.com.br\/?post_type=eaja&#038;p=481"},"modified":"2020-06-01T09:57:50","modified_gmt":"2020-06-01T12:57:50","slug":"pandemia-do-coronavirus-2","status":"publish","type":"eaja","link":"https:\/\/sme.goiania.go.gov.br\/conexaoescola\/eaja\/pandemia-do-coronavirus-2\/","title":{"rendered":"Pandemia do Coronav\u00edrus"},"content":{"rendered":"\n<figure class=\"wp-block-embed-youtube wp-block-embed is-type-video is-provider-youtube wp-embed-aspect-16-9 wp-has-aspect-ratio\"><div class=\"wp-block-embed__wrapper\">\n<p class=\"responsive-video-wrap clr\"><iframe title=\"Pandemia do Coronavirus\" width=\"1200\" height=\"675\" src=\"https:\/\/www.youtube.com\/embed\/JUwXcTdllpI?feature=oembed\" frameborder=\"0\" allow=\"accelerometer; autoplay; encrypted-media; gyroscope; picture-in-picture\" allowfullscreen><\/iframe><\/p>\n<\/div><\/figure>\n\n\n\n<p class=\"has-medium-font-size\"><br><br>A higiene pessoal \u00e9 uma importante aliada no combate \u00e0s doen\u00e7as, dentre elas, a pandemia do coronav\u00edrus. Voc\u00ea sabe qual \u00e9 a melhor maneira de se proteger desse v\u00edrus? Vamos descobrir?<br><\/p>\n\n\n\n<p class=\"has-medium-font-size\">Atividade 1: Assista ao v\u00eddeo abaixo. Convide seus familiares para assistir tamb\u00e9m.<\/p>\n\n\n\n<figure class=\"wp-block-embed-youtube wp-block-embed is-type-video is-provider-youtube wp-embed-aspect-16-9 wp-has-aspect-ratio\"><div class=\"wp-block-embed__wrapper\">\n<p class=\"responsive-video-wrap clr\"><iframe title=\"\u00c1lcool gel, l\u00edquido ou detergente: qual o mais eficiente para se proteger do coronav\u00edrus\" width=\"1200\" height=\"675\" src=\"https:\/\/www.youtube.com\/embed\/n9nyd4dKsZY?feature=oembed\" frameborder=\"0\" allow=\"accelerometer; autoplay; encrypted-media; gyroscope; picture-in-picture\" allowfullscreen><\/iframe><\/p>\n<\/div><\/figure>\n\n\n\n<p class=\"has-medium-font-size\"><br>Atividade 2: Converse com seus familiares sobre&nbsp; as situa\u00e7\u00f5es em que temos que utilizar o \u00e1lcool gel e porque lavar bem as m\u00e3os \u00e9 mais seguro que utilizar o \u00e1lcool gel.<br><\/p>\n\n\n\n<hr class=\"wp-block-separator\"\/>\n\n\n\n<p class=\"has-medium-font-size\"><br>Atividade 3: Elabore um texto explicando a import\u00e2ncia da higiene pessoal para combater doen\u00e7as.<br><br><\/p>\n\n\n\n<hr class=\"wp-block-separator\"\/>\n\n\n\n<p><br><a href=\"http:\/\/sme.goiania.go.gov.br\/conexaoescola\/page-eaja\/eaja-2o-segmento-5a-e-6a-serie\/\">Eaja \u2013 2\u00b0 Segmento 5\u00aa a 6\u00aa s\u00e9ries&nbsp;&#8211; Educa\u00e7\u00e3o Ambiental e Sa\u00fade<\/a><\/p>\n","protected":false},"author":5,"featured_media":480,"template":"","meta":{"_acf_changed":false,"ocean_post_layout":"","ocean_both_sidebars_style":"","ocean_both_sidebars_content_width":0,"ocean_both_sidebars_sidebars_width":0,"ocean_sidebar":"","ocean_second_sidebar":"","ocean_disable_margins":"enable","ocean_add_body_class":"","ocean_shortcode_before_top_bar":"","ocean_shortcode_after_top_bar":"","ocean_shortcode_before_header":"","ocean_shortcode_after_header":"","ocean_has_shortcode":"","ocean_shortcode_after_title":"","ocean_shortcode_before_footer_widgets":"","ocean_shortcode_after_footer_widgets":"","ocean_shortcode_before_footer_bottom":"","ocean_shortcode_after_footer_bottom":"","ocean_display_top_bar":"default","ocean_display_header":"default","ocean_header_style":"","ocean_center_header_left_menu":"","ocean_custom_header_template":"","ocean_custom_logo":0,"ocean_custom_retina_logo":0,"ocean_custom_logo_max_width":0,"ocean_custom_logo_tablet_max_width":0,"ocean_custom_logo_mobile_max_width":0,"ocean_custom_logo_max_height":0,"ocean_custom_logo_tablet_max_height":0,"ocean_custom_logo_mobile_max_height":0,"ocean_header_custom_menu":"","ocean_menu_typo_font_family":"","ocean_menu_typo_font_subset":"","ocean_menu_typo_font_size":0,"ocean_menu_typo_font_size_tablet":0,"ocean_menu_typo_font_size_mobile":0,"ocean_menu_typo_font_size_unit":"px","ocean_menu_typo_font_weight":"","ocean_menu_typo_font_weight_tablet":"","ocean_menu_typo_font_weight_mobile":"","ocean_menu_typo_transform":"","ocean_menu_typo_transform_tablet":"","ocean_menu_typo_transform_mobile":"","ocean_menu_typo_line_height":0,"ocean_menu_typo_line_height_tablet":0,"ocean_menu_typo_line_height_mobile":0,"ocean_menu_typo_line_height_unit":"","ocean_menu_typo_spacing":0,"ocean_menu_typo_spacing_tablet":0,"ocean_menu_typo_spacing_mobile":0,"ocean_menu_typo_spacing_unit":"","ocean_menu_link_color":"","ocean_menu_link_color_hover":"","ocean_menu_link_color_active":"","ocean_menu_link_background":"","ocean_menu_link_hover_background":"","ocean_menu_link_active_background":"","ocean_menu_social_links_bg":"","ocean_menu_social_hover_links_bg":"","ocean_menu_social_links_color":"","ocean_menu_social_hover_links_color":"","ocean_disable_title":"default","ocean_disable_heading":"default","ocean_post_title":"","ocean_post_subheading":"","ocean_post_title_style":"","ocean_post_title_background_color":"","ocean_post_title_background":0,"ocean_post_title_bg_image_position":"","ocean_post_title_bg_image_attachment":"","ocean_post_title_bg_image_repeat":"","ocean_post_title_bg_image_size":"","ocean_post_title_height":0,"ocean_post_title_bg_overlay":0.5,"ocean_post_title_bg_overlay_color":"","ocean_disable_breadcrumbs":"default","ocean_breadcrumbs_color":"","ocean_breadcrumbs_separator_color":"","ocean_breadcrumbs_links_color":"","ocean_breadcrumbs_links_hover_color":"","ocean_display_footer_widgets":"default","ocean_display_footer_bottom":"default","ocean_custom_footer_template":""},"eaja_categoria":[],"serie":[],"eaja_componente":[],"class_list":["post-481","eaja","type-eaja","status-publish","has-post-thumbnail","hentry","entry","has-media"],"acf":[],"_links":{"self":[{"href":"https:\/\/sme.goiania.go.gov.br\/conexaoescola\/wp-json\/wp\/v2\/eaja\/481","targetHints":{"allow":["GET"]}}],"collection":[{"href":"https:\/\/sme.goiania.go.gov.br\/conexaoescola\/wp-json\/wp\/v2\/eaja"}],"about":[{"href":"https:\/\/sme.goiania.go.gov.br\/conexaoescola\/wp-json\/wp\/v2\/types\/eaja"}],"author":[{"embeddable":true,"href":"https:\/\/sme.goiania.go.gov.br\/conexaoescola\/wp-json\/wp\/v2\/users\/5"}],"wp:featuredmedia":[{"embeddable":true,"href":"https:\/\/sme.goiania.go.gov.br\/conexaoescola\/wp-json\/wp\/v2\/media\/480"}],"wp:attachment":[{"href":"https:\/\/sme.goiania.go.gov.br\/conexaoescola\/wp-json\/wp\/v2\/media?parent=481"}],"wp:term":[{"taxonomy":"eaja_categoria","embeddable":true,"href":"https:\/\/sme.goiania.go.gov.br\/conexaoescola\/wp-json\/wp\/v2\/eaja_categoria?post=481"},{"taxonomy":"serie","embeddable":true,"href":"https:\/\/sme.goiania.go.gov.br\/conexaoescola\/wp-json\/wp\/v2\/serie?post=481"},{"taxonomy":"eaja_componente","embeddable":true,"href":"https:\/\/sme.goiania.go.gov.br\/conexaoescola\/wp-json\/wp\/v2\/eaja_componente?post=481"}],"curies":[{"name":"wp","href":"https:\/\/api.w.org\/{rel}","templated":true}]}}

Pandemia do Coronavírus

<figure class="wp-block-embed-youtube wp-block-embed is-type-video is-provider-youtube wp-embed-aspect-16-9 wp-has-aspect-ratio"><div class="wp-block-embed__wrapper">
<p class="responsive-video-wrap clr"><iframe title="Pandemia do Coronavirus" width="1200" height="675" src="https://www.youtube.com/embed/JUwXcTdllpI?feature=oembed" frameborder="0" allow="accelerometer; autoplay; encrypted-media; gyroscope; picture-in-picture" allowfullscreen></iframe></p>
</div></figure>



<p class="has-medium-font-size"><br><br>A higiene pessoal é uma importante aliada no combate às doenças, dentre elas, a pandemia do coronavírus. Você sabe qual é a melhor maneira de se proteger desse vírus? Vamos descobrir?<br></p>



<p class="has-medium-font-size">Atividade 1: Assista ao vídeo abaixo. Convide seus familiares para assistir também.</p>



<figure class="wp-block-embed-youtube wp-block-embed is-type-video is-provider-youtube wp-embed-aspect-16-9 wp-has-aspect-ratio"><div class="wp-block-embed__wrapper">
<p class="responsive-video-wrap clr"><iframe title="Álcool gel, líquido ou detergente: qual o mais eficiente para se proteger do coronavírus" width="1200" height="675" src="https://www.youtube.com/embed/n9nyd4dKsZY?feature=oembed" frameborder="0" allow="accelerometer; autoplay; encrypted-media; gyroscope; picture-in-picture" allowfullscreen></iframe></p>
</div></figure>



<p class="has-medium-font-size"><br>Atividade 2: Converse com seus familiares sobre&nbsp; as situações em que temos que utilizar o álcool gel e porque lavar bem as mãos é mais seguro que utilizar o álcool gel.<br></p>



<hr class="wp-block-separator"/>



<p class="has-medium-font-size"><br>Atividade 3: Elabore um texto explicando a importância da higiene pessoal para combater doenças.<br><br></p>



<hr class="wp-block-separator"/>



<p><br><a href="http://sme.goiania.go.gov.br/conexaoescola/page-eaja/eaja-2o-segmento-5a-e-6a-serie/">Eaja – 2° Segmento 5ª a 6ª séries&nbsp;&#8211; Educação Ambiental e Saúde</a></p>
