{"id":4674,"date":"2020-09-21T07:00:00","date_gmt":"2020-09-21T10:00:00","guid":{"rendered":"http:\/\/sme.goiania.go.gov.br\/conexaoescola\/?post_type=eaja&#038;p=4674"},"modified":"2023-02-13T15:10:09","modified_gmt":"2023-02-13T18:10:09","slug":"danca-de-salao-para-a-terceira-idade","status":"publish","type":"eaja","link":"https:\/\/sme.goiania.go.gov.br\/conexaoescola\/eaja\/danca-de-salao-para-a-terceira-idade\/","title":{"rendered":"Educa\u00e7\u00e3o F\u00edsica: DAN\u00c7A DE SAL\u00c3O PARA A TERCEIRA IDADE"},"content":{"rendered":"\n<p class=\"has-cyan-bluish-gray-background-color has-background has-medium-font-size\"><strong>Ol\u00e1! Esta aula de&nbsp;<span class=\"has-inline-color has-vivid-cyan-blue-color\">EDUCA\u00c7\u00c3O F\u00cdSICA<\/span>&nbsp;\u00e9 destinada aos estudantes da&nbsp;&nbsp;<span class=\"has-inline-color has-vivid-cyan-blue-color\">8\u00aa S\u00c9RIE&nbsp;<\/span>da Eja.<\/strong><\/p>\n\n\n\n<p class=\"has-medium-font-size\"><strong>Com a chegada \u00e0 terceira idade, a tend\u00eancia \u00e9 que o corpo humano v\u00e1 perdendo o t\u00f4nus muscular, for\u00e7a e flexibilidade aos poucos. Al\u00e9m disso, o equil\u00edbrio, a mem\u00f3ria e outras fun\u00e7\u00f5es como a audi\u00e7\u00e3o e vis\u00e3o tamb\u00e9m podem ser afetados. Por\u00e9m,&nbsp;praticar dan\u00e7a de sal\u00e3o pode ajudar muito pessoas nessa faixa et\u00e1ria. Nessa atividade iremos conhecer os benef\u00edcios da dan\u00e7a de sal\u00e3o para a terceira idade e dialogar sobre as quest\u00f5es geracionais, de sa\u00fade, de preconceitos, de modismos, de inclus\u00e3o\/exclus\u00e3o.<\/strong><\/p>\n\n\n<div class=\"wp-block-image\">\n<figure class=\"aligncenter size-full\"><img fetchpriority=\"high\" decoding=\"async\" width=\"512\" height=\"276\" src=\"https:\/\/sme.goiania.go.gov.br\/conexaoescola\/wp-content\/uploads\/2020\/09\/unnamed-e1600617739324.jpg\" alt=\"\" class=\"wp-image-4675\" srcset=\"https:\/\/sme.goiania.go.gov.br\/conexaoescola\/wp-content\/uploads\/2020\/09\/unnamed-e1600617739324.jpg 512w, https:\/\/sme.goiania.go.gov.br\/conexaoescola\/wp-content\/uploads\/2020\/09\/unnamed-e1600617739324-300x162.jpg 300w\" sizes=\"(max-width: 512px) 100vw, 512px\" \/><\/figure><\/div>\n\n\n<hr class=\"wp-block-separator has-css-opacity\"\/>\n\n\n\n<p class=\"has-vivid-cyan-blue-background-color has-background has-medium-font-size\"><strong>ATIVIDADE 1<\/strong><\/p>\n\n\n\n<p class=\"has-medium-font-size\">Assista o v\u00eddeo abaixo e conhe\u00e7a alguns dos benef\u00edcios da dan\u00e7a de sal\u00e3o para idosos.<\/p>\n\n\n\n<figure class=\"wp-block-embed is-type-video is-provider-youtube wp-block-embed-youtube wp-embed-aspect-16-9 wp-has-aspect-ratio\"><div class=\"wp-block-embed__wrapper\">\n<p class=\"responsive-video-wrap clr\"><iframe title=\"Os benef\u00edcios da dan\u00e7a na terceira idade.\" width=\"1200\" height=\"675\" src=\"https:\/\/www.youtube.com\/embed\/y3FVoYK7luo?feature=oembed\" frameborder=\"0\" allow=\"accelerometer; autoplay; clipboard-write; encrypted-media; gyroscope; picture-in-picture\" allowfullscreen><\/iframe><\/p>\n<\/div><figcaption class=\"wp-element-caption\">&#8220;Os benef\u00edcios da dan\u00e7a na terceira idade.&#8221; &#8211; Canal: <a href=\"https:\/\/www.youtube.com\/channel\/UCBvAWNV8qMKAg54rQ3qy9uA\">Viver Bem<\/a> &#8211; <br>Fonte: <a href=\"https:\/\/www.youtube.com\/watch?v=y3FVoYK7luo\">https:\/\/www.youtube.com\/watch?v=y3FVoYK7luo<\/a><\/figcaption><\/figure>\n\n\n\n<h2 class=\"has-vivid-cyan-blue-background-color has-background has-medium-font-size wp-block-heading\">Atividade 2<\/h2>\n\n\n\n<p class=\"has-medium-font-size\">Dan\u00e7ar na terceira idade faz bem \u00e0 sa\u00fade. Para aprofundar seu conhecimento sobre esse tema, leia o texto, disponibilizado no link abaixo:<\/p>\n\n\n\n<p class=\"has-text-align-center has-medium-font-size\"><a href=\"https:\/\/f5.folha.uol.com.br\/viva-bem\/2018\/09\/danca-na-terceira-idade-faz-bem-a-saude-evita-a-solidao-e-isolamento-confira-roteiro-de-bailes.shtml\">F5 &#8211; Viva Bem &#8211; Dan\u00e7a na terceira idade faz bem \u00e0 sa\u00fade, evita a solid\u00e3o e isolamento; confira roteiro de bailes &#8211; 02\/09\/2018 (uol.com.br)<\/a><\/p>\n\n\n\n<p class=\"has-medium-font-size\">Mediante a leitura do texto, responda em seu caderno:<\/p>\n\n\n\n<ul class=\"wp-block-list\">\n<li>Quais os cuidados b\u00e1sicos a serem observado pelos praticantes antes do iniciar a da dan\u00e7a de sal\u00e3o? <\/li>\n\n\n\n<li>Qual o potencial socializador da dan\u00e7a de sal\u00e3o no combate a solid\u00e3o e ao isolamento social?<\/li>\n<\/ul>\n\n\n\n<hr class=\"wp-block-separator has-css-opacity\"\/>\n\n\n\n<p class=\"has-cyan-bluish-gray-background-color has-background has-medium-font-size\"><strong>Professor, essa aula segue a Matriz Estruturante para a Eaja 2021. Foi elaborada no ano de 2020, com a suspens\u00e3o das aulas presenciais devido a pandemia da Covid-19 e segue as orienta\u00e7\u00f5es de flexibiliza\u00e7\u00e3o curricular para o bi\u00eanio 2020\/2021 (Of\u00edcio Circular 149\/2020 Dirped).<\/strong><\/p>\n\n\n\n<figure class=\"wp-block-table alignfull is-style-regular\"><table><tbody><tr><td><strong>Componente<\/strong> Curricular<\/td><td><strong>Objetivo de Aprendizagem e Desenvolvimento<\/strong><\/td><\/tr><tr><td>Educa\u00e7\u00e3o F\u00edsica<\/td><td>(EAJAEF0828) Dialogar sobre as quest\u00f5es geracionais, de sa\u00fade, de preconceitos, de modismos, de inclus\u00e3o\/exclus\u00e3o, de g\u00eanero e viol\u00eancia presente na dan\u00e7a, propondo compreens\u00e3o e supera\u00e7\u00e3o dos mesmos.<\/td><\/tr><\/tbody><\/table><\/figure>\n\n\n\n<p><\/p>\n","protected":false},"author":27,"featured_media":4675,"template":"","meta":{"_acf_changed":false,"ocean_post_layout":"","ocean_both_sidebars_style":"","ocean_both_sidebars_content_width":0,"ocean_both_sidebars_sidebars_width":0,"ocean_sidebar":"","ocean_second_sidebar":"","ocean_disable_margins":"enable","ocean_add_body_class":"","ocean_shortcode_before_top_bar":"","ocean_shortcode_after_top_bar":"","ocean_shortcode_before_header":"","ocean_shortcode_after_header":"","ocean_has_shortcode":"","ocean_shortcode_after_title":"","ocean_shortcode_before_footer_widgets":"","ocean_shortcode_after_footer_widgets":"","ocean_shortcode_before_footer_bottom":"","ocean_shortcode_after_footer_bottom":"","ocean_display_top_bar":"default","ocean_display_header":"default","ocean_header_style":"","ocean_center_header_left_menu":"","ocean_custom_header_template":"","ocean_custom_logo":0,"ocean_custom_retina_logo":0,"ocean_custom_logo_max_width":0,"ocean_custom_logo_tablet_max_width":0,"ocean_custom_logo_mobile_max_width":0,"ocean_custom_logo_max_height":0,"ocean_custom_logo_tablet_max_height":0,"ocean_custom_logo_mobile_max_height":0,"ocean_header_custom_menu":"","ocean_menu_typo_font_family":"","ocean_menu_typo_font_subset":"","ocean_menu_typo_font_size":0,"ocean_menu_typo_font_size_tablet":0,"ocean_menu_typo_font_size_mobile":0,"ocean_menu_typo_font_size_unit":"px","ocean_menu_typo_font_weight":"","ocean_menu_typo_font_weight_tablet":"","ocean_menu_typo_font_weight_mobile":"","ocean_menu_typo_transform":"","ocean_menu_typo_transform_tablet":"","ocean_menu_typo_transform_mobile":"","ocean_menu_typo_line_height":0,"ocean_menu_typo_line_height_tablet":0,"ocean_menu_typo_line_height_mobile":0,"ocean_menu_typo_line_height_unit":"","ocean_menu_typo_spacing":0,"ocean_menu_typo_spacing_tablet":0,"ocean_menu_typo_spacing_mobile":0,"ocean_menu_typo_spacing_unit":"","ocean_menu_link_color":"","ocean_menu_link_color_hover":"","ocean_menu_link_color_active":"","ocean_menu_link_background":"","ocean_menu_link_hover_background":"","ocean_menu_link_active_background":"","ocean_menu_social_links_bg":"","ocean_menu_social_hover_links_bg":"","ocean_menu_social_links_color":"","ocean_menu_social_hover_links_color":"","ocean_disable_title":"default","ocean_disable_heading":"default","ocean_post_title":"","ocean_post_subheading":"","ocean_post_title_style":"","ocean_post_title_background_color":"","ocean_post_title_background":0,"ocean_post_title_bg_image_position":"","ocean_post_title_bg_image_attachment":"","ocean_post_title_bg_image_repeat":"","ocean_post_title_bg_image_size":"","ocean_post_title_height":0,"ocean_post_title_bg_overlay":0.5,"ocean_post_title_bg_overlay_color":"","ocean_disable_breadcrumbs":"default","ocean_breadcrumbs_color":"","ocean_breadcrumbs_separator_color":"","ocean_breadcrumbs_links_color":"","ocean_breadcrumbs_links_hover_color":"","ocean_display_footer_widgets":"default","ocean_display_footer_bottom":"default","ocean_custom_footer_template":""},"eaja_categoria":[69],"serie":[100],"eaja_componente":[81],"class_list":["post-4674","eaja","type-eaja","status-publish","has-post-thumbnail","hentry","eaja_categoria-2o-segmento-7a-e-8a-serie","serie-8a-serie","eaja_componente-educacao-fisica","entry","has-media"],"acf":[],"_links":{"self":[{"href":"https:\/\/sme.goiania.go.gov.br\/conexaoescola\/wp-json\/wp\/v2\/eaja\/4674","targetHints":{"allow":["GET"]}}],"collection":[{"href":"https:\/\/sme.goiania.go.gov.br\/conexaoescola\/wp-json\/wp\/v2\/eaja"}],"about":[{"href":"https:\/\/sme.goiania.go.gov.br\/conexaoescola\/wp-json\/wp\/v2\/types\/eaja"}],"author":[{"embeddable":true,"href":"https:\/\/sme.goiania.go.gov.br\/conexaoescola\/wp-json\/wp\/v2\/users\/27"}],"wp:featuredmedia":[{"embeddable":true,"href":"https:\/\/sme.goiania.go.gov.br\/conexaoescola\/wp-json\/wp\/v2\/media\/4675"}],"wp:attachment":[{"href":"https:\/\/sme.goiania.go.gov.br\/conexaoescola\/wp-json\/wp\/v2\/media?parent=4674"}],"wp:term":[{"taxonomy":"eaja_categoria","embeddable":true,"href":"https:\/\/sme.goiania.go.gov.br\/conexaoescola\/wp-json\/wp\/v2\/eaja_categoria?post=4674"},{"taxonomy":"serie","embeddable":true,"href":"https:\/\/sme.goiania.go.gov.br\/conexaoescola\/wp-json\/wp\/v2\/serie?post=4674"},{"taxonomy":"eaja_componente","embeddable":true,"href":"https:\/\/sme.goiania.go.gov.br\/conexaoescola\/wp-json\/wp\/v2\/eaja_componente?post=4674"}],"curies":[{"name":"wp","href":"https:\/\/api.w.org\/{rel}","templated":true}]}}

Educação Física: DANÇA DE SALÃO PARA A TERCEIRA IDADE

<p class="has-cyan-bluish-gray-background-color has-background has-medium-font-size"><strong>Olá! Esta aula de&nbsp;<span class="has-inline-color has-vivid-cyan-blue-color">EDUCAÇÃO FÍSICA</span>&nbsp;é destinada aos estudantes da&nbsp;&nbsp;<span class="has-inline-color has-vivid-cyan-blue-color">8ª SÉRIE&nbsp;</span>da Eja.</strong></p>



<p class="has-medium-font-size"><strong>Com a chegada à terceira idade, a tendência é que o corpo humano vá perdendo o tônus muscular, força e flexibilidade aos poucos. Além disso, o equilíbrio, a memória e outras funções como a audição e visão também podem ser afetados. Porém,&nbsp;praticar dança de salão pode ajudar muito pessoas nessa faixa etária. Nessa atividade iremos conhecer os benefícios da dança de salão para a terceira idade e dialogar sobre as questões geracionais, de saúde, de preconceitos, de modismos, de inclusão/exclusão.</strong></p>


<div class="wp-block-image">
<figure class="aligncenter size-full"><img fetchpriority="high" decoding="async" width="512" height="276" src="https://sme.goiania.go.gov.br/conexaoescola/wp-content/uploads/2020/09/unnamed-e1600617739324.jpg" alt="" class="wp-image-4675" srcset="https://sme.goiania.go.gov.br/conexaoescola/wp-content/uploads/2020/09/unnamed-e1600617739324.jpg 512w, https://sme.goiania.go.gov.br/conexaoescola/wp-content/uploads/2020/09/unnamed-e1600617739324-300x162.jpg 300w" sizes="(max-width: 512px) 100vw, 512px" /></figure></div>


<hr class="wp-block-separator has-css-opacity"/>



<p class="has-vivid-cyan-blue-background-color has-background has-medium-font-size"><strong>ATIVIDADE 1</strong></p>



<p class="has-medium-font-size">Assista o vídeo abaixo e conheça alguns dos benefícios da dança de salão para idosos.</p>



<figure class="wp-block-embed is-type-video is-provider-youtube wp-block-embed-youtube wp-embed-aspect-16-9 wp-has-aspect-ratio"><div class="wp-block-embed__wrapper">
<p class="responsive-video-wrap clr"><iframe title="Os benefícios da dança na terceira idade." width="1200" height="675" src="https://www.youtube.com/embed/y3FVoYK7luo?feature=oembed" frameborder="0" allow="accelerometer; autoplay; clipboard-write; encrypted-media; gyroscope; picture-in-picture" allowfullscreen></iframe></p>
</div><figcaption class="wp-element-caption">&#8220;Os benefícios da dança na terceira idade.&#8221; &#8211; Canal: <a href="https://www.youtube.com/channel/UCBvAWNV8qMKAg54rQ3qy9uA">Viver Bem</a> &#8211; <br>Fonte: <a href="https://www.youtube.com/watch?v=y3FVoYK7luo">https://www.youtube.com/watch?v=y3FVoYK7luo</a></figcaption></figure>



<h2 class="has-vivid-cyan-blue-background-color has-background has-medium-font-size wp-block-heading">Atividade 2</h2>



<p class="has-medium-font-size">Dançar na terceira idade faz bem à saúde. Para aprofundar seu conhecimento sobre esse tema, leia o texto, disponibilizado no link abaixo:</p>



<p class="has-text-align-center has-medium-font-size"><a href="https://f5.folha.uol.com.br/viva-bem/2018/09/danca-na-terceira-idade-faz-bem-a-saude-evita-a-solidao-e-isolamento-confira-roteiro-de-bailes.shtml">F5 &#8211; Viva Bem &#8211; Dança na terceira idade faz bem à saúde, evita a solidão e isolamento; confira roteiro de bailes &#8211; 02/09/2018 (uol.com.br)</a></p>



<p class="has-medium-font-size">Mediante a leitura do texto, responda em seu caderno:</p>



<ul class="wp-block-list">
<li>Quais os cuidados básicos a serem observado pelos praticantes antes do iniciar a da dança de salão? </li>



<li>Qual o potencial socializador da dança de salão no combate a solidão e ao isolamento social?</li>
</ul>



<hr class="wp-block-separator has-css-opacity"/>



<p class="has-cyan-bluish-gray-background-color has-background has-medium-font-size"><strong>Professor, essa aula segue a Matriz Estruturante para a Eaja 2021. Foi elaborada no ano de 2020, com a suspensão das aulas presenciais devido a pandemia da Covid-19 e segue as orientações de flexibilização curricular para o biênio 2020/2021 (Ofício Circular 149/2020 Dirped).</strong></p>



<figure class="wp-block-table alignfull is-style-regular"><table><tbody><tr><td><strong>Componente</strong> Curricular</td><td><strong>Objetivo de Aprendizagem e Desenvolvimento</strong></td></tr><tr><td>Educação Física</td><td>(EAJAEF0828) Dialogar sobre as questões geracionais, de saúde, de preconceitos, de modismos, de inclusão/exclusão, de gênero e violência presente na dança, propondo compreensão e superação dos mesmos.</td></tr></tbody></table></figure>



<p></p>
