{"id":4637,"date":"2020-09-21T07:00:00","date_gmt":"2020-09-21T10:00:00","guid":{"rendered":"http:\/\/sme.goiania.go.gov.br\/conexaoescola\/?post_type=eaja&#038;p=4637"},"modified":"2021-11-05T09:51:10","modified_gmt":"2021-11-05T12:51:10","slug":"redes-sociais-trabalho-e-exclusao-digital","status":"publish","type":"eaja","link":"https:\/\/sme.goiania.go.gov.br\/conexaoescola\/eaja\/redes-sociais-trabalho-e-exclusao-digital\/","title":{"rendered":"Redes sociais, trabalho e exclus\u00e3o digital"},"content":{"rendered":"\n<p class=\"has-drop-cap has-black-color has-pale-pink-background-color has-text-color has-background has-medium-font-size\">Ol\u00e1! Voc\u00ea utiliza redes sociais? Muitas pessoas t\u00eam utilizado WhatApp, Instagram, Facebook etc.&nbsp; Voc\u00ea j\u00e1 parou para pensar que \u00e9 poss\u00edvel utilizar essas redes sociais para inovar seu trabalho? No entanto, \u00e9 preciso cuidado com o que voc\u00ea posta nas redes, pois fala muito sobre voc\u00ea. Mesmo com todo esse acesso dispon\u00edvel, ainda existem pessoas que est\u00e3o exclu\u00eddas digitalmente.<\/p>\n\n\n\n<p class=\"has-black-color has-luminous-vivid-amber-background-color has-text-color has-background has-medium-font-size\">O acesso a internet, \u00e0s redes sociais tem sido algo muito frequente, facilitando a vida de muitas pessoas, o contato com a fam\u00edlia, amigos, trabalho e \u00e0s vezes, at\u00e9 aumentando o lucro de algumas pessoas. No entanto, nem todas as pessoas possuem redes sociais, ou mesmo acesso a internet no Brasil, gerando uma exclus\u00e3o digital.<\/p>\n\n\n\n<hr class=\"wp-block-separator has-text-color has-background has-vivid-red-background-color has-vivid-red-color\"\/>\n\n\n\n<p class=\"has-medium-font-size\">Assista ao v\u00eddeo abaixo: \u201cRede sociais X Processos seletivos\u201d<\/p>\n\n\n\n<figure class=\"wp-block-embed is-type-video is-provider-youtube wp-block-embed-youtube wp-embed-aspect-16-9 wp-has-aspect-ratio\"><div class=\"wp-block-embed__wrapper\">\n<p class=\"responsive-video-wrap clr\"><iframe title=\"Redes sociais X processos seletivos\" width=\"1200\" height=\"675\" src=\"https:\/\/www.youtube.com\/embed\/5Ul-YZSGc9M?feature=oembed\" frameborder=\"0\" allow=\"accelerometer; autoplay; clipboard-write; encrypted-media; gyroscope; picture-in-picture\" allowfullscreen><\/iframe><\/p>\n<\/div><figcaption>&#8220;Redes sociais X processos seletivos&#8221; &#8211; Canal: <a href=\"https:\/\/www.youtube.com\/channel\/UCjpYp5u7oFm3t-SZgLqjuCQ\">inteligemcia<\/a> &#8211; <br>Link: https:\/\/www.youtube.com\/watch?v=5Ul-YZSGc9M<\/figcaption><\/figure>\n\n\n\n<p class=\"has-medium-font-size\">\u25cf &nbsp; &nbsp; Voc\u00ea tem redes sociais? Quais?<\/p>\n\n\n\n<p class=\"has-medium-font-size\">\u25cf &nbsp; &nbsp; Sobre quais assuntos voc\u00ea mais fala em suas redes sociais?<\/p>\n\n\n\n<p class=\"has-medium-font-size\">\u25cf &nbsp; &nbsp; Voc\u00ea verifica se a mensagem que voc\u00ea compartilha \u00e9 de fonte segura, antes de pass\u00e1-la para frente?\u25cf &nbsp; &nbsp; Voc\u00ea coloca suas habilidades profissionais nas redes sociais?<\/p>\n\n\n\n<hr class=\"wp-block-separator has-text-color has-background has-vivid-red-background-color has-vivid-red-color\"\/>\n\n\n\n<p class=\"has-black-color has-vivid-cyan-blue-background-color has-text-color has-background has-medium-font-size\">Observe as charges abaixo:<\/p>\n\n\n\n<div class=\"wp-block-image\"><figure class=\"aligncenter size-large is-resized\"><img fetchpriority=\"high\" decoding=\"async\" src=\"https:\/\/blogkarinenascimento.files.wordpress.com\/2016\/09\/d.jpg?w=383&amp;h=295\" alt=\"\" width=\"581\" height=\"447\"\/><figcaption>Reprodu\u00e7\u00e3o &#8211; Link: <a href=\"https:\/\/blogkarinenascimento.files.wordpress.com\/2016\/09\/d.jpg?w=383&amp;h=295\">https:\/\/blogkarinenascimento.files.wordpress.com\/2016\/09\/d.jpg?w=383&amp;h=29<\/a><\/figcaption><\/figure><\/div>\n\n\n\n<div class=\"wp-block-image\"><figure class=\"aligncenter size-large\"><img decoding=\"async\" src=\"https:\/\/www.imaginie.com.br\/wp-content\/uploads\/2020\/04\/image2.jpg\" alt=\"\"\/><figcaption>Reprodu\u00e7\u00e3o &#8211; Link: https:\/\/www.imaginie.com.br\/wp-content\/uploads\/2020\/04\/image2.jpg<\/figcaption><\/figure><\/div>\n\n\n\n<p class=\"has-medium-font-size\">\u25cf &nbsp; &nbsp; O que voc\u00ea v\u00ea nessas nas charges?<\/p>\n\n\n\n<p class=\"has-medium-font-size\">\u25cf &nbsp; &nbsp; Na sua opini\u00e3o, por que algumas pessoas n\u00e3o t\u00eam acesso a internet?<\/p>\n\n\n\n<p class=\"has-medium-font-size\">\u25cf &nbsp; &nbsp; Como poder\u00edamos diminuir essa desigualdade digital?<\/p>\n\n\n\n<hr class=\"wp-block-separator has-text-color has-background has-vivid-red-background-color has-vivid-red-color\"\/>\n\n\n\n<p class=\"has-medium-font-size\">Observe o texto do YouTube, apresentado abaixo:<\/p>\n\n\n\n<figure class=\"wp-block-image size-large\"><img decoding=\"async\" width=\"955\" height=\"223\" src=\"http:\/\/sme.goiania.go.gov.br\/conexaoescola\/wp-content\/uploads\/2020\/09\/2020-09-19-e1600532666770.png\" alt=\"\" class=\"wp-image-4639\" srcset=\"https:\/\/sme.goiania.go.gov.br\/conexaoescola\/wp-content\/uploads\/2020\/09\/2020-09-19-e1600532666770.png 955w, https:\/\/sme.goiania.go.gov.br\/conexaoescola\/wp-content\/uploads\/2020\/09\/2020-09-19-e1600532666770-300x70.png 300w, https:\/\/sme.goiania.go.gov.br\/conexaoescola\/wp-content\/uploads\/2020\/09\/2020-09-19-e1600532666770-768x179.png 768w\" sizes=\"(max-width: 955px) 100vw, 955px\" \/><\/figure>\n\n\n\n<p class=\"has-text-align-left has-medium-font-size\">Fonte:<a href=\"https:\/\/www.youtube.com\/results?search_query=vovo+ana+maria+\"> https:\/\/www.youtube.com\/results?search_query=vovo+ana+maria+<\/a><\/p>\n\n\n\n<p class=\"has-light-green-cyan-background-color has-background has-medium-font-size\">Escreva em seu caderno:<\/p>\n\n\n\n<p class=\"has-medium-font-size\">\u25cf &nbsp; &nbsp; Qual o nome da personagem acima?<\/p>\n\n\n\n<p class=\"has-medium-font-size\">\u25cf &nbsp; &nbsp; Quantas pessoas est\u00e3o inscritas nesse canal?<\/p>\n\n\n\n<p class=\"has-medium-font-size\">\u25cf &nbsp; &nbsp; Quantos v\u00eddeos foram postados?<\/p>\n\n\n\n<p class=\"has-medium-font-size\">\u25cf &nbsp; &nbsp; Que palavras Vov\u00f3 Ana utiliza para incentivar as pessoas a inscreverem em seu canal?<\/p>\n\n\n\n<p class=\"has-medium-font-size\">\u25cf &nbsp; &nbsp; Voc\u00ea acredita que a Vov\u00f3 Ana Maria pode se beneficiar de alguma forma postando suas receitas no YouTube?<\/p>\n\n\n\n<hr class=\"wp-block-separator has-text-color has-background has-vivid-red-background-color has-vivid-red-color\"\/>\n\n\n\n<p class=\"has-luminous-vivid-orange-background-color has-background has-medium-font-size\">Escreva no seu caderno um pequeno texto:<\/p>\n\n\n\n<p class=\"has-medium-font-size\">\u25cf &nbsp; &nbsp; Imagine que voc\u00ea foi convidado(a) para fazer um v\u00eddeo para o YouTube.<\/p>\n\n\n\n<p class=\"has-medium-font-size\">\u25cf &nbsp; &nbsp; O que voc\u00ea apresentaria?<\/p>\n\n\n\n<p class=\"has-medium-font-size\">\u25cf &nbsp; &nbsp; Quais as suas habilidades&nbsp; que voc\u00ea poderia contribuir com outras pessoas?<\/p>\n\n\n\n<p class=\"has-medium-font-size\">\u25cf &nbsp; &nbsp; O trabalho que voc\u00ea realiza hoje \u00e9 realmente o que voc\u00ea deseja fazer?<\/p>\n\n\n\n<hr class=\"wp-block-separator has-text-color has-background has-vivid-red-background-color has-vivid-red-color\"\/>\n\n\n\n<figure class=\"wp-block-table alignfull\"><table><tbody><tr><td>Componentes<\/td><td>Objetivos de Aprendizagem e Desenvolvimento<\/td><\/tr><tr><td>Hist\u00f3ria<\/td><td>&#8211; Relatar suas experi\u00eancias no mundo do trabalho em compara\u00e7\u00e3o com experi\u00eancias de demais sujeitos: que se aproximam ou se distanciam do ponto de vista de classe social.<br>&#8211; Relacionar desenvolvimento tecnol\u00f3gico, atividades produtivas, valor da hora trabalhada, trabalho e desemprego.<br>&#8211; Relacionar desenvolvimento tecnol\u00f3gico, atividades produtivas, valor da hora trabalhada, trabalho e desemprego.<\/td><\/tr><tr><td>L\u00edngua Portuguesa<\/td><td>&#8211; Desenvolver antecipa\u00e7\u00f5es de hip\u00f3teses textuais, com base em conhecimentos pr\u00e9vios, informa\u00e7\u00f5es impl\u00edcitas ou suposi\u00e7\u00f5es.<br>&#8211; Ler e compreender recursos gr\u00e1fico-visuais, digitais e impressos, relacionando-os a linguagem verbal.<br>&#8211; Utilizar textos multissemi\u00f3ticos, relacionando-os com ilustra\u00e7\u00f5es e outros recursos gr\u00e1ficos.<br>&#8211; Identificar os tipos textuais que circulam socialmente.<br>&#8211; Planejar e produzir textos considerando sua situa\u00e7\u00e3o comunicativa.<br>&#8211; Identificar os tipos textuais que circulam socialmente.<br>&#8211; Produzir texto de forma aut\u00f4noma, considerando o tema e a linguagem adequada ao g\u00eanero textual.<br>&#8211; Identificar as finalidades e fun\u00e7\u00f5es de textos a partir dos suportes.<\/td><\/tr><\/tbody><\/table><\/figure>\n","protected":false},"author":26,"featured_media":4638,"template":"","meta":{"_acf_changed":false,"ocean_post_layout":"","ocean_both_sidebars_style":"","ocean_both_sidebars_content_width":0,"ocean_both_sidebars_sidebars_width":0,"ocean_sidebar":"","ocean_second_sidebar":"","ocean_disable_margins":"enable","ocean_add_body_class":"","ocean_shortcode_before_top_bar":"","ocean_shortcode_after_top_bar":"","ocean_shortcode_before_header":"","ocean_shortcode_after_header":"","ocean_has_shortcode":"","ocean_shortcode_after_title":"","ocean_shortcode_before_footer_widgets":"","ocean_shortcode_after_footer_widgets":"","ocean_shortcode_before_footer_bottom":"","ocean_shortcode_after_footer_bottom":"","ocean_display_top_bar":"default","ocean_display_header":"default","ocean_header_style":"","ocean_center_header_left_menu":"","ocean_custom_header_template":"","ocean_custom_logo":0,"ocean_custom_retina_logo":0,"ocean_custom_logo_max_width":0,"ocean_custom_logo_tablet_max_width":0,"ocean_custom_logo_mobile_max_width":0,"ocean_custom_logo_max_height":0,"ocean_custom_logo_tablet_max_height":0,"ocean_custom_logo_mobile_max_height":0,"ocean_header_custom_menu":"","ocean_menu_typo_font_family":"","ocean_menu_typo_font_subset":"","ocean_menu_typo_font_size":0,"ocean_menu_typo_font_size_tablet":0,"ocean_menu_typo_font_size_mobile":0,"ocean_menu_typo_font_size_unit":"px","ocean_menu_typo_font_weight":"","ocean_menu_typo_font_weight_tablet":"","ocean_menu_typo_font_weight_mobile":"","ocean_menu_typo_transform":"","ocean_menu_typo_transform_tablet":"","ocean_menu_typo_transform_mobile":"","ocean_menu_typo_line_height":0,"ocean_menu_typo_line_height_tablet":0,"ocean_menu_typo_line_height_mobile":0,"ocean_menu_typo_line_height_unit":"","ocean_menu_typo_spacing":0,"ocean_menu_typo_spacing_tablet":0,"ocean_menu_typo_spacing_mobile":0,"ocean_menu_typo_spacing_unit":"","ocean_menu_link_color":"","ocean_menu_link_color_hover":"","ocean_menu_link_color_active":"","ocean_menu_link_background":"","ocean_menu_link_hover_background":"","ocean_menu_link_active_background":"","ocean_menu_social_links_bg":"","ocean_menu_social_hover_links_bg":"","ocean_menu_social_links_color":"","ocean_menu_social_hover_links_color":"","ocean_disable_title":"default","ocean_disable_heading":"default","ocean_post_title":"","ocean_post_subheading":"","ocean_post_title_style":"","ocean_post_title_background_color":"","ocean_post_title_background":0,"ocean_post_title_bg_image_position":"","ocean_post_title_bg_image_attachment":"","ocean_post_title_bg_image_repeat":"","ocean_post_title_bg_image_size":"","ocean_post_title_height":0,"ocean_post_title_bg_overlay":0.5,"ocean_post_title_bg_overlay_color":"","ocean_disable_breadcrumbs":"default","ocean_breadcrumbs_color":"","ocean_breadcrumbs_separator_color":"","ocean_breadcrumbs_links_color":"","ocean_breadcrumbs_links_hover_color":"","ocean_display_footer_widgets":"default","ocean_display_footer_bottom":"default","ocean_custom_footer_template":""},"eaja_categoria":[4],"serie":[71],"eaja_componente":[79,77],"class_list":["post-4637","eaja","type-eaja","status-publish","has-post-thumbnail","hentry","eaja_categoria-1o-segmento-1a-a-4a-serie","serie-2a-serie","eaja_componente-historia","eaja_componente-lingua-portuguesa","entry","has-media"],"acf":[],"_links":{"self":[{"href":"https:\/\/sme.goiania.go.gov.br\/conexaoescola\/wp-json\/wp\/v2\/eaja\/4637","targetHints":{"allow":["GET"]}}],"collection":[{"href":"https:\/\/sme.goiania.go.gov.br\/conexaoescola\/wp-json\/wp\/v2\/eaja"}],"about":[{"href":"https:\/\/sme.goiania.go.gov.br\/conexaoescola\/wp-json\/wp\/v2\/types\/eaja"}],"author":[{"embeddable":true,"href":"https:\/\/sme.goiania.go.gov.br\/conexaoescola\/wp-json\/wp\/v2\/users\/26"}],"wp:featuredmedia":[{"embeddable":true,"href":"https:\/\/sme.goiania.go.gov.br\/conexaoescola\/wp-json\/wp\/v2\/media\/4638"}],"wp:attachment":[{"href":"https:\/\/sme.goiania.go.gov.br\/conexaoescola\/wp-json\/wp\/v2\/media?parent=4637"}],"wp:term":[{"taxonomy":"eaja_categoria","embeddable":true,"href":"https:\/\/sme.goiania.go.gov.br\/conexaoescola\/wp-json\/wp\/v2\/eaja_categoria?post=4637"},{"taxonomy":"serie","embeddable":true,"href":"https:\/\/sme.goiania.go.gov.br\/conexaoescola\/wp-json\/wp\/v2\/serie?post=4637"},{"taxonomy":"eaja_componente","embeddable":true,"href":"https:\/\/sme.goiania.go.gov.br\/conexaoescola\/wp-json\/wp\/v2\/eaja_componente?post=4637"}],"curies":[{"name":"wp","href":"https:\/\/api.w.org\/{rel}","templated":true}]}}

Redes sociais, trabalho e exclusão digital

<p class="has-drop-cap has-black-color has-pale-pink-background-color has-text-color has-background has-medium-font-size">Olá! Você utiliza redes sociais? Muitas pessoas têm utilizado WhatApp, Instagram, Facebook etc.&nbsp; Você já parou para pensar que é possível utilizar essas redes sociais para inovar seu trabalho? No entanto, é preciso cuidado com o que você posta nas redes, pois fala muito sobre você. Mesmo com todo esse acesso disponível, ainda existem pessoas que estão excluídas digitalmente.</p>



<p class="has-black-color has-luminous-vivid-amber-background-color has-text-color has-background has-medium-font-size">O acesso a internet, às redes sociais tem sido algo muito frequente, facilitando a vida de muitas pessoas, o contato com a família, amigos, trabalho e às vezes, até aumentando o lucro de algumas pessoas. No entanto, nem todas as pessoas possuem redes sociais, ou mesmo acesso a internet no Brasil, gerando uma exclusão digital.</p>



<hr class="wp-block-separator has-text-color has-background has-vivid-red-background-color has-vivid-red-color"/>



<p class="has-medium-font-size">Assista ao vídeo abaixo: “Rede sociais X Processos seletivos”</p>



<figure class="wp-block-embed is-type-video is-provider-youtube wp-block-embed-youtube wp-embed-aspect-16-9 wp-has-aspect-ratio"><div class="wp-block-embed__wrapper">
<p class="responsive-video-wrap clr"><iframe title="Redes sociais X processos seletivos" width="1200" height="675" src="https://www.youtube.com/embed/5Ul-YZSGc9M?feature=oembed" frameborder="0" allow="accelerometer; autoplay; clipboard-write; encrypted-media; gyroscope; picture-in-picture" allowfullscreen></iframe></p>
</div><figcaption>&#8220;Redes sociais X processos seletivos&#8221; &#8211; Canal: <a href="https://www.youtube.com/channel/UCjpYp5u7oFm3t-SZgLqjuCQ">inteligemcia</a> &#8211; <br>Link: https://www.youtube.com/watch?v=5Ul-YZSGc9M</figcaption></figure>



<p class="has-medium-font-size">● &nbsp; &nbsp; Você tem redes sociais? Quais?</p>



<p class="has-medium-font-size">● &nbsp; &nbsp; Sobre quais assuntos você mais fala em suas redes sociais?</p>



<p class="has-medium-font-size">● &nbsp; &nbsp; Você verifica se a mensagem que você compartilha é de fonte segura, antes de passá-la para frente?● &nbsp; &nbsp; Você coloca suas habilidades profissionais nas redes sociais?</p>



<hr class="wp-block-separator has-text-color has-background has-vivid-red-background-color has-vivid-red-color"/>



<p class="has-black-color has-vivid-cyan-blue-background-color has-text-color has-background has-medium-font-size">Observe as charges abaixo:</p>



<div class="wp-block-image"><figure class="aligncenter size-large is-resized"><img fetchpriority="high" decoding="async" src="https://blogkarinenascimento.files.wordpress.com/2016/09/d.jpg?w=383&amp;h=295" alt="" width="581" height="447"/><figcaption>Reprodução &#8211; Link: <a href="https://blogkarinenascimento.files.wordpress.com/2016/09/d.jpg?w=383&amp;h=295">https://blogkarinenascimento.files.wordpress.com/2016/09/d.jpg?w=383&amp;h=29</a></figcaption></figure></div>



<div class="wp-block-image"><figure class="aligncenter size-large"><img decoding="async" src="https://www.imaginie.com.br/wp-content/uploads/2020/04/image2.jpg" alt=""/><figcaption>Reprodução &#8211; Link: https://www.imaginie.com.br/wp-content/uploads/2020/04/image2.jpg</figcaption></figure></div>



<p class="has-medium-font-size">● &nbsp; &nbsp; O que você vê nessas nas charges?</p>



<p class="has-medium-font-size">● &nbsp; &nbsp; Na sua opinião, por que algumas pessoas não têm acesso a internet?</p>



<p class="has-medium-font-size">● &nbsp; &nbsp; Como poderíamos diminuir essa desigualdade digital?</p>



<hr class="wp-block-separator has-text-color has-background has-vivid-red-background-color has-vivid-red-color"/>



<p class="has-medium-font-size">Observe o texto do YouTube, apresentado abaixo:</p>



<figure class="wp-block-image size-large"><img decoding="async" width="955" height="223" src="http://sme.goiania.go.gov.br/conexaoescola/wp-content/uploads/2020/09/2020-09-19-e1600532666770.png" alt="" class="wp-image-4639" srcset="https://sme.goiania.go.gov.br/conexaoescola/wp-content/uploads/2020/09/2020-09-19-e1600532666770.png 955w, https://sme.goiania.go.gov.br/conexaoescola/wp-content/uploads/2020/09/2020-09-19-e1600532666770-300x70.png 300w, https://sme.goiania.go.gov.br/conexaoescola/wp-content/uploads/2020/09/2020-09-19-e1600532666770-768x179.png 768w" sizes="(max-width: 955px) 100vw, 955px" /></figure>



<p class="has-text-align-left has-medium-font-size">Fonte:<a href="https://www.youtube.com/results?search_query=vovo+ana+maria+"> https://www.youtube.com/results?search_query=vovo+ana+maria+</a></p>



<p class="has-light-green-cyan-background-color has-background has-medium-font-size">Escreva em seu caderno:</p>



<p class="has-medium-font-size">● &nbsp; &nbsp; Qual o nome da personagem acima?</p>



<p class="has-medium-font-size">● &nbsp; &nbsp; Quantas pessoas estão inscritas nesse canal?</p>



<p class="has-medium-font-size">● &nbsp; &nbsp; Quantos vídeos foram postados?</p>



<p class="has-medium-font-size">● &nbsp; &nbsp; Que palavras Vovó Ana utiliza para incentivar as pessoas a inscreverem em seu canal?</p>



<p class="has-medium-font-size">● &nbsp; &nbsp; Você acredita que a Vovó Ana Maria pode se beneficiar de alguma forma postando suas receitas no YouTube?</p>



<hr class="wp-block-separator has-text-color has-background has-vivid-red-background-color has-vivid-red-color"/>



<p class="has-luminous-vivid-orange-background-color has-background has-medium-font-size">Escreva no seu caderno um pequeno texto:</p>



<p class="has-medium-font-size">● &nbsp; &nbsp; Imagine que você foi convidado(a) para fazer um vídeo para o YouTube.</p>



<p class="has-medium-font-size">● &nbsp; &nbsp; O que você apresentaria?</p>



<p class="has-medium-font-size">● &nbsp; &nbsp; Quais as suas habilidades&nbsp; que você poderia contribuir com outras pessoas?</p>



<p class="has-medium-font-size">● &nbsp; &nbsp; O trabalho que você realiza hoje é realmente o que você deseja fazer?</p>



<hr class="wp-block-separator has-text-color has-background has-vivid-red-background-color has-vivid-red-color"/>



<figure class="wp-block-table alignfull"><table><tbody><tr><td>Componentes</td><td>Objetivos de Aprendizagem e Desenvolvimento</td></tr><tr><td>História</td><td>&#8211; Relatar suas experiências no mundo do trabalho em comparação com experiências de demais sujeitos: que se aproximam ou se distanciam do ponto de vista de classe social.<br>&#8211; Relacionar desenvolvimento tecnológico, atividades produtivas, valor da hora trabalhada, trabalho e desemprego.<br>&#8211; Relacionar desenvolvimento tecnológico, atividades produtivas, valor da hora trabalhada, trabalho e desemprego.</td></tr><tr><td>Língua Portuguesa</td><td>&#8211; Desenvolver antecipações de hipóteses textuais, com base em conhecimentos prévios, informações implícitas ou suposições.<br>&#8211; Ler e compreender recursos gráfico-visuais, digitais e impressos, relacionando-os a linguagem verbal.<br>&#8211; Utilizar textos multissemióticos, relacionando-os com ilustrações e outros recursos gráficos.<br>&#8211; Identificar os tipos textuais que circulam socialmente.<br>&#8211; Planejar e produzir textos considerando sua situação comunicativa.<br>&#8211; Identificar os tipos textuais que circulam socialmente.<br>&#8211; Produzir texto de forma autônoma, considerando o tema e a linguagem adequada ao gênero textual.<br>&#8211; Identificar as finalidades e funções de textos a partir dos suportes.</td></tr></tbody></table></figure>
