{"id":4482,"date":"2020-09-21T07:00:31","date_gmt":"2020-09-21T10:00:31","guid":{"rendered":"http:\/\/sme.goiania.go.gov.br\/conexaoescola\/?post_type=eaja&#038;p=4482"},"modified":"2021-11-16T16:01:57","modified_gmt":"2021-11-16T18:01:57","slug":"a-gripe-espanhola-uma-gripezinha-ou-um-filme-de-terror","status":"publish","type":"eaja","link":"https:\/\/sme.goiania.go.gov.br\/conexaoescola\/eaja\/a-gripe-espanhola-uma-gripezinha-ou-um-filme-de-terror\/","title":{"rendered":"Hist\u00f3ria &#8211; A Gripe Espanhola: uma gripezinha ou um filme de terror?"},"content":{"rendered":"\n<p class=\"has-drop-cap has-background has-medium-font-size\" style=\"background-color:#dce0f3\">No final da Primeira Guerra Mundial, tamb\u00e9m teve uma pandemia: a gripe espanhola. Causando a morte de mais de 50 milh\u00f5es de pessoas, entre os anos de 1918 e 1920. Passados 100 anos, em apenas tr\u00eas meses do an\u00fancio da chegada do Coronav\u00edrus, o Brasil atingiu a triste marca de 60 mil mortos. Vamos conhecer um pouco sobre os procedimentos e as decis\u00f5es dos governantes, referente a Gripe Espanhola e suas consequ\u00eancias, analisando os procedimentos \u00e9ticos e de cidadania (ou n\u00e3o), que permearam tais acontecimentos.<\/p>\n\n\n\n<hr class=\"wp-block-separator\"\/>\n\n\n\n<h2 class=\"wp-block-heading\">Atividade 1<\/h2>\n\n\n\n<p>Acesse o link e assista ao v\u00eddeo \u201cGripe espanhola: gripezinha ou filme de terror?\u201d, do Senado Federal.<\/p>\n\n\n\n<figure class=\"wp-block-embed is-type-video is-provider-youtube wp-block-embed-youtube wp-embed-aspect-16-9 wp-has-aspect-ratio\"><div class=\"wp-block-embed__wrapper\">\n<p class=\"responsive-video-wrap clr\"><iframe title=\"Gripe espanhola: gripezinha ou filme de terror?\" width=\"1200\" height=\"675\" src=\"https:\/\/www.youtube.com\/embed\/O1X3n2taO8o?feature=oembed\" frameborder=\"0\" allow=\"accelerometer; autoplay; clipboard-write; encrypted-media; gyroscope; picture-in-picture\" allowfullscreen><\/iframe><\/p>\n<\/div><figcaption>&#8220;Gripe espanhola: gripezinha ou filme de terror?&#8221; &#8211; Canal: TV Senado &#8211; <br>Link: <a href=\"https:\/\/www.youtube.com\/watch?v=O1X3n2taO8o&amp;feature=emb_logo\">https:\/\/www.youtube.com\/watch?v=O1X3n2taO8o&amp;feature=emb_logo<\/a><\/figcaption><\/figure>\n\n\n\n<hr class=\"wp-block-separator\"\/>\n\n\n\n<h2 class=\"wp-block-heading\">Atividade 2<\/h2>\n\n\n\n<p class=\"has-medium-font-size\">Ap\u00f3s assistir ao v\u00eddeo \u201cGripe espanhola: gripezinha ou filme de terror?\u201d, do Senado Federal, converse com a sua fam\u00edlia e<br>reflita, sobre:<\/p>\n\n\n\n<p class=\"has-medium-font-size\">\u25cf Os pa\u00edses em guerra agiam de maneira \u00e9tica ao censurar a imprensa, impedindo que divulgassem a epidemia?<br>\u25cf A desinforma\u00e7\u00e3o, gerada pela censura, pode ter contribu\u00eddo para que a Gripe Espanhola se propagasse pelo planeta?<\/p>\n\n\n\n<hr class=\"wp-block-separator\"\/>\n\n\n\n<h2 class=\"wp-block-heading\">Atividade 3<\/h2>\n\n\n\n<p class=\"has-medium-font-size\">O v\u00edrus H1N1 chegou no Brasil por um navio que saiu da Inglaterra, passou por Lisboa e atracou em Recife, Salvador e Rio de Janeiro. No entanto, o v\u00eddeo que voc\u00ea assistiu, relata que, existiam teorias da conspira\u00e7\u00e3o que defendem que os alem\u00e3es engarrafaram o v\u00edrus e jogaram nas praias brasileiras. Converse com a sua fam\u00edlia, pesquise, reflita e escreva um texto, considerando:<\/p>\n\n\n\n<p class=\"has-medium-font-size\">\u25cf \u00c9 \u00e9tico inventar teorias de conspira\u00e7\u00e3o e divulgar como verdadeiras?<br>\u25cf Cem anos depois algumas pessoas defenderam uma teoria de conspira\u00e7\u00e3o, sobre o surgimento da Covid 19?<br>\u25cf Inventar e divulgar teorias da conspira\u00e7\u00e3o \u00e9 uma esp\u00e9cie de fake news?<br>\u25cf Inventar e divulgar teorias da conspira\u00e7\u00e3o pode ter consequ\u00eancias graves, para as pessoas e para as rela\u00e7\u00f5es diplom\u00e1ticas entre os pa\u00edses envolvidos?<\/p>\n\n\n\n<hr class=\"wp-block-separator\"\/>\n\n\n\n<h2 class=\"wp-block-heading\">Atividade 4<\/h2>\n\n\n\n<p class=\"has-medium-font-size\">Carlos Seidl, esp\u00e9cie de Ministro da Sa\u00fade da \u00e9poca, n\u00e3o deu a devida import\u00e2ncia a Gripe Espanhola, alegando \u201ctratar-se de uma gripezinha de car\u00e1ter benigno\u201d, como relata o v\u00eddeo. Ele ainda prop\u00f4s censurar a imprensa, com a acusa\u00e7\u00e3o de criar p\u00e2nico na popula\u00e7\u00e3o. Converse com a sua fam\u00edlia, pesquise e reflita, comparando as atitudes dos governantes diante da Gripe Espanhola e da Covid19, um s\u00e9culo depois, considerando os aspectos \u00e9ticos e de cidadania.<\/p>\n\n\n\n<hr class=\"wp-block-separator\"\/>\n\n\n\n<h2 class=\"wp-block-heading\">Atividade 5<\/h2>\n\n\n\n<p class=\"has-medium-font-size\">O v\u00eddeo \u201cGripe espanhola: gripezinha ou filme de terror?\u201d, do Senado Federal, destaca que as pessoas come\u00e7aram a<br>vender de tudo: \u00c1gua T\u00f4nica de Quinino, Elixir de Nogueira, sabonete, caipirinha e at\u00e9 autom\u00f3veis, como forma de evitar a gripe. Escreva um texto analisando:<\/p>\n\n\n\n<p class=\"has-medium-font-size\">\u25cf \u00c9 \u00e9tico enganar as pessoas, utilizando de artimanhas para lucrar com o medo e a ingenuidade delas?<br>\u25cf Existem pessoas t\u00eam a mesma atitude, durante a pandemia atual?<\/p>\n\n\n\n<hr class=\"wp-block-separator\"\/>\n\n\n\n<figure class=\"wp-block-table alignfull is-style-regular\"><table class=\"has-background\" style=\"background-color:#e7f5fe\"><tbody><tr><td><strong>Componentes:<\/strong><\/td><td class=\"has-text-align-left\" data-align=\"left\"><strong>Objetivos de Aprendizagem e Desenvolvimento<\/strong><\/td><\/tr><tr><td>Hist\u00f3ria<\/td><td class=\"has-text-align-left\" data-align=\"left\">&#8211; Entender o impacto sociopol\u00edtico da crise econ\u00f4mica do Entre Guerras.<\/td><\/tr><tr><td>L\u00edngua Portuguesa<\/td><td class=\"has-text-align-left\" data-align=\"left\">&#8211; Entender e comparar as diferentes opini\u00f5es durantes a realiza\u00e7\u00e3o de debate.<br>&#8211; Compreender os mecanismos de progress\u00e3o tem\u00e1tica.<\/td><\/tr><\/tbody><\/table><\/figure>\n","protected":false},"author":27,"featured_media":4483,"template":"","meta":{"_acf_changed":false,"ocean_post_layout":"","ocean_both_sidebars_style":"","ocean_both_sidebars_content_width":0,"ocean_both_sidebars_sidebars_width":0,"ocean_sidebar":"","ocean_second_sidebar":"","ocean_disable_margins":"enable","ocean_add_body_class":"","ocean_shortcode_before_top_bar":"","ocean_shortcode_after_top_bar":"","ocean_shortcode_before_header":"","ocean_shortcode_after_header":"","ocean_has_shortcode":"","ocean_shortcode_after_title":"","ocean_shortcode_before_footer_widgets":"","ocean_shortcode_after_footer_widgets":"","ocean_shortcode_before_footer_bottom":"","ocean_shortcode_after_footer_bottom":"","ocean_display_top_bar":"default","ocean_display_header":"default","ocean_header_style":"","ocean_center_header_left_menu":"","ocean_custom_header_template":"","ocean_custom_logo":0,"ocean_custom_retina_logo":0,"ocean_custom_logo_max_width":0,"ocean_custom_logo_tablet_max_width":0,"ocean_custom_logo_mobile_max_width":0,"ocean_custom_logo_max_height":0,"ocean_custom_logo_tablet_max_height":0,"ocean_custom_logo_mobile_max_height":0,"ocean_header_custom_menu":"","ocean_menu_typo_font_family":"","ocean_menu_typo_font_subset":"","ocean_menu_typo_font_size":0,"ocean_menu_typo_font_size_tablet":0,"ocean_menu_typo_font_size_mobile":0,"ocean_menu_typo_font_size_unit":"px","ocean_menu_typo_font_weight":"","ocean_menu_typo_font_weight_tablet":"","ocean_menu_typo_font_weight_mobile":"","ocean_menu_typo_transform":"","ocean_menu_typo_transform_tablet":"","ocean_menu_typo_transform_mobile":"","ocean_menu_typo_line_height":0,"ocean_menu_typo_line_height_tablet":0,"ocean_menu_typo_line_height_mobile":0,"ocean_menu_typo_line_height_unit":"","ocean_menu_typo_spacing":0,"ocean_menu_typo_spacing_tablet":0,"ocean_menu_typo_spacing_mobile":0,"ocean_menu_typo_spacing_unit":"","ocean_menu_link_color":"","ocean_menu_link_color_hover":"","ocean_menu_link_color_active":"","ocean_menu_link_background":"","ocean_menu_link_hover_background":"","ocean_menu_link_active_background":"","ocean_menu_social_links_bg":"","ocean_menu_social_hover_links_bg":"","ocean_menu_social_links_color":"","ocean_menu_social_hover_links_color":"","ocean_disable_title":"default","ocean_disable_heading":"default","ocean_post_title":"","ocean_post_subheading":"","ocean_post_title_style":"","ocean_post_title_background_color":"","ocean_post_title_background":0,"ocean_post_title_bg_image_position":"","ocean_post_title_bg_image_attachment":"","ocean_post_title_bg_image_repeat":"","ocean_post_title_bg_image_size":"","ocean_post_title_height":0,"ocean_post_title_bg_overlay":0.5,"ocean_post_title_bg_overlay_color":"","ocean_disable_breadcrumbs":"default","ocean_breadcrumbs_color":"","ocean_breadcrumbs_separator_color":"","ocean_breadcrumbs_links_color":"","ocean_breadcrumbs_links_hover_color":"","ocean_display_footer_widgets":"default","ocean_display_footer_bottom":"default","ocean_custom_footer_template":""},"eaja_categoria":[69],"serie":[100],"eaja_componente":[79],"class_list":["post-4482","eaja","type-eaja","status-publish","has-post-thumbnail","hentry","eaja_categoria-2o-segmento-7a-e-8a-serie","serie-8a-serie","eaja_componente-historia","entry","has-media"],"acf":[],"_links":{"self":[{"href":"https:\/\/sme.goiania.go.gov.br\/conexaoescola\/wp-json\/wp\/v2\/eaja\/4482","targetHints":{"allow":["GET"]}}],"collection":[{"href":"https:\/\/sme.goiania.go.gov.br\/conexaoescola\/wp-json\/wp\/v2\/eaja"}],"about":[{"href":"https:\/\/sme.goiania.go.gov.br\/conexaoescola\/wp-json\/wp\/v2\/types\/eaja"}],"author":[{"embeddable":true,"href":"https:\/\/sme.goiania.go.gov.br\/conexaoescola\/wp-json\/wp\/v2\/users\/27"}],"wp:featuredmedia":[{"embeddable":true,"href":"https:\/\/sme.goiania.go.gov.br\/conexaoescola\/wp-json\/wp\/v2\/media\/4483"}],"wp:attachment":[{"href":"https:\/\/sme.goiania.go.gov.br\/conexaoescola\/wp-json\/wp\/v2\/media?parent=4482"}],"wp:term":[{"taxonomy":"eaja_categoria","embeddable":true,"href":"https:\/\/sme.goiania.go.gov.br\/conexaoescola\/wp-json\/wp\/v2\/eaja_categoria?post=4482"},{"taxonomy":"serie","embeddable":true,"href":"https:\/\/sme.goiania.go.gov.br\/conexaoescola\/wp-json\/wp\/v2\/serie?post=4482"},{"taxonomy":"eaja_componente","embeddable":true,"href":"https:\/\/sme.goiania.go.gov.br\/conexaoescola\/wp-json\/wp\/v2\/eaja_componente?post=4482"}],"curies":[{"name":"wp","href":"https:\/\/api.w.org\/{rel}","templated":true}]}}

História &#8211; A Gripe Espanhola: uma gripezinha ou um filme de terror?

<p class="has-drop-cap has-background has-medium-font-size" style="background-color:#dce0f3">No final da Primeira Guerra Mundial, também teve uma pandemia: a gripe espanhola. Causando a morte de mais de 50 milhões de pessoas, entre os anos de 1918 e 1920. Passados 100 anos, em apenas três meses do anúncio da chegada do Coronavírus, o Brasil atingiu a triste marca de 60 mil mortos. Vamos conhecer um pouco sobre os procedimentos e as decisões dos governantes, referente a Gripe Espanhola e suas consequências, analisando os procedimentos éticos e de cidadania (ou não), que permearam tais acontecimentos.</p>



<hr class="wp-block-separator"/>



<h2 class="wp-block-heading">Atividade 1</h2>



<p>Acesse o link e assista ao vídeo “Gripe espanhola: gripezinha ou filme de terror?”, do Senado Federal.</p>



<figure class="wp-block-embed is-type-video is-provider-youtube wp-block-embed-youtube wp-embed-aspect-16-9 wp-has-aspect-ratio"><div class="wp-block-embed__wrapper">
<p class="responsive-video-wrap clr"><iframe title="Gripe espanhola: gripezinha ou filme de terror?" width="1200" height="675" src="https://www.youtube.com/embed/O1X3n2taO8o?feature=oembed" frameborder="0" allow="accelerometer; autoplay; clipboard-write; encrypted-media; gyroscope; picture-in-picture" allowfullscreen></iframe></p>
</div><figcaption>&#8220;Gripe espanhola: gripezinha ou filme de terror?&#8221; &#8211; Canal: TV Senado &#8211; <br>Link: <a href="https://www.youtube.com/watch?v=O1X3n2taO8o&amp;feature=emb_logo">https://www.youtube.com/watch?v=O1X3n2taO8o&amp;feature=emb_logo</a></figcaption></figure>



<hr class="wp-block-separator"/>



<h2 class="wp-block-heading">Atividade 2</h2>



<p class="has-medium-font-size">Após assistir ao vídeo “Gripe espanhola: gripezinha ou filme de terror?”, do Senado Federal, converse com a sua família e<br>reflita, sobre:</p>



<p class="has-medium-font-size">● Os países em guerra agiam de maneira ética ao censurar a imprensa, impedindo que divulgassem a epidemia?<br>● A desinformação, gerada pela censura, pode ter contribuído para que a Gripe Espanhola se propagasse pelo planeta?</p>



<hr class="wp-block-separator"/>



<h2 class="wp-block-heading">Atividade 3</h2>



<p class="has-medium-font-size">O vírus H1N1 chegou no Brasil por um navio que saiu da Inglaterra, passou por Lisboa e atracou em Recife, Salvador e Rio de Janeiro. No entanto, o vídeo que você assistiu, relata que, existiam teorias da conspiração que defendem que os alemães engarrafaram o vírus e jogaram nas praias brasileiras. Converse com a sua família, pesquise, reflita e escreva um texto, considerando:</p>



<p class="has-medium-font-size">● É ético inventar teorias de conspiração e divulgar como verdadeiras?<br>● Cem anos depois algumas pessoas defenderam uma teoria de conspiração, sobre o surgimento da Covid 19?<br>● Inventar e divulgar teorias da conspiração é uma espécie de fake news?<br>● Inventar e divulgar teorias da conspiração pode ter consequências graves, para as pessoas e para as relações diplomáticas entre os países envolvidos?</p>



<hr class="wp-block-separator"/>



<h2 class="wp-block-heading">Atividade 4</h2>



<p class="has-medium-font-size">Carlos Seidl, espécie de Ministro da Saúde da época, não deu a devida importância a Gripe Espanhola, alegando “tratar-se de uma gripezinha de caráter benigno”, como relata o vídeo. Ele ainda propôs censurar a imprensa, com a acusação de criar pânico na população. Converse com a sua família, pesquise e reflita, comparando as atitudes dos governantes diante da Gripe Espanhola e da Covid19, um século depois, considerando os aspectos éticos e de cidadania.</p>



<hr class="wp-block-separator"/>



<h2 class="wp-block-heading">Atividade 5</h2>



<p class="has-medium-font-size">O vídeo “Gripe espanhola: gripezinha ou filme de terror?”, do Senado Federal, destaca que as pessoas começaram a<br>vender de tudo: Água Tônica de Quinino, Elixir de Nogueira, sabonete, caipirinha e até automóveis, como forma de evitar a gripe. Escreva um texto analisando:</p>



<p class="has-medium-font-size">● É ético enganar as pessoas, utilizando de artimanhas para lucrar com o medo e a ingenuidade delas?<br>● Existem pessoas têm a mesma atitude, durante a pandemia atual?</p>



<hr class="wp-block-separator"/>



<figure class="wp-block-table alignfull is-style-regular"><table class="has-background" style="background-color:#e7f5fe"><tbody><tr><td><strong>Componentes:</strong></td><td class="has-text-align-left" data-align="left"><strong>Objetivos de Aprendizagem e Desenvolvimento</strong></td></tr><tr><td>História</td><td class="has-text-align-left" data-align="left">&#8211; Entender o impacto sociopolítico da crise econômica do Entre Guerras.</td></tr><tr><td>Língua Portuguesa</td><td class="has-text-align-left" data-align="left">&#8211; Entender e comparar as diferentes opiniões durantes a realização de debate.<br>&#8211; Compreender os mecanismos de progressão temática.</td></tr></tbody></table></figure>
