{"id":4479,"date":"2020-09-21T07:00:21","date_gmt":"2020-09-21T10:00:21","guid":{"rendered":"http:\/\/sme.goiania.go.gov.br\/conexaoescola\/?post_type=eaja&#038;p=4479"},"modified":"2021-11-16T16:02:28","modified_gmt":"2021-11-16T18:02:28","slug":"independencia-ou-morte","status":"publish","type":"eaja","link":"https:\/\/sme.goiania.go.gov.br\/conexaoescola\/eaja\/independencia-ou-morte\/","title":{"rendered":"HIST\u00d3RIA &#8211; INDEPEND\u00caNCIA OU MORTE!"},"content":{"rendered":"\n<p class=\"has-drop-cap has-background has-medium-font-size\" style=\"background-color:#f3cfcf\">Durante os anos de 1808 e 1833, a grande maioria dos territ\u00f3rios colonizados por portugueses e espanh\u00f3is se tornaram independentes de suas metr\u00f3poles. O Brasil tamb\u00e9m ficou independente, mas por aqui as coisas foram um pouquinho diferentes do que ocorreu com nossos vizinhos latino-americanos\u2026 Vamos aprender um pouco mais sobre a Independ\u00eancia do Brasil?Ent\u00e3o segue comigo!<\/p>\n\n\n\n<hr class=\"wp-block-separator\"\/>\n\n\n\n<h2 class=\"wp-block-heading\">Atividade 1<\/h2>\n\n\n\n<p class=\"has-medium-font-size\">Em toda a hist\u00f3ria da coloniza\u00e7\u00e3o da Am\u00e9rica, o Brasil foi o \u00fanico territ\u00f3rio colonial que se tornou o centro administrativo de sua metr\u00f3pole europeia. Em 8 de mar\u00e7o de 1808, a comitiva real portuguesa desembarcou no Rio de Janeiro, transformando essa cidade na capital do Imp\u00e9rio portugu\u00eas. Para compreender o contexto e os detalhes disso, assista ao v\u00eddeo: &#8220;A Fam\u00edlia Real vem morar no Brasil&#8221;, no link abaixo:<\/p>\n\n\n\n<figure class=\"wp-block-embed is-type-video is-provider-youtube wp-block-embed-youtube wp-embed-aspect-16-9 wp-has-aspect-ratio\"><div class=\"wp-block-embed__wrapper\">\n<p class=\"responsive-video-wrap clr\"><iframe title=\"A Fam\u00edlia Real vem morar no Brasil\" width=\"1200\" height=\"675\" src=\"https:\/\/www.youtube.com\/embed\/ptUthglDhbM?feature=oembed\" frameborder=\"0\" allow=\"accelerometer; autoplay; clipboard-write; encrypted-media; gyroscope; picture-in-picture\" allowfullscreen><\/iframe><\/p>\n<\/div><figcaption>&#8220;A Fam\u00edlia Real vem mora no Brasil&#8221; &#8211; Canal: TV Senado &#8211;<br>Link: <a href=\"https:\/\/www.youtube.com\/watch?v=ptUthglDhbM\">https:\/\/www.youtube.com\/watch?v=ptUthglDhbM<\/a><\/figcaption><\/figure>\n\n\n\n<hr class=\"wp-block-separator\"\/>\n\n\n\n<h2 class=\"wp-block-heading\">Atividade 2<\/h2>\n\n\n\n<p class=\"has-medium-font-size\">Ap\u00f3s assistir ao v\u00eddeo, caso voc\u00ea queira aprofundar um pouco mais os seus conhecimentos sobre o processo de independ\u00eancia do Brasil, acesse o link abaixo e leia o texto proposto. \u00c9 rapidinho e eu garanto que vale a pena!<br>Link: <a href=\"https:\/\/escola.britannica.com.br\/artigo\/Independ%C3%AAncia-do-Brasil\/483300\">https:\/\/escola.britannica.com.br\/artigo\/Independ%C3%AAncia-do-Brasil\/483300<\/a><\/p>\n\n\n\n<hr class=\"wp-block-separator\"\/>\n\n\n\n<h2 class=\"wp-block-heading\">Atividade 3<\/h2>\n\n\n\n<p class=\"has-medium-font-size\">Em seu caderno, escreva um pequeno texto resumindo o que voc\u00ea entendeu sobre a vinda da fam\u00edlia real ao Brasil e, tamb\u00e9m, de que forma isso influenciou o nosso processo de independ\u00eancia. Se tiver dificuldade, assista o v\u00eddeo novamente e recorra ao texto da atividade 2. \u00c9 f\u00e1cil, voc\u00ea vai ver!<\/p>\n\n\n\n<hr class=\"wp-block-separator\"\/>\n\n\n\n<h2 class=\"wp-block-heading\">Atividade 4<\/h2>\n\n\n\n<p class=\"has-medium-font-size\">A imagem abaixo \u00e9 uma obra de Pedro Am\u00e9rico, um artista brasileiro que atuou principalmente durante o reinado de Dom Pedro II, filho de Pedro I. Conclu\u00edda em 1888, esta enorme tela tem mais de 4 metros de altura e 7,6 metros de largura. Atualmente, encontra-se em processo de restaura\u00e7\u00e3o no Museu do Ipiranga. O museu est\u00e1 fechado e em reformas, com previs\u00e3o de reabertura<br>no ano de 1822.<\/p>\n\n\n\n<figure class=\"wp-block-image size-large\"><img fetchpriority=\"high\" decoding=\"async\" width=\"1024\" height=\"490\" src=\"http:\/\/sme.goiania.go.gov.br\/conexaoescola\/wp-content\/uploads\/2020\/09\/independencia-ou-morte-pedro-americo-1024x490.jpg\" alt=\"\" class=\"wp-image-4480\" srcset=\"https:\/\/sme.goiania.go.gov.br\/conexaoescola\/wp-content\/uploads\/2020\/09\/independencia-ou-morte-pedro-americo-1024x490.jpg 1024w, https:\/\/sme.goiania.go.gov.br\/conexaoescola\/wp-content\/uploads\/2020\/09\/independencia-ou-morte-pedro-americo-300x144.jpg 300w, https:\/\/sme.goiania.go.gov.br\/conexaoescola\/wp-content\/uploads\/2020\/09\/independencia-ou-morte-pedro-americo-768x368.jpg 768w, https:\/\/sme.goiania.go.gov.br\/conexaoescola\/wp-content\/uploads\/2020\/09\/independencia-ou-morte-pedro-americo.jpg 1078w\" sizes=\"(max-width: 1024px) 100vw, 1024px\" \/><figcaption>Fonte: <a href=\"https:\/\/i1.wp.com\/www.touchofclass.com.br\/wp-content\/uploads\/2020\/05\/independencia-ou-morte-pedro-americo.jpg?resize=1078%2C516\">https:\/\/i1.wp.com\/www.touchofclass.com.br\/wp-content\/uploads\/2020\/05\/independencia-ou-morte-pedro-americo.jpg?resize=1078%2C516<\/a><\/figcaption><\/figure>\n\n\n\n<p class=\"has-medium-font-size\">Acesse o link e assista ao v\u00eddeo \u201cCi\u00eancia e arte se aliam na restaura\u00e7\u00e3o do quadro Independ\u00eancia ou Morte&#8221; para aprender um pouco mais sobre a obra e o seu processo de restaura\u00e7\u00e3o. Se quiser, chame os seus familiares. Assim, todo mundo aprende junto!<\/p>\n\n\n\n<figure class=\"wp-block-embed is-type-video is-provider-youtube wp-block-embed-youtube wp-embed-aspect-16-9 wp-has-aspect-ratio\"><div class=\"wp-block-embed__wrapper\">\n<p class=\"responsive-video-wrap clr\"><iframe title=\"Ci\u00eancia e arte se aliam na restaura\u00e7\u00e3o do quadro &quot;Independ\u00eancia ou Morte&quot;\" width=\"1200\" height=\"675\" src=\"https:\/\/www.youtube.com\/embed\/TBCCkRHBYno?feature=oembed\" frameborder=\"0\" allow=\"accelerometer; autoplay; clipboard-write; encrypted-media; gyroscope; picture-in-picture\" allowfullscreen><\/iframe><\/p>\n<\/div><figcaption>&#8220;Ci\u00eancia e arte se aliam na restaura\u00e7\u00e3o do quadro &#8220;Independ\u00eancia ou Morte&#8221;&#8221; &#8211; Canal: Ag\u00eancia FAPESP &#8211; <br>Link: <a href=\"https:\/\/www.youtube.com\/watch?v=TBCCkRHBYno\">https:\/\/www.youtube.com\/watch?v=TBCCkRHBYno<\/a><\/figcaption><\/figure>\n\n\n\n<hr class=\"wp-block-separator\"\/>\n\n\n\n<p class=\"has-medium-font-size\">Agora, responda \u00e0 pergunta: voc\u00ea acha importante que as obras de arte sejam uma vers\u00e3o romantizada do passado ou acha que elas devem representar os fatos exatamente como eles foram? Enrique\u00e7a a sua resposta com argumentos.<\/p>\n\n\n\n<hr class=\"wp-block-separator\"\/>\n\n\n\n<figure class=\"wp-block-table alignfull is-style-regular\"><table class=\"has-background\" style=\"background-color:#fcf0ef\"><tbody><tr><td class=\"has-text-align-center\" data-align=\"center\"><strong>Componentes<\/strong><\/td><td class=\"has-text-align-left\" data-align=\"left\"><strong>Objetivos de Aprendizagem e Desenvolvimento<\/strong><\/td><\/tr><tr><td class=\"has-text-align-center\" data-align=\"center\">Hist\u00f3ria<\/td><td class=\"has-text-align-left\" data-align=\"left\">&#8211; Compreender a influ\u00eancia da pol\u00edtica bonapartista sobre a transfer\u00eancia da fam\u00edlia real e da<br>corte portuguesa para o Brasil;<br>&#8211; Apontar os impactos pol\u00edticos, sociais e econ\u00f4micos acarretados pela vinda da fam\u00edlia real e<br>da corte portuguesa para o Brasil;<br>&#8211; Compreender a Revolu\u00e7\u00e3o do Porto de 1820 no contexto de oposi\u00e7\u00e3o dos portugueses quanto<br>\u00e0 perman\u00eancia da fam\u00edlia real no Brasil.<\/td><\/tr><tr><td class=\"has-text-align-center\" data-align=\"center\">L\u00edngua Portuguesa<\/td><td class=\"has-text-align-left\" data-align=\"left\">&#8211; Identificar e analisar os interlocutores, seus pap\u00e9is sociais e a rede de poder presente no<br>texto.<br>&#8211; Realizar os procedimentos estrat\u00e9gicos de leitura (sele\u00e7\u00e3o, antecipa\u00e7\u00e3o, hip\u00f3teses, infer\u00eancias<br>e checagem).<br>&#8211; Comparar dados e informa\u00e7\u00f5es de diferentes fontes (as coincid\u00eancias, complementaridades e<br>contradi\u00e7\u00f5es).<\/td><\/tr><\/tbody><\/table><\/figure>\n\n\n\n<p><\/p>\n","protected":false},"author":27,"featured_media":4481,"template":"","meta":{"_acf_changed":false,"ocean_post_layout":"","ocean_both_sidebars_style":"","ocean_both_sidebars_content_width":0,"ocean_both_sidebars_sidebars_width":0,"ocean_sidebar":"","ocean_second_sidebar":"","ocean_disable_margins":"enable","ocean_add_body_class":"","ocean_shortcode_before_top_bar":"","ocean_shortcode_after_top_bar":"","ocean_shortcode_before_header":"","ocean_shortcode_after_header":"","ocean_has_shortcode":"","ocean_shortcode_after_title":"","ocean_shortcode_before_footer_widgets":"","ocean_shortcode_after_footer_widgets":"","ocean_shortcode_before_footer_bottom":"","ocean_shortcode_after_footer_bottom":"","ocean_display_top_bar":"default","ocean_display_header":"default","ocean_header_style":"","ocean_center_header_left_menu":"","ocean_custom_header_template":"","ocean_custom_logo":0,"ocean_custom_retina_logo":0,"ocean_custom_logo_max_width":0,"ocean_custom_logo_tablet_max_width":0,"ocean_custom_logo_mobile_max_width":0,"ocean_custom_logo_max_height":0,"ocean_custom_logo_tablet_max_height":0,"ocean_custom_logo_mobile_max_height":0,"ocean_header_custom_menu":"","ocean_menu_typo_font_family":"","ocean_menu_typo_font_subset":"","ocean_menu_typo_font_size":0,"ocean_menu_typo_font_size_tablet":0,"ocean_menu_typo_font_size_mobile":0,"ocean_menu_typo_font_size_unit":"px","ocean_menu_typo_font_weight":"","ocean_menu_typo_font_weight_tablet":"","ocean_menu_typo_font_weight_mobile":"","ocean_menu_typo_transform":"","ocean_menu_typo_transform_tablet":"","ocean_menu_typo_transform_mobile":"","ocean_menu_typo_line_height":0,"ocean_menu_typo_line_height_tablet":0,"ocean_menu_typo_line_height_mobile":0,"ocean_menu_typo_line_height_unit":"","ocean_menu_typo_spacing":0,"ocean_menu_typo_spacing_tablet":0,"ocean_menu_typo_spacing_mobile":0,"ocean_menu_typo_spacing_unit":"","ocean_menu_link_color":"","ocean_menu_link_color_hover":"","ocean_menu_link_color_active":"","ocean_menu_link_background":"","ocean_menu_link_hover_background":"","ocean_menu_link_active_background":"","ocean_menu_social_links_bg":"","ocean_menu_social_hover_links_bg":"","ocean_menu_social_links_color":"","ocean_menu_social_hover_links_color":"","ocean_disable_title":"default","ocean_disable_heading":"default","ocean_post_title":"","ocean_post_subheading":"","ocean_post_title_style":"","ocean_post_title_background_color":"","ocean_post_title_background":0,"ocean_post_title_bg_image_position":"","ocean_post_title_bg_image_attachment":"","ocean_post_title_bg_image_repeat":"","ocean_post_title_bg_image_size":"","ocean_post_title_height":0,"ocean_post_title_bg_overlay":0.5,"ocean_post_title_bg_overlay_color":"","ocean_disable_breadcrumbs":"default","ocean_breadcrumbs_color":"","ocean_breadcrumbs_separator_color":"","ocean_breadcrumbs_links_color":"","ocean_breadcrumbs_links_hover_color":"","ocean_display_footer_widgets":"default","ocean_display_footer_bottom":"default","ocean_custom_footer_template":""},"eaja_categoria":[69],"serie":[76],"eaja_componente":[79],"class_list":["post-4479","eaja","type-eaja","status-publish","has-post-thumbnail","hentry","eaja_categoria-2o-segmento-7a-e-8a-serie","serie-7a-serie","eaja_componente-historia","entry","has-media"],"acf":[],"_links":{"self":[{"href":"https:\/\/sme.goiania.go.gov.br\/conexaoescola\/wp-json\/wp\/v2\/eaja\/4479","targetHints":{"allow":["GET"]}}],"collection":[{"href":"https:\/\/sme.goiania.go.gov.br\/conexaoescola\/wp-json\/wp\/v2\/eaja"}],"about":[{"href":"https:\/\/sme.goiania.go.gov.br\/conexaoescola\/wp-json\/wp\/v2\/types\/eaja"}],"author":[{"embeddable":true,"href":"https:\/\/sme.goiania.go.gov.br\/conexaoescola\/wp-json\/wp\/v2\/users\/27"}],"wp:featuredmedia":[{"embeddable":true,"href":"https:\/\/sme.goiania.go.gov.br\/conexaoescola\/wp-json\/wp\/v2\/media\/4481"}],"wp:attachment":[{"href":"https:\/\/sme.goiania.go.gov.br\/conexaoescola\/wp-json\/wp\/v2\/media?parent=4479"}],"wp:term":[{"taxonomy":"eaja_categoria","embeddable":true,"href":"https:\/\/sme.goiania.go.gov.br\/conexaoescola\/wp-json\/wp\/v2\/eaja_categoria?post=4479"},{"taxonomy":"serie","embeddable":true,"href":"https:\/\/sme.goiania.go.gov.br\/conexaoescola\/wp-json\/wp\/v2\/serie?post=4479"},{"taxonomy":"eaja_componente","embeddable":true,"href":"https:\/\/sme.goiania.go.gov.br\/conexaoescola\/wp-json\/wp\/v2\/eaja_componente?post=4479"}],"curies":[{"name":"wp","href":"https:\/\/api.w.org\/{rel}","templated":true}]}}

HISTÓRIA &#8211; INDEPENDÊNCIA OU MORTE!

<p class="has-drop-cap has-background has-medium-font-size" style="background-color:#f3cfcf">Durante os anos de 1808 e 1833, a grande maioria dos territórios colonizados por portugueses e espanhóis se tornaram independentes de suas metrópoles. O Brasil também ficou independente, mas por aqui as coisas foram um pouquinho diferentes do que ocorreu com nossos vizinhos latino-americanos… Vamos aprender um pouco mais sobre a Independência do Brasil?Então segue comigo!</p>



<hr class="wp-block-separator"/>



<h2 class="wp-block-heading">Atividade 1</h2>



<p class="has-medium-font-size">Em toda a história da colonização da América, o Brasil foi o único território colonial que se tornou o centro administrativo de sua metrópole europeia. Em 8 de março de 1808, a comitiva real portuguesa desembarcou no Rio de Janeiro, transformando essa cidade na capital do Império português. Para compreender o contexto e os detalhes disso, assista ao vídeo: &#8220;A Família Real vem morar no Brasil&#8221;, no link abaixo:</p>



<figure class="wp-block-embed is-type-video is-provider-youtube wp-block-embed-youtube wp-embed-aspect-16-9 wp-has-aspect-ratio"><div class="wp-block-embed__wrapper">
<p class="responsive-video-wrap clr"><iframe title="A Família Real vem morar no Brasil" width="1200" height="675" src="https://www.youtube.com/embed/ptUthglDhbM?feature=oembed" frameborder="0" allow="accelerometer; autoplay; clipboard-write; encrypted-media; gyroscope; picture-in-picture" allowfullscreen></iframe></p>
</div><figcaption>&#8220;A Família Real vem mora no Brasil&#8221; &#8211; Canal: TV Senado &#8211;<br>Link: <a href="https://www.youtube.com/watch?v=ptUthglDhbM">https://www.youtube.com/watch?v=ptUthglDhbM</a></figcaption></figure>



<hr class="wp-block-separator"/>



<h2 class="wp-block-heading">Atividade 2</h2>



<p class="has-medium-font-size">Após assistir ao vídeo, caso você queira aprofundar um pouco mais os seus conhecimentos sobre o processo de independência do Brasil, acesse o link abaixo e leia o texto proposto. É rapidinho e eu garanto que vale a pena!<br>Link: <a href="https://escola.britannica.com.br/artigo/Independ%C3%AAncia-do-Brasil/483300">https://escola.britannica.com.br/artigo/Independ%C3%AAncia-do-Brasil/483300</a></p>



<hr class="wp-block-separator"/>



<h2 class="wp-block-heading">Atividade 3</h2>



<p class="has-medium-font-size">Em seu caderno, escreva um pequeno texto resumindo o que você entendeu sobre a vinda da família real ao Brasil e, também, de que forma isso influenciou o nosso processo de independência. Se tiver dificuldade, assista o vídeo novamente e recorra ao texto da atividade 2. É fácil, você vai ver!</p>



<hr class="wp-block-separator"/>



<h2 class="wp-block-heading">Atividade 4</h2>



<p class="has-medium-font-size">A imagem abaixo é uma obra de Pedro Américo, um artista brasileiro que atuou principalmente durante o reinado de Dom Pedro II, filho de Pedro I. Concluída em 1888, esta enorme tela tem mais de 4 metros de altura e 7,6 metros de largura. Atualmente, encontra-se em processo de restauração no Museu do Ipiranga. O museu está fechado e em reformas, com previsão de reabertura<br>no ano de 1822.</p>



<figure class="wp-block-image size-large"><img fetchpriority="high" decoding="async" width="1024" height="490" src="http://sme.goiania.go.gov.br/conexaoescola/wp-content/uploads/2020/09/independencia-ou-morte-pedro-americo-1024x490.jpg" alt="" class="wp-image-4480" srcset="https://sme.goiania.go.gov.br/conexaoescola/wp-content/uploads/2020/09/independencia-ou-morte-pedro-americo-1024x490.jpg 1024w, https://sme.goiania.go.gov.br/conexaoescola/wp-content/uploads/2020/09/independencia-ou-morte-pedro-americo-300x144.jpg 300w, https://sme.goiania.go.gov.br/conexaoescola/wp-content/uploads/2020/09/independencia-ou-morte-pedro-americo-768x368.jpg 768w, https://sme.goiania.go.gov.br/conexaoescola/wp-content/uploads/2020/09/independencia-ou-morte-pedro-americo.jpg 1078w" sizes="(max-width: 1024px) 100vw, 1024px" /><figcaption>Fonte: <a href="https://i1.wp.com/www.touchofclass.com.br/wp-content/uploads/2020/05/independencia-ou-morte-pedro-americo.jpg?resize=1078%2C516">https://i1.wp.com/www.touchofclass.com.br/wp-content/uploads/2020/05/independencia-ou-morte-pedro-americo.jpg?resize=1078%2C516</a></figcaption></figure>



<p class="has-medium-font-size">Acesse o link e assista ao vídeo “Ciência e arte se aliam na restauração do quadro Independência ou Morte&#8221; para aprender um pouco mais sobre a obra e o seu processo de restauração. Se quiser, chame os seus familiares. Assim, todo mundo aprende junto!</p>



<figure class="wp-block-embed is-type-video is-provider-youtube wp-block-embed-youtube wp-embed-aspect-16-9 wp-has-aspect-ratio"><div class="wp-block-embed__wrapper">
<p class="responsive-video-wrap clr"><iframe title="Ciência e arte se aliam na restauração do quadro &quot;Independência ou Morte&quot;" width="1200" height="675" src="https://www.youtube.com/embed/TBCCkRHBYno?feature=oembed" frameborder="0" allow="accelerometer; autoplay; clipboard-write; encrypted-media; gyroscope; picture-in-picture" allowfullscreen></iframe></p>
</div><figcaption>&#8220;Ciência e arte se aliam na restauração do quadro &#8220;Independência ou Morte&#8221;&#8221; &#8211; Canal: Agência FAPESP &#8211; <br>Link: <a href="https://www.youtube.com/watch?v=TBCCkRHBYno">https://www.youtube.com/watch?v=TBCCkRHBYno</a></figcaption></figure>



<hr class="wp-block-separator"/>



<p class="has-medium-font-size">Agora, responda à pergunta: você acha importante que as obras de arte sejam uma versão romantizada do passado ou acha que elas devem representar os fatos exatamente como eles foram? Enriqueça a sua resposta com argumentos.</p>



<hr class="wp-block-separator"/>



<figure class="wp-block-table alignfull is-style-regular"><table class="has-background" style="background-color:#fcf0ef"><tbody><tr><td class="has-text-align-center" data-align="center"><strong>Componentes</strong></td><td class="has-text-align-left" data-align="left"><strong>Objetivos de Aprendizagem e Desenvolvimento</strong></td></tr><tr><td class="has-text-align-center" data-align="center">História</td><td class="has-text-align-left" data-align="left">&#8211; Compreender a influência da política bonapartista sobre a transferência da família real e da<br>corte portuguesa para o Brasil;<br>&#8211; Apontar os impactos políticos, sociais e econômicos acarretados pela vinda da família real e<br>da corte portuguesa para o Brasil;<br>&#8211; Compreender a Revolução do Porto de 1820 no contexto de oposição dos portugueses quanto<br>à permanência da família real no Brasil.</td></tr><tr><td class="has-text-align-center" data-align="center">Língua Portuguesa</td><td class="has-text-align-left" data-align="left">&#8211; Identificar e analisar os interlocutores, seus papéis sociais e a rede de poder presente no<br>texto.<br>&#8211; Realizar os procedimentos estratégicos de leitura (seleção, antecipação, hipóteses, inferências<br>e checagem).<br>&#8211; Comparar dados e informações de diferentes fontes (as coincidências, complementaridades e<br>contradições).</td></tr></tbody></table></figure>



<p></p>
