{"id":4477,"date":"2020-09-21T07:00:00","date_gmt":"2020-09-21T10:00:00","guid":{"rendered":"http:\/\/sme.goiania.go.gov.br\/conexaoescola\/?post_type=eaja&#038;p=4477"},"modified":"2021-11-16T16:02:59","modified_gmt":"2021-11-16T18:02:59","slug":"o-que-e-mercantilismo","status":"publish","type":"eaja","link":"https:\/\/sme.goiania.go.gov.br\/conexaoescola\/eaja\/o-que-e-mercantilismo\/","title":{"rendered":"Hist\u00f3ria &#8211; O que \u00e9 mercantilismo?"},"content":{"rendered":"\n<p class=\"has-drop-cap has-background has-medium-font-size\" style=\"background-color:#e9d5ec\">Voc\u00ea sabe o que \u00e9 mercantilismo? Mercantilismo \u00e9 um conjunto de pr\u00e1ticas econ\u00f4micas adotadas pelos Estados, entre os s\u00e9culos XV e XVIII, que visava a acumula\u00e7\u00e3o de capitais. Vamos conhecer mais?<\/p>\n\n\n\n<h2 class=\"wp-block-heading\">Atividade 1<\/h2>\n\n\n\n<p class=\"has-medium-font-size\">Acesse o link e assista ao v\u00eddeo \u201cmercantilismo\u201d, do canal Parab\u00f3lica.<\/p>\n\n\n\n<figure class=\"wp-block-embed is-type-video is-provider-youtube wp-block-embed-youtube wp-embed-aspect-16-9 wp-has-aspect-ratio\"><div class=\"wp-block-embed__wrapper\">\n<p class=\"responsive-video-wrap clr\"><iframe title=\"HIST\u00d3RIA ILUSTRADA (MERCANTILISMO).\" width=\"1200\" height=\"675\" src=\"https:\/\/www.youtube.com\/embed\/33nM1pNEzkw?feature=oembed\" frameborder=\"0\" allow=\"accelerometer; autoplay; clipboard-write; encrypted-media; gyroscope; picture-in-picture\" allowfullscreen><\/iframe><\/p>\n<\/div><figcaption>&#8220;Hist\u00f3ria Ilustrada (Mercantilismo)&#8221; &#8211; Canal: Parab\u00f3lica &#8211; <br>Link: <a href=\"https:\/\/www.youtube.com\/watch?v=33nM1pNEzkw\">https:\/\/www.youtube.com\/watch?v=33nM1pNEzkw<\/a><\/figcaption><\/figure>\n\n\n\n<hr class=\"wp-block-separator\"\/>\n\n\n\n<h2 class=\"wp-block-heading\">Atividade 2<\/h2>\n\n\n\n<p class=\"has-medium-font-size\">Reflita sobre o v\u00eddeo:<\/p>\n\n\n\n<ul class=\"wp-block-list\"><li>Voc\u00ea sabia o que \u00e9 mercantilismo?<\/li><li>Ser\u00e1 que hoje em dia essas pr\u00e1ticas permanecem?<\/li><\/ul>\n\n\n\n<hr class=\"wp-block-separator\"\/>\n\n\n\n<h2 class=\"wp-block-heading\">Atividade 3<\/h2>\n\n\n\n<p class=\"has-medium-font-size\">No v\u00eddeo, h\u00e1 a cita\u00e7\u00e3o dos quatro aspectos principais do mercantilismo. Pesquise e escreva, em seu caderno, o que s\u00e3o:<\/p>\n\n\n\n<p>\u25cf Interven\u00e7\u00e3o estatal;<br>\u25cf Balan\u00e7a comercial favor\u00e1vel;<br>\u25cf Protecionismo alfandeg\u00e1rio;<br>\u25cf Grandes navega\u00e7\u00f5es.<\/p>\n\n\n\n<hr class=\"wp-block-separator\"\/>\n\n\n\n<h2 class=\"wp-block-heading\">Atividade 4<\/h2>\n\n\n\n<p class=\"has-medium-font-size\">Voc\u00ea concorda com a interven\u00e7\u00e3o estatal no dias de hoje? Ou voc\u00ea acha que n\u00e3o s\u00e3o necess\u00e1rias interven\u00e7\u00f5es do Estado?<br>Escreva um conto, em primeira pessoa, narrando as aventuras de um presidente, nos dias de hoje, que tentava intervir nas quest\u00f5es econ\u00f4micas do pa\u00eds. Crie personagens e procure desenvolver um enredo criativo. Vamos l\u00e1? Boa produ\u00e7\u00e3o.<\/p>\n\n\n\n<hr class=\"wp-block-separator\"\/>\n\n\n\n<figure class=\"wp-block-table alignfull is-style-regular\"><table class=\"has-background\" style=\"background-color:#fcf0ef\"><tbody><tr><td>Componentes<\/td><td>Objetivos de Aprendizagem e Desenvolvimento<\/td><\/tr><tr><td>Hist\u00f3ria<\/td><td>&#8211; Relacionar o fortalecimento das monarquias europeias \u00e0s inova\u00e7\u00f5es cient\u00edficas do per\u00edodo e \u00e0 expans\u00e3o mar\u00edtima do continente.<\/td><\/tr><tr><td>L\u00edngua Portuguesa<\/td><td>&#8211; Planejar e contar contos da tradi\u00e7\u00e3o oral.<br>&#8211; Avaliar e recontar contos da tradi\u00e7\u00e3o oral em primeira e em terceira pessoas.<\/td><\/tr><\/tbody><\/table><\/figure>\n\n\n\n<p><\/p>\n","protected":false},"author":27,"featured_media":4478,"template":"","meta":{"_acf_changed":false,"ocean_post_layout":"","ocean_both_sidebars_style":"","ocean_both_sidebars_content_width":0,"ocean_both_sidebars_sidebars_width":0,"ocean_sidebar":"","ocean_second_sidebar":"","ocean_disable_margins":"enable","ocean_add_body_class":"","ocean_shortcode_before_top_bar":"","ocean_shortcode_after_top_bar":"","ocean_shortcode_before_header":"","ocean_shortcode_after_header":"","ocean_has_shortcode":"","ocean_shortcode_after_title":"","ocean_shortcode_before_footer_widgets":"","ocean_shortcode_after_footer_widgets":"","ocean_shortcode_before_footer_bottom":"","ocean_shortcode_after_footer_bottom":"","ocean_display_top_bar":"default","ocean_display_header":"default","ocean_header_style":"","ocean_center_header_left_menu":"","ocean_custom_header_template":"","ocean_custom_logo":0,"ocean_custom_retina_logo":0,"ocean_custom_logo_max_width":0,"ocean_custom_logo_tablet_max_width":0,"ocean_custom_logo_mobile_max_width":0,"ocean_custom_logo_max_height":0,"ocean_custom_logo_tablet_max_height":0,"ocean_custom_logo_mobile_max_height":0,"ocean_header_custom_menu":"","ocean_menu_typo_font_family":"","ocean_menu_typo_font_subset":"","ocean_menu_typo_font_size":0,"ocean_menu_typo_font_size_tablet":0,"ocean_menu_typo_font_size_mobile":0,"ocean_menu_typo_font_size_unit":"px","ocean_menu_typo_font_weight":"","ocean_menu_typo_font_weight_tablet":"","ocean_menu_typo_font_weight_mobile":"","ocean_menu_typo_transform":"","ocean_menu_typo_transform_tablet":"","ocean_menu_typo_transform_mobile":"","ocean_menu_typo_line_height":0,"ocean_menu_typo_line_height_tablet":0,"ocean_menu_typo_line_height_mobile":0,"ocean_menu_typo_line_height_unit":"","ocean_menu_typo_spacing":0,"ocean_menu_typo_spacing_tablet":0,"ocean_menu_typo_spacing_mobile":0,"ocean_menu_typo_spacing_unit":"","ocean_menu_link_color":"","ocean_menu_link_color_hover":"","ocean_menu_link_color_active":"","ocean_menu_link_background":"","ocean_menu_link_hover_background":"","ocean_menu_link_active_background":"","ocean_menu_social_links_bg":"","ocean_menu_social_hover_links_bg":"","ocean_menu_social_links_color":"","ocean_menu_social_hover_links_color":"","ocean_disable_title":"default","ocean_disable_heading":"default","ocean_post_title":"","ocean_post_subheading":"","ocean_post_title_style":"","ocean_post_title_background_color":"","ocean_post_title_background":0,"ocean_post_title_bg_image_position":"","ocean_post_title_bg_image_attachment":"","ocean_post_title_bg_image_repeat":"","ocean_post_title_bg_image_size":"","ocean_post_title_height":0,"ocean_post_title_bg_overlay":0.5,"ocean_post_title_bg_overlay_color":"","ocean_disable_breadcrumbs":"default","ocean_breadcrumbs_color":"","ocean_breadcrumbs_separator_color":"","ocean_breadcrumbs_links_color":"","ocean_breadcrumbs_links_hover_color":"","ocean_display_footer_widgets":"default","ocean_display_footer_bottom":"default","ocean_custom_footer_template":""},"eaja_categoria":[104],"serie":[75],"eaja_componente":[79],"class_list":["post-4477","eaja","type-eaja","status-publish","has-post-thumbnail","hentry","eaja_categoria-2o-segmento-5a-e-6a-serie","serie-6a-serie","eaja_componente-historia","entry","has-media"],"acf":[],"_links":{"self":[{"href":"https:\/\/sme.goiania.go.gov.br\/conexaoescola\/wp-json\/wp\/v2\/eaja\/4477","targetHints":{"allow":["GET"]}}],"collection":[{"href":"https:\/\/sme.goiania.go.gov.br\/conexaoescola\/wp-json\/wp\/v2\/eaja"}],"about":[{"href":"https:\/\/sme.goiania.go.gov.br\/conexaoescola\/wp-json\/wp\/v2\/types\/eaja"}],"author":[{"embeddable":true,"href":"https:\/\/sme.goiania.go.gov.br\/conexaoescola\/wp-json\/wp\/v2\/users\/27"}],"wp:featuredmedia":[{"embeddable":true,"href":"https:\/\/sme.goiania.go.gov.br\/conexaoescola\/wp-json\/wp\/v2\/media\/4478"}],"wp:attachment":[{"href":"https:\/\/sme.goiania.go.gov.br\/conexaoescola\/wp-json\/wp\/v2\/media?parent=4477"}],"wp:term":[{"taxonomy":"eaja_categoria","embeddable":true,"href":"https:\/\/sme.goiania.go.gov.br\/conexaoescola\/wp-json\/wp\/v2\/eaja_categoria?post=4477"},{"taxonomy":"serie","embeddable":true,"href":"https:\/\/sme.goiania.go.gov.br\/conexaoescola\/wp-json\/wp\/v2\/serie?post=4477"},{"taxonomy":"eaja_componente","embeddable":true,"href":"https:\/\/sme.goiania.go.gov.br\/conexaoescola\/wp-json\/wp\/v2\/eaja_componente?post=4477"}],"curies":[{"name":"wp","href":"https:\/\/api.w.org\/{rel}","templated":true}]}}

História &#8211; O que é mercantilismo?

<p class="has-drop-cap has-background has-medium-font-size" style="background-color:#e9d5ec">Você sabe o que é mercantilismo? Mercantilismo é um conjunto de práticas econômicas adotadas pelos Estados, entre os séculos XV e XVIII, que visava a acumulação de capitais. Vamos conhecer mais?</p>



<h2 class="wp-block-heading">Atividade 1</h2>



<p class="has-medium-font-size">Acesse o link e assista ao vídeo “mercantilismo”, do canal Parabólica.</p>



<figure class="wp-block-embed is-type-video is-provider-youtube wp-block-embed-youtube wp-embed-aspect-16-9 wp-has-aspect-ratio"><div class="wp-block-embed__wrapper">
<p class="responsive-video-wrap clr"><iframe title="HISTÓRIA ILUSTRADA (MERCANTILISMO)." width="1200" height="675" src="https://www.youtube.com/embed/33nM1pNEzkw?feature=oembed" frameborder="0" allow="accelerometer; autoplay; clipboard-write; encrypted-media; gyroscope; picture-in-picture" allowfullscreen></iframe></p>
</div><figcaption>&#8220;História Ilustrada (Mercantilismo)&#8221; &#8211; Canal: Parabólica &#8211; <br>Link: <a href="https://www.youtube.com/watch?v=33nM1pNEzkw">https://www.youtube.com/watch?v=33nM1pNEzkw</a></figcaption></figure>



<hr class="wp-block-separator"/>



<h2 class="wp-block-heading">Atividade 2</h2>



<p class="has-medium-font-size">Reflita sobre o vídeo:</p>



<ul class="wp-block-list"><li>Você sabia o que é mercantilismo?</li><li>Será que hoje em dia essas práticas permanecem?</li></ul>



<hr class="wp-block-separator"/>



<h2 class="wp-block-heading">Atividade 3</h2>



<p class="has-medium-font-size">No vídeo, há a citação dos quatro aspectos principais do mercantilismo. Pesquise e escreva, em seu caderno, o que são:</p>



<p>● Intervenção estatal;<br>● Balança comercial favorável;<br>● Protecionismo alfandegário;<br>● Grandes navegações.</p>



<hr class="wp-block-separator"/>



<h2 class="wp-block-heading">Atividade 4</h2>



<p class="has-medium-font-size">Você concorda com a intervenção estatal no dias de hoje? Ou você acha que não são necessárias intervenções do Estado?<br>Escreva um conto, em primeira pessoa, narrando as aventuras de um presidente, nos dias de hoje, que tentava intervir nas questões econômicas do país. Crie personagens e procure desenvolver um enredo criativo. Vamos lá? Boa produção.</p>



<hr class="wp-block-separator"/>



<figure class="wp-block-table alignfull is-style-regular"><table class="has-background" style="background-color:#fcf0ef"><tbody><tr><td>Componentes</td><td>Objetivos de Aprendizagem e Desenvolvimento</td></tr><tr><td>História</td><td>&#8211; Relacionar o fortalecimento das monarquias europeias às inovações científicas do período e à expansão marítima do continente.</td></tr><tr><td>Língua Portuguesa</td><td>&#8211; Planejar e contar contos da tradição oral.<br>&#8211; Avaliar e recontar contos da tradição oral em primeira e em terceira pessoas.</td></tr></tbody></table></figure>



<p></p>
