{"id":4453,"date":"2020-09-21T07:00:01","date_gmt":"2020-09-21T10:00:01","guid":{"rendered":"http:\/\/sme.goiania.go.gov.br\/conexaoescola\/?post_type=eaja&#038;p=4453"},"modified":"2021-11-16T16:02:47","modified_gmt":"2021-11-16T18:02:47","slug":"globalizacao-dois-lados-de-uma-mesma-moeda","status":"publish","type":"eaja","link":"https:\/\/sme.goiania.go.gov.br\/conexaoescola\/eaja\/globalizacao-dois-lados-de-uma-mesma-moeda\/","title":{"rendered":"Geografia &#8211; Globaliza\u00e7\u00e3o &#8211; Dois lados de uma mesma moeda"},"content":{"rendered":"\n<p class=\"has-medium-font-size\">O mundo \u00e0 nossa volta leva-nos a observar que muitas das mercadorias que utilizamos foram produzidas em diversas partes do planeta e s\u00e3o utilizadas em todo o mundo. A globaliza\u00e7\u00e3o \u00e9 respons\u00e1vel por grande parte deste fen\u00f4meno e de transforma\u00e7\u00f5es sociais, culturais e econ\u00f4micas as quais o mundo vem passando. Mas ser\u00e1 que, al\u00e9m da conectividade e integra\u00e7\u00e3o entre os povos, a globaliza\u00e7\u00e3o pode tamb\u00e9m se transformar em um processo desigual nas sociedades?<\/p>\n\n\n\n<hr class=\"wp-block-separator has-text-color has-background\" style=\"background-color:#3b729e;color:#3b729e\"\/>\n\n\n\n<h2 class=\"wp-block-heading\">Atividade 1<\/h2>\n\n\n\n<p class=\"has-medium-font-size\">Todos n\u00f3s, de alguma forma, estamos interligados e conectados com outros pa\u00edses. E isso faz parte de um processo que se chama globaliza\u00e7\u00e3o. Conhe\u00e7a um pouco mais sobre esse assunto acessando o link abaixo:<\/p>\n\n\n\n<figure class=\"wp-block-embed is-type-video is-provider-youtube wp-block-embed-youtube wp-embed-aspect-16-9 wp-has-aspect-ratio\"><div class=\"wp-block-embed__wrapper\">\n<p class=\"responsive-video-wrap clr\"><iframe title=\"O QUE \u00c9 GLOBALIZA\u00c7\u00c3O? | QUER QUE DESENHE? | DESCOMPLICA\" width=\"1200\" height=\"675\" src=\"https:\/\/www.youtube.com\/embed\/h5WjNMGztvE?feature=oembed\" frameborder=\"0\" allow=\"accelerometer; autoplay; clipboard-write; encrypted-media; gyroscope; picture-in-picture\" allowfullscreen><\/iframe><\/p>\n<\/div><figcaption>&#8220;O QUE \u00c9 GLOBALIZA\u00c7\u00c3O? | QUER QUE DESENHE? | DESCOMPLICA&#8221; &#8211; Canal: O QUE \u00c9 GLOBALIZA\u00c7\u00c3O? | QUER QUE DESENHE? | DESCOMPLICA &#8211; <br>Link: <a href=\"https:\/\/www.youtube.com\/watch?v=h5WjNMGztvE\">https:\/\/www.youtube.com\/watch?v=h5WjNMGztvE<\/a><\/figcaption><\/figure>\n\n\n\n<hr class=\"wp-block-separator\"\/>\n\n\n\n<h2 class=\"wp-block-heading\">Atividade 2<\/h2>\n\n\n\n<p class=\"has-medium-font-size\">A can\u00e7\u00e3o \u201cGera\u00e7\u00e3o Coca Cola\u201d da banda Legi\u00e3o Urbana, nos dois primeiros trechos, faz refer\u00eancia ao consumo de produ\u00e7\u00f5es culturais e bens materiais como: roupas, carros, e at\u00e9 alimentos, com o advento da globaliza\u00e7\u00e3o. Acesse o link abaixo e ou\u00e7a a can\u00e7\u00e3o:<\/p>\n\n\n\n<figure class=\"wp-block-embed is-type-video is-provider-youtube wp-block-embed-youtube wp-embed-aspect-4-3 wp-has-aspect-ratio\"><div class=\"wp-block-embed__wrapper\">\n<p class=\"responsive-video-wrap clr\"><iframe title=\"Gera\u00e7\u00e3o Coca-Cola\" width=\"1200\" height=\"900\" src=\"https:\/\/www.youtube.com\/embed\/MXwYl1Xfc08?feature=oembed\" frameborder=\"0\" allow=\"accelerometer; autoplay; clipboard-write; encrypted-media; gyroscope; picture-in-picture\" allowfullscreen><\/iframe><\/p>\n<\/div><figcaption>&#8220;Gera\u00e7\u00e3o Coca-Cola&#8221; &#8211; Canal:  Legi\u00e3o Urbana &#8211; <br>Link: <a href=\"https:\/\/www.youtube.com\/watch?v=MXwYl1Xfc08\">https:\/\/www.youtube.com\/watch?v=MXwYl1Xfc08<\/a><a href=\"https:\/\/www.youtube.com\/channel\/UC5K6XcVwZuLfYRGZaeBqSeQ\"><br><\/a><\/figcaption><\/figure>\n\n\n\n<p class=\"has-medium-font-size\">Agora, leia abaixo o trecho retirado da m\u00fasica:<\/p>\n\n\n\n<p class=\"has-medium-font-size\"><strong>Gera\u00e7\u00e3o Coca &#8211; Cola &#8211; (Legi\u00e3o Urbana)<\/strong><\/p>\n\n\n\n<p class=\"has-medium-font-size\">Quando nascemos fomos programados                                                                   A receber o que voc\u00eas<br>Nos empurraram com os enlatados<br>Dos U.S.A., de nove \u00e0s seis<\/p>\n\n\n\n<p class=\"has-medium-font-size\">Desde pequenos n\u00f3s comemos lixo<br>Comercial e industrial<br>Mas agora chegou nossa vez<br>Vamos cuspir de volta o lixo em cima de voc\u00eas[\u2026]<\/p>\n\n\n\n<p class=\"has-medium-font-size\">Fonte: <a href=\"https:\/\/www.letras.mus.br\/legiao-urbana\/45051\/\">https:\/\/www.letras.mus.br\/legiao-urbana\/45051\/<\/a><\/p>\n\n\n\n<p class=\"has-medium-font-size\">Agora reflita sobre \u201cprodutos\u201d originais de outros pa\u00edses que s\u00e3o \u201cconsumidos\u201d no Brasil. Registre em seu caderno qual a rela\u00e7\u00e3o desses \u201cprodutos\u201d e a m\u00fasica \u201cGera\u00e7\u00e3o coca-cola\u201d.<\/p>\n\n\n\n<hr class=\"wp-block-separator\"\/>\n\n\n\n<h2 class=\"wp-block-heading\">Atividade 3<\/h2>\n\n\n\n<p class=\"has-medium-font-size\">Com o processo de globaliza\u00e7\u00e3o, as empresas de diferentes pa\u00edses buscam m\u00e3o-de-obra barata em um mercado cada vez mais competitivo. Observe uma das imagens utilizadas no v\u00eddeo. Essas marcas correspondem a redes multinacionais e est\u00e3o presentes em quase todo o planeta. Registre, por meio de fotos, algumas dessas ou outras \u2018marcas\u2019 encontradas por voc\u00ea, em seu dia a dia.<\/p>\n\n\n\n<figure class=\"wp-block-image size-large\"><img fetchpriority=\"high\" decoding=\"async\" width=\"1024\" height=\"538\" src=\"http:\/\/sme.goiania.go.gov.br\/conexaoescola\/wp-content\/uploads\/2020\/09\/multinacionais-edit-1024x538.jpg\" alt=\"\" class=\"wp-image-4458\" srcset=\"https:\/\/sme.goiania.go.gov.br\/conexaoescola\/wp-content\/uploads\/2020\/09\/multinacionais-edit-1024x538.jpg 1024w, https:\/\/sme.goiania.go.gov.br\/conexaoescola\/wp-content\/uploads\/2020\/09\/multinacionais-edit-300x158.jpg 300w, https:\/\/sme.goiania.go.gov.br\/conexaoescola\/wp-content\/uploads\/2020\/09\/multinacionais-edit-768x403.jpg 768w, https:\/\/sme.goiania.go.gov.br\/conexaoescola\/wp-content\/uploads\/2020\/09\/multinacionais-edit.jpg 1200w\" sizes=\"(max-width: 1024px) 100vw, 1024px\" \/><figcaption>Fonte: <a href=\"https:\/\/static.significados.com.br\/foto\/multinacionais-edit.jpg\">https:\/\/static.significados.com.br\/foto\/multinacionais-edit.jpg<\/a><\/figcaption><\/figure>\n\n\n\n<hr class=\"wp-block-separator\"\/>\n\n\n\n<h2 class=\"wp-block-heading\">Atividade 4<\/h2>\n\n\n\n<p class=\"has-medium-font-size\">Com a globaliza\u00e7\u00e3o, enquanto os pa\u00edses mais ricos concentram o capital financeiro, os pa\u00edses menos desenvolvidos oferecem mat\u00e9ria prima e m\u00e3o de obra barata para as multinacionais. A consequ\u00eancia \u00e9 o aumento da desigualdade social. Observe a charge abaixo e reflita sobre essa desigualdade.<\/p>\n\n\n\n<figure class=\"wp-block-image size-large\"><img decoding=\"async\" src=\"https:\/\/curtageografia.files.wordpress.com\/2013\/07\/imagem2.jpg\" alt=\"\"\/><figcaption>Fonte: <a href=\"https:\/\/curtageografia.files.wordpress.com\/2013\/07\/imagem2.jpg\">https:\/\/curtageografia.files.wordpress.com\/2013\/07\/imagem2.jpg<\/a><\/figcaption><\/figure>\n\n\n\n<p class=\"has-medium-font-size\">Agora registre em seu caderno um texto sobre a desigualdade social com base na charge e nos termos utilizados \u201cIPHONE e IPHOME\u201d ou grave um \u00e1udio em seu celular e compartilhe.<\/p>\n\n\n\n<hr class=\"wp-block-separator\"\/>\n\n\n\n<figure class=\"wp-block-table alignfull is-style-regular\"><table class=\"has-background\" style=\"background-color:#f3f4f5\"><tbody><tr><td><strong>Componentes:<\/strong><\/td><td><strong>Objetivos de Aprendizagem e Desenvolvimento<\/strong><\/td><\/tr><tr><td>Geografia<\/td><td>Compreender o processo de estrutura\u00e7\u00e3o da Globaliza\u00e7\u00e3o e seus meios de expans\u00e3o.<\/td><\/tr><\/tbody><\/table><\/figure>\n","protected":false},"author":27,"featured_media":4455,"template":"","meta":{"_acf_changed":false,"ocean_post_layout":"","ocean_both_sidebars_style":"","ocean_both_sidebars_content_width":0,"ocean_both_sidebars_sidebars_width":0,"ocean_sidebar":"","ocean_second_sidebar":"","ocean_disable_margins":"enable","ocean_add_body_class":"","ocean_shortcode_before_top_bar":"","ocean_shortcode_after_top_bar":"","ocean_shortcode_before_header":"","ocean_shortcode_after_header":"","ocean_has_shortcode":"","ocean_shortcode_after_title":"","ocean_shortcode_before_footer_widgets":"","ocean_shortcode_after_footer_widgets":"","ocean_shortcode_before_footer_bottom":"","ocean_shortcode_after_footer_bottom":"","ocean_display_top_bar":"default","ocean_display_header":"default","ocean_header_style":"","ocean_center_header_left_menu":"","ocean_custom_header_template":"","ocean_custom_logo":0,"ocean_custom_retina_logo":0,"ocean_custom_logo_max_width":0,"ocean_custom_logo_tablet_max_width":0,"ocean_custom_logo_mobile_max_width":0,"ocean_custom_logo_max_height":0,"ocean_custom_logo_tablet_max_height":0,"ocean_custom_logo_mobile_max_height":0,"ocean_header_custom_menu":"","ocean_menu_typo_font_family":"","ocean_menu_typo_font_subset":"","ocean_menu_typo_font_size":0,"ocean_menu_typo_font_size_tablet":0,"ocean_menu_typo_font_size_mobile":0,"ocean_menu_typo_font_size_unit":"px","ocean_menu_typo_font_weight":"","ocean_menu_typo_font_weight_tablet":"","ocean_menu_typo_font_weight_mobile":"","ocean_menu_typo_transform":"","ocean_menu_typo_transform_tablet":"","ocean_menu_typo_transform_mobile":"","ocean_menu_typo_line_height":0,"ocean_menu_typo_line_height_tablet":0,"ocean_menu_typo_line_height_mobile":0,"ocean_menu_typo_line_height_unit":"","ocean_menu_typo_spacing":0,"ocean_menu_typo_spacing_tablet":0,"ocean_menu_typo_spacing_mobile":0,"ocean_menu_typo_spacing_unit":"","ocean_menu_link_color":"","ocean_menu_link_color_hover":"","ocean_menu_link_color_active":"","ocean_menu_link_background":"","ocean_menu_link_hover_background":"","ocean_menu_link_active_background":"","ocean_menu_social_links_bg":"","ocean_menu_social_hover_links_bg":"","ocean_menu_social_links_color":"","ocean_menu_social_hover_links_color":"","ocean_disable_title":"default","ocean_disable_heading":"default","ocean_post_title":"","ocean_post_subheading":"","ocean_post_title_style":"","ocean_post_title_background_color":"","ocean_post_title_background":0,"ocean_post_title_bg_image_position":"","ocean_post_title_bg_image_attachment":"","ocean_post_title_bg_image_repeat":"","ocean_post_title_bg_image_size":"","ocean_post_title_height":0,"ocean_post_title_bg_overlay":0.5,"ocean_post_title_bg_overlay_color":"","ocean_disable_breadcrumbs":"default","ocean_breadcrumbs_color":"","ocean_breadcrumbs_separator_color":"","ocean_breadcrumbs_links_color":"","ocean_breadcrumbs_links_hover_color":"","ocean_display_footer_widgets":"default","ocean_display_footer_bottom":"default","ocean_custom_footer_template":""},"eaja_categoria":[69],"serie":[100],"eaja_componente":[80],"class_list":["post-4453","eaja","type-eaja","status-publish","has-post-thumbnail","hentry","eaja_categoria-2o-segmento-7a-e-8a-serie","serie-8a-serie","eaja_componente-geografia","entry","has-media"],"acf":[],"_links":{"self":[{"href":"https:\/\/sme.goiania.go.gov.br\/conexaoescola\/wp-json\/wp\/v2\/eaja\/4453","targetHints":{"allow":["GET"]}}],"collection":[{"href":"https:\/\/sme.goiania.go.gov.br\/conexaoescola\/wp-json\/wp\/v2\/eaja"}],"about":[{"href":"https:\/\/sme.goiania.go.gov.br\/conexaoescola\/wp-json\/wp\/v2\/types\/eaja"}],"author":[{"embeddable":true,"href":"https:\/\/sme.goiania.go.gov.br\/conexaoescola\/wp-json\/wp\/v2\/users\/27"}],"wp:featuredmedia":[{"embeddable":true,"href":"https:\/\/sme.goiania.go.gov.br\/conexaoescola\/wp-json\/wp\/v2\/media\/4455"}],"wp:attachment":[{"href":"https:\/\/sme.goiania.go.gov.br\/conexaoescola\/wp-json\/wp\/v2\/media?parent=4453"}],"wp:term":[{"taxonomy":"eaja_categoria","embeddable":true,"href":"https:\/\/sme.goiania.go.gov.br\/conexaoescola\/wp-json\/wp\/v2\/eaja_categoria?post=4453"},{"taxonomy":"serie","embeddable":true,"href":"https:\/\/sme.goiania.go.gov.br\/conexaoescola\/wp-json\/wp\/v2\/serie?post=4453"},{"taxonomy":"eaja_componente","embeddable":true,"href":"https:\/\/sme.goiania.go.gov.br\/conexaoescola\/wp-json\/wp\/v2\/eaja_componente?post=4453"}],"curies":[{"name":"wp","href":"https:\/\/api.w.org\/{rel}","templated":true}]}}

Geografia &#8211; Globalização &#8211; Dois lados de uma mesma moeda

<p class="has-medium-font-size">O mundo à nossa volta leva-nos a observar que muitas das mercadorias que utilizamos foram produzidas em diversas partes do planeta e são utilizadas em todo o mundo. A globalização é responsável por grande parte deste fenômeno e de transformações sociais, culturais e econômicas as quais o mundo vem passando. Mas será que, além da conectividade e integração entre os povos, a globalização pode também se transformar em um processo desigual nas sociedades?</p>



<hr class="wp-block-separator has-text-color has-background" style="background-color:#3b729e;color:#3b729e"/>



<h2 class="wp-block-heading">Atividade 1</h2>



<p class="has-medium-font-size">Todos nós, de alguma forma, estamos interligados e conectados com outros países. E isso faz parte de um processo que se chama globalização. Conheça um pouco mais sobre esse assunto acessando o link abaixo:</p>



<figure class="wp-block-embed is-type-video is-provider-youtube wp-block-embed-youtube wp-embed-aspect-16-9 wp-has-aspect-ratio"><div class="wp-block-embed__wrapper">
<p class="responsive-video-wrap clr"><iframe title="O QUE É GLOBALIZAÇÃO? | QUER QUE DESENHE? | DESCOMPLICA" width="1200" height="675" src="https://www.youtube.com/embed/h5WjNMGztvE?feature=oembed" frameborder="0" allow="accelerometer; autoplay; clipboard-write; encrypted-media; gyroscope; picture-in-picture" allowfullscreen></iframe></p>
</div><figcaption>&#8220;O QUE É GLOBALIZAÇÃO? | QUER QUE DESENHE? | DESCOMPLICA&#8221; &#8211; Canal: O QUE É GLOBALIZAÇÃO? | QUER QUE DESENHE? | DESCOMPLICA &#8211; <br>Link: <a href="https://www.youtube.com/watch?v=h5WjNMGztvE">https://www.youtube.com/watch?v=h5WjNMGztvE</a></figcaption></figure>



<hr class="wp-block-separator"/>



<h2 class="wp-block-heading">Atividade 2</h2>



<p class="has-medium-font-size">A canção “Geração Coca Cola” da banda Legião Urbana, nos dois primeiros trechos, faz referência ao consumo de produções culturais e bens materiais como: roupas, carros, e até alimentos, com o advento da globalização. Acesse o link abaixo e ouça a canção:</p>



<figure class="wp-block-embed is-type-video is-provider-youtube wp-block-embed-youtube wp-embed-aspect-4-3 wp-has-aspect-ratio"><div class="wp-block-embed__wrapper">
<p class="responsive-video-wrap clr"><iframe title="Geração Coca-Cola" width="1200" height="900" src="https://www.youtube.com/embed/MXwYl1Xfc08?feature=oembed" frameborder="0" allow="accelerometer; autoplay; clipboard-write; encrypted-media; gyroscope; picture-in-picture" allowfullscreen></iframe></p>
</div><figcaption>&#8220;Geração Coca-Cola&#8221; &#8211; Canal:  Legião Urbana &#8211; <br>Link: <a href="https://www.youtube.com/watch?v=MXwYl1Xfc08">https://www.youtube.com/watch?v=MXwYl1Xfc08</a><a href="https://www.youtube.com/channel/UC5K6XcVwZuLfYRGZaeBqSeQ"><br></a></figcaption></figure>



<p class="has-medium-font-size">Agora, leia abaixo o trecho retirado da música:</p>



<p class="has-medium-font-size"><strong>Geração Coca &#8211; Cola &#8211; (Legião Urbana)</strong></p>



<p class="has-medium-font-size">Quando nascemos fomos programados                                                                   A receber o que vocês<br>Nos empurraram com os enlatados<br>Dos U.S.A., de nove às seis</p>



<p class="has-medium-font-size">Desde pequenos nós comemos lixo<br>Comercial e industrial<br>Mas agora chegou nossa vez<br>Vamos cuspir de volta o lixo em cima de vocês[…]</p>



<p class="has-medium-font-size">Fonte: <a href="https://www.letras.mus.br/legiao-urbana/45051/">https://www.letras.mus.br/legiao-urbana/45051/</a></p>



<p class="has-medium-font-size">Agora reflita sobre “produtos” originais de outros países que são “consumidos” no Brasil. Registre em seu caderno qual a relação desses “produtos” e a música “Geração coca-cola”.</p>



<hr class="wp-block-separator"/>



<h2 class="wp-block-heading">Atividade 3</h2>



<p class="has-medium-font-size">Com o processo de globalização, as empresas de diferentes países buscam mão-de-obra barata em um mercado cada vez mais competitivo. Observe uma das imagens utilizadas no vídeo. Essas marcas correspondem a redes multinacionais e estão presentes em quase todo o planeta. Registre, por meio de fotos, algumas dessas ou outras ‘marcas’ encontradas por você, em seu dia a dia.</p>



<figure class="wp-block-image size-large"><img fetchpriority="high" decoding="async" width="1024" height="538" src="http://sme.goiania.go.gov.br/conexaoescola/wp-content/uploads/2020/09/multinacionais-edit-1024x538.jpg" alt="" class="wp-image-4458" srcset="https://sme.goiania.go.gov.br/conexaoescola/wp-content/uploads/2020/09/multinacionais-edit-1024x538.jpg 1024w, https://sme.goiania.go.gov.br/conexaoescola/wp-content/uploads/2020/09/multinacionais-edit-300x158.jpg 300w, https://sme.goiania.go.gov.br/conexaoescola/wp-content/uploads/2020/09/multinacionais-edit-768x403.jpg 768w, https://sme.goiania.go.gov.br/conexaoescola/wp-content/uploads/2020/09/multinacionais-edit.jpg 1200w" sizes="(max-width: 1024px) 100vw, 1024px" /><figcaption>Fonte: <a href="https://static.significados.com.br/foto/multinacionais-edit.jpg">https://static.significados.com.br/foto/multinacionais-edit.jpg</a></figcaption></figure>



<hr class="wp-block-separator"/>



<h2 class="wp-block-heading">Atividade 4</h2>



<p class="has-medium-font-size">Com a globalização, enquanto os países mais ricos concentram o capital financeiro, os países menos desenvolvidos oferecem matéria prima e mão de obra barata para as multinacionais. A consequência é o aumento da desigualdade social. Observe a charge abaixo e reflita sobre essa desigualdade.</p>



<figure class="wp-block-image size-large"><img decoding="async" src="https://curtageografia.files.wordpress.com/2013/07/imagem2.jpg" alt=""/><figcaption>Fonte: <a href="https://curtageografia.files.wordpress.com/2013/07/imagem2.jpg">https://curtageografia.files.wordpress.com/2013/07/imagem2.jpg</a></figcaption></figure>



<p class="has-medium-font-size">Agora registre em seu caderno um texto sobre a desigualdade social com base na charge e nos termos utilizados “IPHONE e IPHOME” ou grave um áudio em seu celular e compartilhe.</p>



<hr class="wp-block-separator"/>



<figure class="wp-block-table alignfull is-style-regular"><table class="has-background" style="background-color:#f3f4f5"><tbody><tr><td><strong>Componentes:</strong></td><td><strong>Objetivos de Aprendizagem e Desenvolvimento</strong></td></tr><tr><td>Geografia</td><td>Compreender o processo de estruturação da Globalização e seus meios de expansão.</td></tr></tbody></table></figure>
