{"id":4418,"date":"2020-09-24T07:00:00","date_gmt":"2020-09-24T10:00:00","guid":{"rendered":"http:\/\/sme.goiania.go.gov.br\/conexaoescola\/?post_type=eaja&#038;p=4418"},"modified":"2022-01-11T17:24:51","modified_gmt":"2022-01-11T19:24:51","slug":"as-queimadas-na-amazonia","status":"publish","type":"eaja","link":"https:\/\/sme.goiania.go.gov.br\/conexaoescola\/eaja\/as-queimadas-na-amazonia\/","title":{"rendered":"Geografia: AS QUEIMADAS NA AMAZ\u00d4NIA"},"content":{"rendered":"\n<p class=\"has-cyan-bluish-gray-background-color has-background has-medium-font-size\"><strong><em>Ol\u00e1, estudante! Esta proposta de atividade de <span class=\"has-inline-color has-vivid-cyan-blue-color\">Geografia<\/span>, para a&nbsp;<span class=\"has-inline-color has-vivid-cyan-blue-color\">5\u00aa s\u00e9rie<\/span>&nbsp;da Eja, est\u00e1 dispon\u00edvel para voc\u00ea, aqui no Portal Conex\u00e3o Escola, para que possa aprender mais sobre o tema proposto. Bons estudos!<\/em><\/strong><\/p>\n\n\n\n<p class=\"has-text-align-center has-medium-font-size\"><span class=\"has-inline-color has-vivid-green-cyan-color\"><strong>As queimadas e os inc\u00eandios florestais que est\u00e3o colocando em risco nossa biodiversidade!<\/strong><\/span><\/p>\n\n\n\n<hr class=\"wp-block-separator\"\/>\n\n\n\n<p>Ol\u00e1, nossa atividade hoje ser\u00e1 baseada em um assunto que est\u00e1 preocupando grande parte da popula\u00e7\u00e3o brasileira e mundial: As queimadas e os inc\u00eandios florestais que est\u00e3o colocando em risco nossa biodiversidade!<\/p>\n\n\n\n<p>O assunto abrange diversos temas, para a atividade de hoje vamos falar sobre &nbsp;as brigadas de inc\u00eandio!<\/p>\n\n\n\n<p class=\"has-medium-font-size\">Brigadas de inc\u00eandio s\u00e3o grupos de pessoas previamente treinadas, organizadas e capacitadas para realizar atendimento em situa\u00e7\u00f5es de emerg\u00eancia, em a\u00e7\u00f5es de preven\u00e7\u00e3o e combate aos inc\u00eandios.<br><br><strong><em><span class=\"has-inline-color has-vivid-green-cyan-color\"><u>P<\/u>reven\u00e7\u00e3o<\/span><\/em> <\/strong>\u00e9 o conjunto de tarefas a serem executadas dentro das unidades de conserva\u00e7\u00e3o que minimizam os riscos de ocorr\u00eancias de inc\u00eandios, por exemplo: o trabalho permanente de educa\u00e7\u00e3o ambiental da popula\u00e7\u00e3o.<br><br><em><strong><span class=\"has-inline-color has-vivid-green-cyan-color\"><u>A<\/u>tividades de combate<\/span><\/strong><\/em> s\u00e3o a\u00e7\u00f5es t\u00e9cnicas e t\u00e1ticas que resultam na extin\u00e7\u00e3o dos inc\u00eandios que ocorram, apesar das a\u00e7\u00f5es de preven\u00e7\u00e3o.<\/p>\n\n\n\n<hr class=\"wp-block-separator\"\/>\n\n\n\n<p class=\"has-medium-font-size\">A estrat\u00e9gia e a efici\u00eancia do combate dependem do tipo, da quantidade e da qualidade das ferramentas e dos equipamentos utilizados, assim como do condicionamento f\u00edsico, da habilidade e do uso adequado desses materiais.<br>As ferramentas e os equipamentos destinados ao combate a inc\u00eandio florestal , segundo o Manual de Preven\u00e7\u00e3o e Combate aos Inc\u00eandios Florestais, do Instituto Chico Mendes de Conserva\u00e7\u00e3o da Biodiversidade, devem ter as seguintes caracter\u00edsticas:<br>\u2022 Versatilidade \u2013 A ferramenta que deve ser funcional e atender a mais de uma finalidade.<br>\u2022 Port\u00e1teis \u2013 De f\u00e1cil transporte, pequeno volume e pouco peso.<br>\u2022 Resistentes \u2013 Devem ser confeccionadas com material de boa qualidade.<br>\u2022 Simples \u2013 De f\u00e1cil utiliza\u00e7\u00e3o, manuten\u00e7\u00e3o e reparo. \u2022 Padroniza\u00e7\u00e3o \u2013 O mesmo tipo de material utilizado em todas as unidades de conserva\u00e7\u00e3o.<\/p>\n\n\n\n<hr class=\"wp-block-separator\"\/>\n\n\n\n<p class=\"has-medium-font-size\">Quando os&nbsp;<em>brigadistas&nbsp;<\/em>est\u00e3o em a\u00e7\u00e3o, a prote\u00e7\u00e3o deles est\u00e1 em primeiro lugar. Para evitar acidentes, o&nbsp;<em>combatente&nbsp;<\/em>deve estar protegido contra altas temperaturas e gases, utilizando vestimenta e m\u00e1scara apropriadas.<br><br>Os materiais devem ser de uso exclusivo para o&nbsp;<em>combate ao fogo<\/em>. \u00c9 preciso manter uma dist\u00e2ncia de, pelo menos, dois metros entre cada brigadista durante a a\u00e7\u00e3o. Para ter uma ideia da dimens\u00e3o que s\u00e3o inc\u00eandios florestais, ou queimadas, vamos assistir ao v\u00eddeo e em seguida realize a <strong>atividade 1<\/strong> para conferir o que voc\u00ea aprendeu hoje.<\/p>\n\n\n\n<figure class=\"wp-block-embed is-type-video is-provider-youtube wp-block-embed-youtube wp-embed-aspect-16-9 wp-has-aspect-ratio\"><div class=\"wp-block-embed__wrapper\">\n<p class=\"responsive-video-wrap clr\"><iframe title=\"A busca pelos animais feridos em meio ao fogo no Pantanal\" width=\"1200\" height=\"675\" src=\"https:\/\/www.youtube.com\/embed\/fmK4raw1pO8?feature=oembed\" frameborder=\"0\" allow=\"accelerometer; autoplay; clipboard-write; encrypted-media; gyroscope; picture-in-picture\" allowfullscreen><\/iframe><\/p>\n<\/div><figcaption>https:\/\/www.youtube.com\/watch?v=fmK4raw1pO8&amp;feature=youtu.be <br>A busca pelos animais feridos em meio ao fogo no Pantanal  &#8211;  Canal: The Intercept Brasil \/ Projeto Solos<\/figcaption><\/figure>\n\n\n\n<p class=\"has-vivid-cyan-blue-background-color has-background has-medium-font-size\"><strong>Atividade 1<\/strong> <\/p>\n\n\n\n<p class=\"has-medium-font-size\">O v\u00eddeo que voc\u00ea assistiu n\u00e3o \u00e9 dessas \u00faltimas queimadas. Procure saber sobre as queimadas que est\u00e3o acontecendo esses \u00faltimos dias e fa\u00e7a uma pequena narrativa sobre o fato, ou os fatos que voc\u00ea encontrou.<\/p>\n\n\n\n<hr class=\"wp-block-separator\"\/>\n\n\n\n<p class=\"has-text-align-center\"><span class=\"has-inline-color has-vivid-green-cyan-color\">Vamos torcer para que esses inc\u00eandios acabem o mais r\u00e1pido poss\u00edvel! <br>As vidas e o Planeta agradecem!<\/span><\/p>\n\n\n\n<hr class=\"wp-block-separator\"\/>\n\n\n\n<p class=\"has-cyan-bluish-gray-background-color has-background has-medium-font-size\"><strong>Professor, essa aula segue a Matriz Estruturante para a Eaja 2021. Foi elaborada no ano de 2020, com a suspens\u00e3o das aulas presenciais devido a pandemia da Covid-19 e segue as orienta\u00e7\u00f5es de flexibiliza\u00e7\u00e3o curricular para o bi\u00eanio 2020\/2021 (Of\u00edcio Circular 149\/2020 Dirped).<\/strong><\/p>\n\n\n\n<figure class=\"wp-block-table alignfull\"><table><tbody><tr><td>Componente Curricular<\/td><td>Habilidades<\/td><\/tr><tr><td>Geografia<\/td><td>(EAJAGE0517) Analisar e problematizar as causas e as consequ\u00eancias das pr\u00e1ticas humanas na din\u00e2mica clim\u00e1tica.<\/td><\/tr><\/tbody><\/table><\/figure>\n\n\n\n<p><\/p>\n","protected":false},"author":19,"featured_media":4386,"template":"","meta":{"_acf_changed":false,"ocean_post_layout":"","ocean_both_sidebars_style":"","ocean_both_sidebars_content_width":0,"ocean_both_sidebars_sidebars_width":0,"ocean_sidebar":"","ocean_second_sidebar":"","ocean_disable_margins":"enable","ocean_add_body_class":"","ocean_shortcode_before_top_bar":"","ocean_shortcode_after_top_bar":"","ocean_shortcode_before_header":"","ocean_shortcode_after_header":"","ocean_has_shortcode":"","ocean_shortcode_after_title":"","ocean_shortcode_before_footer_widgets":"","ocean_shortcode_after_footer_widgets":"","ocean_shortcode_before_footer_bottom":"","ocean_shortcode_after_footer_bottom":"","ocean_display_top_bar":"default","ocean_display_header":"default","ocean_header_style":"","ocean_center_header_left_menu":"","ocean_custom_header_template":"","ocean_custom_logo":0,"ocean_custom_retina_logo":0,"ocean_custom_logo_max_width":0,"ocean_custom_logo_tablet_max_width":0,"ocean_custom_logo_mobile_max_width":0,"ocean_custom_logo_max_height":0,"ocean_custom_logo_tablet_max_height":0,"ocean_custom_logo_mobile_max_height":0,"ocean_header_custom_menu":"","ocean_menu_typo_font_family":"","ocean_menu_typo_font_subset":"","ocean_menu_typo_font_size":0,"ocean_menu_typo_font_size_tablet":0,"ocean_menu_typo_font_size_mobile":0,"ocean_menu_typo_font_size_unit":"px","ocean_menu_typo_font_weight":"","ocean_menu_typo_font_weight_tablet":"","ocean_menu_typo_font_weight_mobile":"","ocean_menu_typo_transform":"","ocean_menu_typo_transform_tablet":"","ocean_menu_typo_transform_mobile":"","ocean_menu_typo_line_height":0,"ocean_menu_typo_line_height_tablet":0,"ocean_menu_typo_line_height_mobile":0,"ocean_menu_typo_line_height_unit":"","ocean_menu_typo_spacing":0,"ocean_menu_typo_spacing_tablet":0,"ocean_menu_typo_spacing_mobile":0,"ocean_menu_typo_spacing_unit":"","ocean_menu_link_color":"","ocean_menu_link_color_hover":"","ocean_menu_link_color_active":"","ocean_menu_link_background":"","ocean_menu_link_hover_background":"","ocean_menu_link_active_background":"","ocean_menu_social_links_bg":"","ocean_menu_social_hover_links_bg":"","ocean_menu_social_links_color":"","ocean_menu_social_hover_links_color":"","ocean_disable_title":"default","ocean_disable_heading":"default","ocean_post_title":"","ocean_post_subheading":"","ocean_post_title_style":"","ocean_post_title_background_color":"","ocean_post_title_background":0,"ocean_post_title_bg_image_position":"","ocean_post_title_bg_image_attachment":"","ocean_post_title_bg_image_repeat":"","ocean_post_title_bg_image_size":"","ocean_post_title_height":0,"ocean_post_title_bg_overlay":0.5,"ocean_post_title_bg_overlay_color":"","ocean_disable_breadcrumbs":"default","ocean_breadcrumbs_color":"","ocean_breadcrumbs_separator_color":"","ocean_breadcrumbs_links_color":"","ocean_breadcrumbs_links_hover_color":"","ocean_display_footer_widgets":"default","ocean_display_footer_bottom":"default","ocean_custom_footer_template":""},"eaja_categoria":[104],"serie":[74],"eaja_componente":[80],"class_list":["post-4418","eaja","type-eaja","status-publish","has-post-thumbnail","hentry","eaja_categoria-2o-segmento-5a-e-6a-serie","serie-5a-serie","eaja_componente-geografia","entry","has-media"],"acf":[],"_links":{"self":[{"href":"https:\/\/sme.goiania.go.gov.br\/conexaoescola\/wp-json\/wp\/v2\/eaja\/4418","targetHints":{"allow":["GET"]}}],"collection":[{"href":"https:\/\/sme.goiania.go.gov.br\/conexaoescola\/wp-json\/wp\/v2\/eaja"}],"about":[{"href":"https:\/\/sme.goiania.go.gov.br\/conexaoescola\/wp-json\/wp\/v2\/types\/eaja"}],"author":[{"embeddable":true,"href":"https:\/\/sme.goiania.go.gov.br\/conexaoescola\/wp-json\/wp\/v2\/users\/19"}],"wp:featuredmedia":[{"embeddable":true,"href":"https:\/\/sme.goiania.go.gov.br\/conexaoescola\/wp-json\/wp\/v2\/media\/4386"}],"wp:attachment":[{"href":"https:\/\/sme.goiania.go.gov.br\/conexaoescola\/wp-json\/wp\/v2\/media?parent=4418"}],"wp:term":[{"taxonomy":"eaja_categoria","embeddable":true,"href":"https:\/\/sme.goiania.go.gov.br\/conexaoescola\/wp-json\/wp\/v2\/eaja_categoria?post=4418"},{"taxonomy":"serie","embeddable":true,"href":"https:\/\/sme.goiania.go.gov.br\/conexaoescola\/wp-json\/wp\/v2\/serie?post=4418"},{"taxonomy":"eaja_componente","embeddable":true,"href":"https:\/\/sme.goiania.go.gov.br\/conexaoescola\/wp-json\/wp\/v2\/eaja_componente?post=4418"}],"curies":[{"name":"wp","href":"https:\/\/api.w.org\/{rel}","templated":true}]}}

Geografia: AS QUEIMADAS NA AMAZÔNIA

<p class="has-cyan-bluish-gray-background-color has-background has-medium-font-size"><strong><em>Olá, estudante! Esta proposta de atividade de <span class="has-inline-color has-vivid-cyan-blue-color">Geografia</span>, para a&nbsp;<span class="has-inline-color has-vivid-cyan-blue-color">5ª série</span>&nbsp;da Eja, está disponível para você, aqui no Portal Conexão Escola, para que possa aprender mais sobre o tema proposto. Bons estudos!</em></strong></p>



<p class="has-text-align-center has-medium-font-size"><span class="has-inline-color has-vivid-green-cyan-color"><strong>As queimadas e os incêndios florestais que estão colocando em risco nossa biodiversidade!</strong></span></p>



<hr class="wp-block-separator"/>



<p>Olá, nossa atividade hoje será baseada em um assunto que está preocupando grande parte da população brasileira e mundial: As queimadas e os incêndios florestais que estão colocando em risco nossa biodiversidade!</p>



<p>O assunto abrange diversos temas, para a atividade de hoje vamos falar sobre &nbsp;as brigadas de incêndio!</p>



<p class="has-medium-font-size">Brigadas de incêndio são grupos de pessoas previamente treinadas, organizadas e capacitadas para realizar atendimento em situações de emergência, em ações de prevenção e combate aos incêndios.<br><br><strong><em><span class="has-inline-color has-vivid-green-cyan-color"><u>P</u>revenção</span></em> </strong>é o conjunto de tarefas a serem executadas dentro das unidades de conservação que minimizam os riscos de ocorrências de incêndios, por exemplo: o trabalho permanente de educação ambiental da população.<br><br><em><strong><span class="has-inline-color has-vivid-green-cyan-color"><u>A</u>tividades de combate</span></strong></em> são ações técnicas e táticas que resultam na extinção dos incêndios que ocorram, apesar das ações de prevenção.</p>



<hr class="wp-block-separator"/>



<p class="has-medium-font-size">A estratégia e a eficiência do combate dependem do tipo, da quantidade e da qualidade das ferramentas e dos equipamentos utilizados, assim como do condicionamento físico, da habilidade e do uso adequado desses materiais.<br>As ferramentas e os equipamentos destinados ao combate a incêndio florestal , segundo o Manual de Prevenção e Combate aos Incêndios Florestais, do Instituto Chico Mendes de Conservação da Biodiversidade, devem ter as seguintes características:<br>• Versatilidade – A ferramenta que deve ser funcional e atender a mais de uma finalidade.<br>• Portáteis – De fácil transporte, pequeno volume e pouco peso.<br>• Resistentes – Devem ser confeccionadas com material de boa qualidade.<br>• Simples – De fácil utilização, manutenção e reparo. • Padronização – O mesmo tipo de material utilizado em todas as unidades de conservação.</p>



<hr class="wp-block-separator"/>



<p class="has-medium-font-size">Quando os&nbsp;<em>brigadistas&nbsp;</em>estão em ação, a proteção deles está em primeiro lugar. Para evitar acidentes, o&nbsp;<em>combatente&nbsp;</em>deve estar protegido contra altas temperaturas e gases, utilizando vestimenta e máscara apropriadas.<br><br>Os materiais devem ser de uso exclusivo para o&nbsp;<em>combate ao fogo</em>. É preciso manter uma distância de, pelo menos, dois metros entre cada brigadista durante a ação. Para ter uma ideia da dimensão que são incêndios florestais, ou queimadas, vamos assistir ao vídeo e em seguida realize a <strong>atividade 1</strong> para conferir o que você aprendeu hoje.</p>



<figure class="wp-block-embed is-type-video is-provider-youtube wp-block-embed-youtube wp-embed-aspect-16-9 wp-has-aspect-ratio"><div class="wp-block-embed__wrapper">
<p class="responsive-video-wrap clr"><iframe title="A busca pelos animais feridos em meio ao fogo no Pantanal" width="1200" height="675" src="https://www.youtube.com/embed/fmK4raw1pO8?feature=oembed" frameborder="0" allow="accelerometer; autoplay; clipboard-write; encrypted-media; gyroscope; picture-in-picture" allowfullscreen></iframe></p>
</div><figcaption>https://www.youtube.com/watch?v=fmK4raw1pO8&amp;feature=youtu.be <br>A busca pelos animais feridos em meio ao fogo no Pantanal  &#8211;  Canal: The Intercept Brasil / Projeto Solos</figcaption></figure>



<p class="has-vivid-cyan-blue-background-color has-background has-medium-font-size"><strong>Atividade 1</strong> </p>



<p class="has-medium-font-size">O vídeo que você assistiu não é dessas últimas queimadas. Procure saber sobre as queimadas que estão acontecendo esses últimos dias e faça uma pequena narrativa sobre o fato, ou os fatos que você encontrou.</p>



<hr class="wp-block-separator"/>



<p class="has-text-align-center"><span class="has-inline-color has-vivid-green-cyan-color">Vamos torcer para que esses incêndios acabem o mais rápido possível! <br>As vidas e o Planeta agradecem!</span></p>



<hr class="wp-block-separator"/>



<p class="has-cyan-bluish-gray-background-color has-background has-medium-font-size"><strong>Professor, essa aula segue a Matriz Estruturante para a Eaja 2021. Foi elaborada no ano de 2020, com a suspensão das aulas presenciais devido a pandemia da Covid-19 e segue as orientações de flexibilização curricular para o biênio 2020/2021 (Ofício Circular 149/2020 Dirped).</strong></p>



<figure class="wp-block-table alignfull"><table><tbody><tr><td>Componente Curricular</td><td>Habilidades</td></tr><tr><td>Geografia</td><td>(EAJAGE0517) Analisar e problematizar as causas e as consequências das práticas humanas na dinâmica climática.</td></tr></tbody></table></figure>



<p></p>
