{"id":37861,"date":"2020-10-19T07:00:00","date_gmt":"2020-10-19T10:00:00","guid":{"rendered":"http:\/\/sme.goiania.go.gov.br\/conexaoescola\/?post_type=eaja&#038;p=37861"},"modified":"2021-11-16T18:23:47","modified_gmt":"2021-11-16T20:23:47","slug":"as-vitaminas","status":"publish","type":"eaja","link":"https:\/\/sme.goiania.go.gov.br\/conexaoescola\/eaja\/as-vitaminas\/","title":{"rendered":"Ci\u00eancias da Natureza &#8211; As vitaminas"},"content":{"rendered":"\n<p class=\"has-text-color has-background has-medium-font-size\" style=\"background-color:#fcf9ec;color:#000000\"><em>Ol\u00e1, estudante! <\/em><br><em>Esta aula foi veiculada na TV no dia 19\/10, ter\u00e7a-feira, contemplando o eixo Educa\u00e7\u00e3o Ambiental e Sa\u00fade. Aqui no Portal Conex\u00e3o Escola, ela est\u00e1 apresentada em forma de atividade, mas voc\u00ea pode assistir a videoaula quando desejar, acessando link na parte inferior da tela<\/em>.<\/p>\n\n\n\n<p class=\"has-text-align-center has-very-light-gray-color has-text-color has-background\" style=\"background-color:#79726f;font-size:24px\"><strong>A proposta dessa aula est\u00e1 relacionada a import\u00e2ncia das vitaminas para o nosso corpo.<\/strong><\/p>\n\n\n\n<div class=\"wp-block-image is-style-rounded\"><figure class=\"aligncenter size-large\"><img fetchpriority=\"high\" decoding=\"async\" width=\"1024\" height=\"700\" src=\"http:\/\/sme.goiania.go.gov.br\/conexaoescola\/wp-content\/uploads\/2020\/10\/vegetables-752153_1920-e1602895765665-1024x700.jpg\" alt=\"\" class=\"wp-image-37862\" srcset=\"https:\/\/sme.goiania.go.gov.br\/conexaoescola\/wp-content\/uploads\/2020\/10\/vegetables-752153_1920-e1602895765665-1024x700.jpg 1024w, https:\/\/sme.goiania.go.gov.br\/conexaoescola\/wp-content\/uploads\/2020\/10\/vegetables-752153_1920-e1602895765665-300x205.jpg 300w, https:\/\/sme.goiania.go.gov.br\/conexaoescola\/wp-content\/uploads\/2020\/10\/vegetables-752153_1920-e1602895765665-768x525.jpg 768w, https:\/\/sme.goiania.go.gov.br\/conexaoescola\/wp-content\/uploads\/2020\/10\/vegetables-752153_1920-e1602895765665-1536x1050.jpg 1536w, https:\/\/sme.goiania.go.gov.br\/conexaoescola\/wp-content\/uploads\/2020\/10\/vegetables-752153_1920-e1602895765665.jpg 1920w\" sizes=\"(max-width: 1024px) 100vw, 1024px\" \/><figcaption>verduras. Fonte: Pixabay<\/figcaption><\/figure><\/div>\n\n\n\n<p class=\"has-text-align-center has-vivid-red-color has-text-color\" style=\"font-size:24px\"><strong>As vitaminas<\/strong><\/p>\n\n\n\n<p class=\"has-text-color has-background has-medium-font-size\" style=\"background-color:#f3f0ef;color:#000000\">As vitaminas s\u00e3o nutrientes necess\u00e1rios para que os seres humanos possam crescer, se reproduzir e se manter saud\u00e1veis. S\u00f3 duas vitaminas s\u00e3o produzidas pelo corpo humano, s\u00e3o elas as vitaminas D e K. Ele fabrica a vitamina D quando a pele fica exposta \u00e0 luz do sol. Uma bact\u00e9ria dos intestinos produz a vitamina K. As outras s\u00e3o obtidas, de forma natural, por meio dos alimentos. Complexos vitam\u00ednicos s\u00e3o produzidos pela ind\u00fastria farmac\u00eautica para suprir a falta de algum tipo de vitamina.<\/p>\n\n\n\n<p class=\"has-text-align-right has-text-color has-background\" style=\"background-color:#f3f0ef;color:#000000;font-size:14px\"><em>Vitamina<\/em>. In&nbsp;<em>Britannica Escola.&nbsp;<\/em>Web,&nbsp;2020. Dispon\u00edvel em:&lt;https:\/\/escola.britannica.com.br\/artigo\/vitamina\/482815&gt;. Acesso em:&nbsp;16 de outubro de 2020.<\/p>\n\n\n\n<p class=\"has-text-align-center has-background\" style=\"background-color:#f7f5e4;font-size:21px\"><strong>Assista a videoaula da Professora Rafaela Lima sobre vitaminas:<\/strong><\/p>\n\n\n\n<figure class=\"wp-block-embed aligncenter is-type-video is-provider-youtube wp-block-embed-youtube wp-embed-aspect-16-9 wp-has-aspect-ratio\"><div class=\"wp-block-embed__wrapper\">\n<p class=\"responsive-video-wrap clr\"><iframe title=\"Aula sobre VITAMINAS\" width=\"1200\" height=\"675\" src=\"https:\/\/www.youtube.com\/embed\/8bOFOPkJh0Q?feature=oembed\" frameborder=\"0\" allow=\"accelerometer; autoplay; clipboard-write; encrypted-media; gyroscope; picture-in-picture\" allowfullscreen><\/iframe><\/p>\n<\/div><figcaption>Canal Mais Ci\u00eancias &#8211; Professora&nbsp;Rafaela Lima &#8211; Vitaminas  <\/figcaption><\/figure>\n\n\n\n<p class=\"has-very-light-gray-background-color has-background has-medium-font-size\"><strong>Atividade<\/strong><\/p>\n\n\n\n<p class=\"has-medium-font-size\">Quest\u00e3o 1 <br>Voc\u00ea consegue ter uma alimenta\u00e7\u00e3o saud\u00e1vel? Como est\u00e1 o seu consumo de vitaminas?<\/p>\n\n\n\n<p class=\"has-medium-font-size\">Quest\u00e3o 2 <br>Voc\u00ea&nbsp; ou algum familiar j\u00e1 tiveram alguma doen\u00e7a por falta de vitaminas?&nbsp;<\/p>\n\n\n\n<hr class=\"wp-block-separator is-style-wide\"\/>\n\n\n\n<p class=\"has-text-align-center has-vivid-red-color has-text-color\" style=\"font-size:24px\"><strong>As vitaminas e o nosso corpo<\/strong><\/p>\n\n\n\n<p class=\"has-text-color has-background has-medium-font-size\" style=\"background-color:#f3f0ef;color:#000000\">Os cientistas identificaram treze vitaminas: A, C, D, E, K e oito vitaminas do complexo B. Essas vitaminas podem ser obtidas com uma dieta saud\u00e1vel, de comidas variadas, incluindo muitas frutas, legumes e verduras, ou seja, manter uma dieta equilibrada e balanceada \u00e9 essencial para evitar e prevenir doen\u00e7as. Algumas vitaminas (do complexo B e a vitamina C) se dissolvem na \u00e1gua. O corpo armazena uma pequena quantidade dessas vitaminas, mas se desfaz da maior parte do que n\u00e3o utiliza. Outras vitaminas (A, D, E e K) n\u00e3o se dissolvem na \u00e1gua. Se o organismo n\u00e3o as usa de imediato, elas ficam armazenadas na gordura do corpo e no f\u00edgado. Consumir uma grande quantidade dessas vitaminas pode ser perigoso a longo prazo. Sendo assim, n\u00e3o fique tomando complexos vitam\u00ednicos sem a devida orienta\u00e7\u00e3o m\u00e9dica, pois isso poder\u00e1 te gerar mais problemas.&nbsp;<\/p>\n\n\n\n<p class=\"has-text-align-right has-background\" style=\"background-color:#f3f0ef\"><em>Vitamina<\/em>. In&nbsp;<em>Britannica Escola.&nbsp;<\/em>Web,&nbsp;2020. Dispon\u00edvel em:&lt;https:\/\/escola.britannica.com.br\/artigo\/vitamina\/482815&gt;. Acesso em:&nbsp;16 de outubro de 2020.<\/p>\n\n\n\n<p class=\"has-text-color has-medium-font-size\" style=\"color:#000000\">Quest\u00e3o 3 <br>Converse com seus familiares e amigos e pergunte a eles de forma individual, quem j\u00e1 tomou complexos vitam\u00ednicos, teve orienta\u00e7\u00f5es m\u00e9dicas e por qual motivo?&nbsp;<\/p>\n\n\n\n<p class=\"has-text-color has-medium-font-size\" style=\"color:#0a0a0a\">Quest\u00e3o 4 <br>Leia e preencha a tabela a seguir:&nbsp;<\/p>\n\n\n\n<figure class=\"wp-block-image\"><img decoding=\"async\" src=\"https:\/\/lh6.googleusercontent.com\/wJ_ePbKCeGNbYIt_16k-VRvc2J6R4Q9m8dUWtxEZOkOghCIV7ooVQWsLEPOYtIcYvegYhF_Vs1NQkcu45DfmBD9eRbCVA_fkK5fkZ0awsl_8TmS1pGk4C-yW5zWJIA\" alt=\"\"\/><\/figure>\n\n\n\n<p class=\"has-text-color has-medium-font-size\" style=\"color:#000000\">Quest\u00e3o 5 <br>Explique quais s\u00e3o os riscos do excesso de vitaminas no organismo:<\/p>\n\n\n\n<hr class=\"wp-block-separator is-style-wide\"\/>\n\n\n\n<p class=\"has-text-align-center has-medium-font-size\"><em>Em breve: Assista ao Programa Conex\u00e3o Escola &#8211; Vitaminas &#8211; Bloco 1<\/em><\/p>\n\n\n\n<hr class=\"wp-block-separator is-style-wide\"\/>\n\n\n\n<figure class=\"wp-block-table aligncenter is-style-stripes\"><table><tbody><tr><td>Refer\u00eancias:<\/td><td>Escola Brit\u00e2nica. Vitaminas. Dispon\u00edvel em: https:\/\/tinyurl.com\/y5z2s6wd Adaptado para fins pedag\u00f3gicos. Acesso em 28, set. de 2020.&nbsp;<\/td><\/tr><tr><td>Objetivos de Aprendizagem e Desenvolvimento:<\/td><td>(EAJACI0404) Descrever as cadeias alimentares, relacionar os seres vivos quanto \u00e0 nutri\u00e7\u00e3o e transfer\u00eancia de energia.<\/td><\/tr><tr><td>Componente Curricular:<\/td><td><strong>Ci\u00eancias Naturais<\/strong><\/td><\/tr><tr><td><\/td><td><\/td><\/tr><\/tbody><\/table><\/figure>\n","protected":false},"author":23,"featured_media":37862,"template":"","meta":{"_acf_changed":false,"ocean_post_layout":"","ocean_both_sidebars_style":"","ocean_both_sidebars_content_width":0,"ocean_both_sidebars_sidebars_width":0,"ocean_sidebar":"","ocean_second_sidebar":"","ocean_disable_margins":"enable","ocean_add_body_class":"","ocean_shortcode_before_top_bar":"","ocean_shortcode_after_top_bar":"","ocean_shortcode_before_header":"","ocean_shortcode_after_header":"","ocean_has_shortcode":"","ocean_shortcode_after_title":"","ocean_shortcode_before_footer_widgets":"","ocean_shortcode_after_footer_widgets":"","ocean_shortcode_before_footer_bottom":"","ocean_shortcode_after_footer_bottom":"","ocean_display_top_bar":"default","ocean_display_header":"default","ocean_header_style":"","ocean_center_header_left_menu":"","ocean_custom_header_template":"","ocean_custom_logo":0,"ocean_custom_retina_logo":0,"ocean_custom_logo_max_width":0,"ocean_custom_logo_tablet_max_width":0,"ocean_custom_logo_mobile_max_width":0,"ocean_custom_logo_max_height":0,"ocean_custom_logo_tablet_max_height":0,"ocean_custom_logo_mobile_max_height":0,"ocean_header_custom_menu":"","ocean_menu_typo_font_family":"","ocean_menu_typo_font_subset":"","ocean_menu_typo_font_size":0,"ocean_menu_typo_font_size_tablet":0,"ocean_menu_typo_font_size_mobile":0,"ocean_menu_typo_font_size_unit":"px","ocean_menu_typo_font_weight":"","ocean_menu_typo_font_weight_tablet":"","ocean_menu_typo_font_weight_mobile":"","ocean_menu_typo_transform":"","ocean_menu_typo_transform_tablet":"","ocean_menu_typo_transform_mobile":"","ocean_menu_typo_line_height":0,"ocean_menu_typo_line_height_tablet":0,"ocean_menu_typo_line_height_mobile":0,"ocean_menu_typo_line_height_unit":"","ocean_menu_typo_spacing":0,"ocean_menu_typo_spacing_tablet":0,"ocean_menu_typo_spacing_mobile":0,"ocean_menu_typo_spacing_unit":"","ocean_menu_link_color":"","ocean_menu_link_color_hover":"","ocean_menu_link_color_active":"","ocean_menu_link_background":"","ocean_menu_link_hover_background":"","ocean_menu_link_active_background":"","ocean_menu_social_links_bg":"","ocean_menu_social_hover_links_bg":"","ocean_menu_social_links_color":"","ocean_menu_social_hover_links_color":"","ocean_disable_title":"default","ocean_disable_heading":"default","ocean_post_title":"","ocean_post_subheading":"","ocean_post_title_style":"","ocean_post_title_background_color":"","ocean_post_title_background":0,"ocean_post_title_bg_image_position":"","ocean_post_title_bg_image_attachment":"","ocean_post_title_bg_image_repeat":"","ocean_post_title_bg_image_size":"","ocean_post_title_height":0,"ocean_post_title_bg_overlay":0.5,"ocean_post_title_bg_overlay_color":"","ocean_disable_breadcrumbs":"default","ocean_breadcrumbs_color":"","ocean_breadcrumbs_separator_color":"","ocean_breadcrumbs_links_color":"","ocean_breadcrumbs_links_hover_color":"","ocean_display_footer_widgets":"default","ocean_display_footer_bottom":"default","ocean_custom_footer_template":""},"eaja_categoria":[4],"serie":[73],"eaja_componente":[82],"class_list":["post-37861","eaja","type-eaja","status-publish","has-post-thumbnail","hentry","eaja_categoria-1o-segmento-1a-a-4a-serie","serie-4a-serie","eaja_componente-ciencias-da-natureza","entry","has-media"],"acf":[],"_links":{"self":[{"href":"https:\/\/sme.goiania.go.gov.br\/conexaoescola\/wp-json\/wp\/v2\/eaja\/37861","targetHints":{"allow":["GET"]}}],"collection":[{"href":"https:\/\/sme.goiania.go.gov.br\/conexaoescola\/wp-json\/wp\/v2\/eaja"}],"about":[{"href":"https:\/\/sme.goiania.go.gov.br\/conexaoescola\/wp-json\/wp\/v2\/types\/eaja"}],"author":[{"embeddable":true,"href":"https:\/\/sme.goiania.go.gov.br\/conexaoescola\/wp-json\/wp\/v2\/users\/23"}],"wp:featuredmedia":[{"embeddable":true,"href":"https:\/\/sme.goiania.go.gov.br\/conexaoescola\/wp-json\/wp\/v2\/media\/37862"}],"wp:attachment":[{"href":"https:\/\/sme.goiania.go.gov.br\/conexaoescola\/wp-json\/wp\/v2\/media?parent=37861"}],"wp:term":[{"taxonomy":"eaja_categoria","embeddable":true,"href":"https:\/\/sme.goiania.go.gov.br\/conexaoescola\/wp-json\/wp\/v2\/eaja_categoria?post=37861"},{"taxonomy":"serie","embeddable":true,"href":"https:\/\/sme.goiania.go.gov.br\/conexaoescola\/wp-json\/wp\/v2\/serie?post=37861"},{"taxonomy":"eaja_componente","embeddable":true,"href":"https:\/\/sme.goiania.go.gov.br\/conexaoescola\/wp-json\/wp\/v2\/eaja_componente?post=37861"}],"curies":[{"name":"wp","href":"https:\/\/api.w.org\/{rel}","templated":true}]}}

Ciências da Natureza &#8211; As vitaminas

<p class="has-text-color has-background has-medium-font-size" style="background-color:#fcf9ec;color:#000000"><em>Olá, estudante! </em><br><em>Esta aula foi veiculada na TV no dia 19/10, terça-feira, contemplando o eixo Educação Ambiental e Saúde. Aqui no Portal Conexão Escola, ela está apresentada em forma de atividade, mas você pode assistir a videoaula quando desejar, acessando link na parte inferior da tela</em>.</p>



<p class="has-text-align-center has-very-light-gray-color has-text-color has-background" style="background-color:#79726f;font-size:24px"><strong>A proposta dessa aula está relacionada a importância das vitaminas para o nosso corpo.</strong></p>



<div class="wp-block-image is-style-rounded"><figure class="aligncenter size-large"><img fetchpriority="high" decoding="async" width="1024" height="700" src="http://sme.goiania.go.gov.br/conexaoescola/wp-content/uploads/2020/10/vegetables-752153_1920-e1602895765665-1024x700.jpg" alt="" class="wp-image-37862" srcset="https://sme.goiania.go.gov.br/conexaoescola/wp-content/uploads/2020/10/vegetables-752153_1920-e1602895765665-1024x700.jpg 1024w, https://sme.goiania.go.gov.br/conexaoescola/wp-content/uploads/2020/10/vegetables-752153_1920-e1602895765665-300x205.jpg 300w, https://sme.goiania.go.gov.br/conexaoescola/wp-content/uploads/2020/10/vegetables-752153_1920-e1602895765665-768x525.jpg 768w, https://sme.goiania.go.gov.br/conexaoescola/wp-content/uploads/2020/10/vegetables-752153_1920-e1602895765665-1536x1050.jpg 1536w, https://sme.goiania.go.gov.br/conexaoescola/wp-content/uploads/2020/10/vegetables-752153_1920-e1602895765665.jpg 1920w" sizes="(max-width: 1024px) 100vw, 1024px" /><figcaption>verduras. Fonte: Pixabay</figcaption></figure></div>



<p class="has-text-align-center has-vivid-red-color has-text-color" style="font-size:24px"><strong>As vitaminas</strong></p>



<p class="has-text-color has-background has-medium-font-size" style="background-color:#f3f0ef;color:#000000">As vitaminas são nutrientes necessários para que os seres humanos possam crescer, se reproduzir e se manter saudáveis. Só duas vitaminas são produzidas pelo corpo humano, são elas as vitaminas D e K. Ele fabrica a vitamina D quando a pele fica exposta à luz do sol. Uma bactéria dos intestinos produz a vitamina K. As outras são obtidas, de forma natural, por meio dos alimentos. Complexos vitamínicos são produzidos pela indústria farmacêutica para suprir a falta de algum tipo de vitamina.</p>



<p class="has-text-align-right has-text-color has-background" style="background-color:#f3f0ef;color:#000000;font-size:14px"><em>Vitamina</em>. In&nbsp;<em>Britannica Escola.&nbsp;</em>Web,&nbsp;2020. Disponível em:&lt;https://escola.britannica.com.br/artigo/vitamina/482815&gt;. Acesso em:&nbsp;16 de outubro de 2020.</p>



<p class="has-text-align-center has-background" style="background-color:#f7f5e4;font-size:21px"><strong>Assista a videoaula da Professora Rafaela Lima sobre vitaminas:</strong></p>



<figure class="wp-block-embed aligncenter is-type-video is-provider-youtube wp-block-embed-youtube wp-embed-aspect-16-9 wp-has-aspect-ratio"><div class="wp-block-embed__wrapper">
<p class="responsive-video-wrap clr"><iframe title="Aula sobre VITAMINAS" width="1200" height="675" src="https://www.youtube.com/embed/8bOFOPkJh0Q?feature=oembed" frameborder="0" allow="accelerometer; autoplay; clipboard-write; encrypted-media; gyroscope; picture-in-picture" allowfullscreen></iframe></p>
</div><figcaption>Canal Mais Ciências &#8211; Professora&nbsp;Rafaela Lima &#8211; Vitaminas  </figcaption></figure>



<p class="has-very-light-gray-background-color has-background has-medium-font-size"><strong>Atividade</strong></p>



<p class="has-medium-font-size">Questão 1 <br>Você consegue ter uma alimentação saudável? Como está o seu consumo de vitaminas?</p>



<p class="has-medium-font-size">Questão 2 <br>Você&nbsp; ou algum familiar já tiveram alguma doença por falta de vitaminas?&nbsp;</p>



<hr class="wp-block-separator is-style-wide"/>



<p class="has-text-align-center has-vivid-red-color has-text-color" style="font-size:24px"><strong>As vitaminas e o nosso corpo</strong></p>



<p class="has-text-color has-background has-medium-font-size" style="background-color:#f3f0ef;color:#000000">Os cientistas identificaram treze vitaminas: A, C, D, E, K e oito vitaminas do complexo B. Essas vitaminas podem ser obtidas com uma dieta saudável, de comidas variadas, incluindo muitas frutas, legumes e verduras, ou seja, manter uma dieta equilibrada e balanceada é essencial para evitar e prevenir doenças. Algumas vitaminas (do complexo B e a vitamina C) se dissolvem na água. O corpo armazena uma pequena quantidade dessas vitaminas, mas se desfaz da maior parte do que não utiliza. Outras vitaminas (A, D, E e K) não se dissolvem na água. Se o organismo não as usa de imediato, elas ficam armazenadas na gordura do corpo e no fígado. Consumir uma grande quantidade dessas vitaminas pode ser perigoso a longo prazo. Sendo assim, não fique tomando complexos vitamínicos sem a devida orientação médica, pois isso poderá te gerar mais problemas.&nbsp;</p>



<p class="has-text-align-right has-background" style="background-color:#f3f0ef"><em>Vitamina</em>. In&nbsp;<em>Britannica Escola.&nbsp;</em>Web,&nbsp;2020. Disponível em:&lt;https://escola.britannica.com.br/artigo/vitamina/482815&gt;. Acesso em:&nbsp;16 de outubro de 2020.</p>



<p class="has-text-color has-medium-font-size" style="color:#000000">Questão 3 <br>Converse com seus familiares e amigos e pergunte a eles de forma individual, quem já tomou complexos vitamínicos, teve orientações médicas e por qual motivo?&nbsp;</p>



<p class="has-text-color has-medium-font-size" style="color:#0a0a0a">Questão 4 <br>Leia e preencha a tabela a seguir:&nbsp;</p>



<figure class="wp-block-image"><img decoding="async" src="https://lh6.googleusercontent.com/wJ_ePbKCeGNbYIt_16k-VRvc2J6R4Q9m8dUWtxEZOkOghCIV7ooVQWsLEPOYtIcYvegYhF_Vs1NQkcu45DfmBD9eRbCVA_fkK5fkZ0awsl_8TmS1pGk4C-yW5zWJIA" alt=""/></figure>



<p class="has-text-color has-medium-font-size" style="color:#000000">Questão 5 <br>Explique quais são os riscos do excesso de vitaminas no organismo:</p>



<hr class="wp-block-separator is-style-wide"/>



<p class="has-text-align-center has-medium-font-size"><em>Em breve: Assista ao Programa Conexão Escola &#8211; Vitaminas &#8211; Bloco 1</em></p>



<hr class="wp-block-separator is-style-wide"/>



<figure class="wp-block-table aligncenter is-style-stripes"><table><tbody><tr><td>Referências:</td><td>Escola Britânica. Vitaminas. Disponível em: https://tinyurl.com/y5z2s6wd Adaptado para fins pedagógicos. Acesso em 28, set. de 2020.&nbsp;</td></tr><tr><td>Objetivos de Aprendizagem e Desenvolvimento:</td><td>(EAJACI0404) Descrever as cadeias alimentares, relacionar os seres vivos quanto à nutrição e transferência de energia.</td></tr><tr><td>Componente Curricular:</td><td><strong>Ciências Naturais</strong></td></tr><tr><td></td><td></td></tr></tbody></table></figure>
