{"id":37712,"date":"2020-10-19T07:01:00","date_gmt":"2020-10-19T10:01:00","guid":{"rendered":"http:\/\/sme.goiania.go.gov.br\/conexaoescola\/?post_type=eaja&#038;p=37712"},"modified":"2021-10-19T09:30:23","modified_gmt":"2021-10-19T12:30:23","slug":"consumo-x-lixo","status":"publish","type":"eaja","link":"https:\/\/sme.goiania.go.gov.br\/conexaoescola\/eaja\/consumo-x-lixo\/","title":{"rendered":"Consumo X Lixo"},"content":{"rendered":"\n<p class=\"has-text-color has-medium-font-size\" style=\"color:#0e6090\">Ol\u00e1, como vai?<\/p>\n\n\n\n<p class=\"has-medium-font-size\">Como voc\u00ea e sua fam\u00edlia tem tratado seus res\u00edduos di\u00e1rios? Voc\u00ea sabia que em 2010 foi sancionada a Pol\u00edtica Nacional de Res\u00edduos S\u00f3lidos, em que estabelecia prazo at\u00e9 2014 para o encerramento da utiliza\u00e7\u00e3o de lix\u00f5es como forma de descartar nossos res\u00edduos s\u00f3lidos? Tudo indica que a lei n\u00e3o supriu o resultado adequado e os lix\u00f5es continuam a ser utilizados como forma principal de descarte final de res\u00edduos s\u00f3lidos. Vamos dialogar um pouco mais a respeito dessa quest\u00e3o e relaciona-la com esse per\u00edodo de pandemia atual. <\/p>\n\n\n\n<hr class=\"wp-block-separator has-text-color has-background has-luminous-vivid-orange-background-color has-luminous-vivid-orange-color\"\/>\n\n\n\n<h2 class=\"has-luminous-vivid-amber-background-color has-background wp-block-heading\"><strong>ATIVIDADE 1<\/strong><\/h2>\n\n\n\n<p class=\"has-medium-font-size\">Durante este per\u00edodo de pandemia, as fam\u00edlias est\u00e3o em casa com isso a produ\u00e7\u00e3o de lixo tem aumentado. Assista o v\u00eddeo abaixo para saber mais sobre descarte de res\u00edduos s\u00f3lidos:<\/p>\n\n\n\n<figure class=\"wp-block-embed is-type-video is-provider-youtube wp-block-embed-youtube wp-embed-aspect-16-9 wp-has-aspect-ratio\"><div class=\"wp-block-embed__wrapper\">\n<p class=\"responsive-video-wrap clr\"><iframe title=\"O que cada um pode fazer para produzir menos lixo\" width=\"1200\" height=\"675\" src=\"https:\/\/www.youtube.com\/embed\/JAvRK1dO8AE?feature=oembed\" frameborder=\"0\" allow=\"accelerometer; autoplay; clipboard-write; encrypted-media; gyroscope; picture-in-picture\" allowfullscreen><\/iframe><\/p>\n<\/div><figcaption>&#8220;O que cada um pode fazer para produzir menos lixo&#8221; &#8211; Canal: <a href=\"https:\/\/www.youtube.com\/channel\/UC6YHWUqojQdsJuU2oj5yfXA\">Senado Federal<\/a><br>Link: https:\/\/www.youtube.com\/watch?v=JAvRK1dO8AE<\/figcaption><\/figure>\n\n\n\n<p class=\"has-medium-font-size\">Pense e escreva como a sua fam\u00edlia lida com a produ\u00e7\u00e3o do lixo. Converse com seus familiares como voc\u00eas podem reduzir essa produ\u00e7\u00e3o do lixo produzido em casa.<\/p>\n\n\n\n<hr class=\"wp-block-separator has-text-color has-background has-luminous-vivid-orange-background-color has-luminous-vivid-orange-color\"\/>\n\n\n\n<h2 class=\"has-pale-cyan-blue-background-color has-background wp-block-heading\"><strong>ATIVIDADE 2<\/strong><\/h2>\n\n\n\n<p class=\"has-medium-font-size\">E sobre o seu consumo di\u00e1rio, existe uma rela\u00e7\u00e3o direta entre o que consumimos e o quanto consumimos com a gera\u00e7\u00e3o de lixo que \u00e9 descartado posteriormente.<\/p>\n\n\n\n<p class=\"has-medium-font-size\">Veja o v\u00eddeo abaixo para contextualizarmos a quest\u00e3o do consumismo com a gera\u00e7\u00e3o desenfreada de lixo.<\/p>\n\n\n\n<figure class=\"wp-block-embed is-type-video is-provider-youtube wp-block-embed-youtube wp-embed-aspect-16-9 wp-has-aspect-ratio\"><div class=\"wp-block-embed__wrapper\">\n<p class=\"responsive-video-wrap clr\"><iframe title=\"Neuroci\u00eancia E H\u00e1bitos De Consumo Com Cl\u00e1udia Feitosa-Santana | Entrevista\" width=\"1200\" height=\"675\" src=\"https:\/\/www.youtube.com\/embed\/p33EXSiJuvc?feature=oembed\" frameborder=\"0\" allow=\"accelerometer; autoplay; clipboard-write; encrypted-media; gyroscope; picture-in-picture\" allowfullscreen><\/iframe><\/p>\n<\/div><figcaption>&#8220;Neuroci\u00eancia E H\u00e1bitos De Consumo Com Cl\u00e1udia Feitosa-Santana | Entrevista&#8221; &#8211; Canal:<a href=\"https:\/\/www.youtube.com\/channel\/UC2mmP8ysfyko40KSn90x6Og\">Canal Futura<\/a> &#8211; Link: https:\/\/www.youtube.com\/watch?v=p33EXSiJuvc<\/figcaption><\/figure>\n\n\n\n<p class=\"has-medium-font-size\">Ap\u00f3s assistir o v\u00eddeo, responda as quest\u00f5es a seguir:<\/p>\n\n\n\n<p class=\"has-medium-font-size\">Voc\u00ea j\u00e1 se percebeu comprando algo por impulso ap\u00f3s assistir alguma propaganda? Como foi? Descreva a sensa\u00e7\u00e3o em seu caderno<\/p>\n\n\n\n<hr class=\"wp-block-separator has-text-color has-background has-luminous-vivid-amber-background-color has-luminous-vivid-amber-color\"\/>\n\n\n\n<h2 class=\"has-light-green-cyan-background-color has-background wp-block-heading\"><strong>ATIVIDADE 3<\/strong><\/h2>\n\n\n\n<p class=\"has-medium-font-size\">No primeiro v\u00eddeo foi falado sobre compostagem, o quanto \u00e9 importante e auxilia na diminui\u00e7\u00e3o do lixo org\u00e2nico produzido, vamos produzir uma composteira? E utilizar os res\u00edduos para adubar as plantas.<\/p>\n\n\n\n<p class=\"has-medium-font-size\">Compostagem&nbsp;\u00e9 o processo biol\u00f3gico de valoriza\u00e7\u00e3o da mat\u00e9ria org\u00e2nica, seja ela de origem urbana,&nbsp;dom\u00e9stica, industrial, agr\u00edcola ou florestal, e pode ser considerada como um tipo de reciclagem do lixo org\u00e2nico. Trata-se de um processo natural em que os micro-organismos, como fungos e bact\u00e9rias, s\u00e3o respons\u00e1veis pela degrada\u00e7\u00e3o de mat\u00e9ria org\u00e2nica, transformando-a em&nbsp;h\u00famus, um material muito rico em nutrientes e f\u00e9rtil.<\/p>\n\n\n\n<p class=\"has-medium-font-size\">Para mais informa\u00e7\u00f5es e aprender a como fazer uma composteira, acesse o link a seguir:<\/p>\n\n\n\n<p class=\"has-very-dark-gray-color has-luminous-vivid-orange-background-color has-text-color has-background has-medium-font-size\"><a href=\"https:\/\/www.ecycle.com.br\/2368-compostagem.html\">https:\/\/www.ecycle.com.br\/2368-compostagem.html<\/a><\/p>\n\n\n\n<hr class=\"wp-block-separator has-text-color has-background has-vivid-cyan-blue-background-color has-vivid-cyan-blue-color\"\/>\n\n\n\n<figure class=\"wp-block-table alignfull\"><table><tbody><tr><td>Componente(s) Curricular(res)<\/td><td>GeografiaCi\u00eancias&nbsp;L\u00edngua Portuguesa<\/td><\/tr><tr><td>Objetivos de Aprendizagem e Desenvolvimento<\/td><td>Produ\u00e7\u00e3o, circula\u00e7\u00e3o e consumo: Consumo e consumismo. Consumo consciente. Produ\u00e7\u00e3o de lixo e suas consequ\u00eancias (EAJAGE0313) Relacionar a produ\u00e7\u00e3o de lixo aos problemas causados pela produ\u00e7\u00e3o, circula\u00e7\u00e3o e consumo excessivo de bens, mercadorias e servi\u00e7os; (EAJAGE0314) Perceber a influ\u00eancia da m\u00eddia nos h\u00e1bitos de consumo e consumismo, compreendendo a necessidade de mudan\u00e7a de h\u00e1bitos para o consumo consciente em sociedade, considerando a amplia\u00e7\u00e3o de h\u00e1bitos de redu\u00e7\u00e3o, reuso e reciclagem\/descarte de materiais consumidos em casa, na escola e\/ou no entorno;&nbsp; (EAJACI0312) Identificar os preju\u00edzos causados pelo lixo ao ambiente e compreender a necessidade de reduzir sua produ\u00e7\u00e3o para minimizar os impactos negativos ao meio ambiente e \u00e0 sa\u00fade do ser humano;&nbsp; (EAJACI0313) Reconhecer as formas de descarte, reutiliza\u00e7\u00e3o e\/ou reciclagem de materiais consumidos cotidianamente e destacar os res\u00edduos como fonte de mat\u00e9ria-prima.<\/td><\/tr><\/tbody><\/table><\/figure>\n\n\n\n<hr class=\"wp-block-separator has-text-color has-background has-pale-cyan-blue-background-color has-pale-cyan-blue-color\"\/>\n\n\n\n<figure class=\"wp-block-table alignfull\"><table><tbody><tr><td>Professor:<\/td><td>Marcela dos Santos e Santos<\/td><\/tr><tr><td>Institui\u00e7\u00e3o Educacional:<\/td><td>Escola Municipal Pedro Costa de Medeiros<\/td><\/tr><\/tbody><\/table><\/figure>\n\n\n\n<hr class=\"wp-block-separator has-text-color has-background has-vivid-purple-background-color has-vivid-purple-color\"\/>\n\n\n\n<p class=\"has-text-align-center has-medium-font-size\">EAJA &#8211; Experi\u00eancia e Curiosidade &#8211; 1\u00ba Segmento &#8211; 3\u00aa S\u00e9rie<\/p>\n","protected":false},"author":26,"featured_media":37721,"template":"","meta":{"_acf_changed":false,"ocean_post_layout":"","ocean_both_sidebars_style":"","ocean_both_sidebars_content_width":0,"ocean_both_sidebars_sidebars_width":0,"ocean_sidebar":"","ocean_second_sidebar":"","ocean_disable_margins":"enable","ocean_add_body_class":"","ocean_shortcode_before_top_bar":"","ocean_shortcode_after_top_bar":"","ocean_shortcode_before_header":"","ocean_shortcode_after_header":"","ocean_has_shortcode":"","ocean_shortcode_after_title":"","ocean_shortcode_before_footer_widgets":"","ocean_shortcode_after_footer_widgets":"","ocean_shortcode_before_footer_bottom":"","ocean_shortcode_after_footer_bottom":"","ocean_display_top_bar":"default","ocean_display_header":"default","ocean_header_style":"","ocean_center_header_left_menu":"","ocean_custom_header_template":"","ocean_custom_logo":0,"ocean_custom_retina_logo":0,"ocean_custom_logo_max_width":0,"ocean_custom_logo_tablet_max_width":0,"ocean_custom_logo_mobile_max_width":0,"ocean_custom_logo_max_height":0,"ocean_custom_logo_tablet_max_height":0,"ocean_custom_logo_mobile_max_height":0,"ocean_header_custom_menu":"","ocean_menu_typo_font_family":"","ocean_menu_typo_font_subset":"","ocean_menu_typo_font_size":0,"ocean_menu_typo_font_size_tablet":0,"ocean_menu_typo_font_size_mobile":0,"ocean_menu_typo_font_size_unit":"px","ocean_menu_typo_font_weight":"","ocean_menu_typo_font_weight_tablet":"","ocean_menu_typo_font_weight_mobile":"","ocean_menu_typo_transform":"","ocean_menu_typo_transform_tablet":"","ocean_menu_typo_transform_mobile":"","ocean_menu_typo_line_height":0,"ocean_menu_typo_line_height_tablet":0,"ocean_menu_typo_line_height_mobile":0,"ocean_menu_typo_line_height_unit":"","ocean_menu_typo_spacing":0,"ocean_menu_typo_spacing_tablet":0,"ocean_menu_typo_spacing_mobile":0,"ocean_menu_typo_spacing_unit":"","ocean_menu_link_color":"","ocean_menu_link_color_hover":"","ocean_menu_link_color_active":"","ocean_menu_link_background":"","ocean_menu_link_hover_background":"","ocean_menu_link_active_background":"","ocean_menu_social_links_bg":"","ocean_menu_social_hover_links_bg":"","ocean_menu_social_links_color":"","ocean_menu_social_hover_links_color":"","ocean_disable_title":"default","ocean_disable_heading":"default","ocean_post_title":"","ocean_post_subheading":"","ocean_post_title_style":"","ocean_post_title_background_color":"","ocean_post_title_background":0,"ocean_post_title_bg_image_position":"","ocean_post_title_bg_image_attachment":"","ocean_post_title_bg_image_repeat":"","ocean_post_title_bg_image_size":"","ocean_post_title_height":0,"ocean_post_title_bg_overlay":0.5,"ocean_post_title_bg_overlay_color":"","ocean_disable_breadcrumbs":"default","ocean_breadcrumbs_color":"","ocean_breadcrumbs_separator_color":"","ocean_breadcrumbs_links_color":"","ocean_breadcrumbs_links_hover_color":"","ocean_display_footer_widgets":"default","ocean_display_footer_bottom":"default","ocean_custom_footer_template":""},"eaja_categoria":[4],"serie":[72],"eaja_componente":[82,80,77],"class_list":["post-37712","eaja","type-eaja","status-publish","has-post-thumbnail","hentry","eaja_categoria-1o-segmento-1a-a-4a-serie","serie-3a-serie","eaja_componente-ciencias-da-natureza","eaja_componente-geografia","eaja_componente-lingua-portuguesa","entry","has-media"],"acf":[],"_links":{"self":[{"href":"https:\/\/sme.goiania.go.gov.br\/conexaoescola\/wp-json\/wp\/v2\/eaja\/37712","targetHints":{"allow":["GET"]}}],"collection":[{"href":"https:\/\/sme.goiania.go.gov.br\/conexaoescola\/wp-json\/wp\/v2\/eaja"}],"about":[{"href":"https:\/\/sme.goiania.go.gov.br\/conexaoescola\/wp-json\/wp\/v2\/types\/eaja"}],"author":[{"embeddable":true,"href":"https:\/\/sme.goiania.go.gov.br\/conexaoescola\/wp-json\/wp\/v2\/users\/26"}],"wp:featuredmedia":[{"embeddable":true,"href":"https:\/\/sme.goiania.go.gov.br\/conexaoescola\/wp-json\/wp\/v2\/media\/37721"}],"wp:attachment":[{"href":"https:\/\/sme.goiania.go.gov.br\/conexaoescola\/wp-json\/wp\/v2\/media?parent=37712"}],"wp:term":[{"taxonomy":"eaja_categoria","embeddable":true,"href":"https:\/\/sme.goiania.go.gov.br\/conexaoescola\/wp-json\/wp\/v2\/eaja_categoria?post=37712"},{"taxonomy":"serie","embeddable":true,"href":"https:\/\/sme.goiania.go.gov.br\/conexaoescola\/wp-json\/wp\/v2\/serie?post=37712"},{"taxonomy":"eaja_componente","embeddable":true,"href":"https:\/\/sme.goiania.go.gov.br\/conexaoescola\/wp-json\/wp\/v2\/eaja_componente?post=37712"}],"curies":[{"name":"wp","href":"https:\/\/api.w.org\/{rel}","templated":true}]}}

<p class="has-text-color has-medium-font-size" style="color:#0e6090">Olá, como vai?</p>



<p class="has-medium-font-size">Como você e sua família tem tratado seus resíduos diários? Você sabia que em 2010 foi sancionada a Política Nacional de Resíduos Sólidos, em que estabelecia prazo até 2014 para o encerramento da utilização de lixões como forma de descartar nossos resíduos sólidos? Tudo indica que a lei não supriu o resultado adequado e os lixões continuam a ser utilizados como forma principal de descarte final de resíduos sólidos. Vamos dialogar um pouco mais a respeito dessa questão e relaciona-la com esse período de pandemia atual. </p>



<hr class="wp-block-separator has-text-color has-background has-luminous-vivid-orange-background-color has-luminous-vivid-orange-color"/>



<h2 class="has-luminous-vivid-amber-background-color has-background wp-block-heading"><strong>ATIVIDADE 1</strong></h2>



<p class="has-medium-font-size">Durante este período de pandemia, as famílias estão em casa com isso a produção de lixo tem aumentado. Assista o vídeo abaixo para saber mais sobre descarte de resíduos sólidos:</p>



<figure class="wp-block-embed is-type-video is-provider-youtube wp-block-embed-youtube wp-embed-aspect-16-9 wp-has-aspect-ratio"><div class="wp-block-embed__wrapper">
<p class="responsive-video-wrap clr"><iframe title="O que cada um pode fazer para produzir menos lixo" width="1200" height="675" src="https://www.youtube.com/embed/JAvRK1dO8AE?feature=oembed" frameborder="0" allow="accelerometer; autoplay; clipboard-write; encrypted-media; gyroscope; picture-in-picture" allowfullscreen></iframe></p>
</div><figcaption>&#8220;O que cada um pode fazer para produzir menos lixo&#8221; &#8211; Canal: <a href="https://www.youtube.com/channel/UC6YHWUqojQdsJuU2oj5yfXA">Senado Federal</a><br>Link: https://www.youtube.com/watch?v=JAvRK1dO8AE</figcaption></figure>



<p class="has-medium-font-size">Pense e escreva como a sua família lida com a produção do lixo. Converse com seus familiares como vocês podem reduzir essa produção do lixo produzido em casa.</p>



<hr class="wp-block-separator has-text-color has-background has-luminous-vivid-orange-background-color has-luminous-vivid-orange-color"/>



<h2 class="has-pale-cyan-blue-background-color has-background wp-block-heading"><strong>ATIVIDADE 2</strong></h2>



<p class="has-medium-font-size">E sobre o seu consumo diário, existe uma relação direta entre o que consumimos e o quanto consumimos com a geração de lixo que é descartado posteriormente.</p>



<p class="has-medium-font-size">Veja o vídeo abaixo para contextualizarmos a questão do consumismo com a geração desenfreada de lixo.</p>



<figure class="wp-block-embed is-type-video is-provider-youtube wp-block-embed-youtube wp-embed-aspect-16-9 wp-has-aspect-ratio"><div class="wp-block-embed__wrapper">
<p class="responsive-video-wrap clr"><iframe title="Neurociência E Hábitos De Consumo Com Cláudia Feitosa-Santana | Entrevista" width="1200" height="675" src="https://www.youtube.com/embed/p33EXSiJuvc?feature=oembed" frameborder="0" allow="accelerometer; autoplay; clipboard-write; encrypted-media; gyroscope; picture-in-picture" allowfullscreen></iframe></p>
</div><figcaption>&#8220;Neurociência E Hábitos De Consumo Com Cláudia Feitosa-Santana | Entrevista&#8221; &#8211; Canal:<a href="https://www.youtube.com/channel/UC2mmP8ysfyko40KSn90x6Og">Canal Futura</a> &#8211; Link: https://www.youtube.com/watch?v=p33EXSiJuvc</figcaption></figure>



<p class="has-medium-font-size">Após assistir o vídeo, responda as questões a seguir:</p>



<p class="has-medium-font-size">Você já se percebeu comprando algo por impulso após assistir alguma propaganda? Como foi? Descreva a sensação em seu caderno</p>



<hr class="wp-block-separator has-text-color has-background has-luminous-vivid-amber-background-color has-luminous-vivid-amber-color"/>



<h2 class="has-light-green-cyan-background-color has-background wp-block-heading"><strong>ATIVIDADE 3</strong></h2>



<p class="has-medium-font-size">No primeiro vídeo foi falado sobre compostagem, o quanto é importante e auxilia na diminuição do lixo orgânico produzido, vamos produzir uma composteira? E utilizar os resíduos para adubar as plantas.</p>



<p class="has-medium-font-size">Compostagem&nbsp;é o processo biológico de valorização da matéria orgânica, seja ela de origem urbana,&nbsp;doméstica, industrial, agrícola ou florestal, e pode ser considerada como um tipo de reciclagem do lixo orgânico. Trata-se de um processo natural em que os micro-organismos, como fungos e bactérias, são responsáveis pela degradação de matéria orgânica, transformando-a em&nbsp;húmus, um material muito rico em nutrientes e fértil.</p>



<p class="has-medium-font-size">Para mais informações e aprender a como fazer uma composteira, acesse o link a seguir:</p>



<p class="has-very-dark-gray-color has-luminous-vivid-orange-background-color has-text-color has-background has-medium-font-size"><a href="https://www.ecycle.com.br/2368-compostagem.html">https://www.ecycle.com.br/2368-compostagem.html</a></p>



<hr class="wp-block-separator has-text-color has-background has-vivid-cyan-blue-background-color has-vivid-cyan-blue-color"/>



<figure class="wp-block-table alignfull"><table><tbody><tr><td>Componente(s) Curricular(res)</td><td>GeografiaCiências&nbsp;Língua Portuguesa</td></tr><tr><td>Objetivos de Aprendizagem e Desenvolvimento</td><td>Produção, circulação e consumo: Consumo e consumismo. Consumo consciente. Produção de lixo e suas consequências (EAJAGE0313) Relacionar a produção de lixo aos problemas causados pela produção, circulação e consumo excessivo de bens, mercadorias e serviços; (EAJAGE0314) Perceber a influência da mídia nos hábitos de consumo e consumismo, compreendendo a necessidade de mudança de hábitos para o consumo consciente em sociedade, considerando a ampliação de hábitos de redução, reuso e reciclagem/descarte de materiais consumidos em casa, na escola e/ou no entorno;&nbsp; (EAJACI0312) Identificar os prejuízos causados pelo lixo ao ambiente e compreender a necessidade de reduzir sua produção para minimizar os impactos negativos ao meio ambiente e à saúde do ser humano;&nbsp; (EAJACI0313) Reconhecer as formas de descarte, reutilização e/ou reciclagem de materiais consumidos cotidianamente e destacar os resíduos como fonte de matéria-prima.</td></tr></tbody></table></figure>



<hr class="wp-block-separator has-text-color has-background has-pale-cyan-blue-background-color has-pale-cyan-blue-color"/>



<figure class="wp-block-table alignfull"><table><tbody><tr><td>Professor:</td><td>Marcela dos Santos e Santos</td></tr><tr><td>Instituição Educacional:</td><td>Escola Municipal Pedro Costa de Medeiros</td></tr></tbody></table></figure>



<hr class="wp-block-separator has-text-color has-background has-vivid-purple-background-color has-vivid-purple-color"/>



<p class="has-text-align-center has-medium-font-size">EAJA &#8211; Experiência e Curiosidade &#8211; 1º Segmento &#8211; 3ª Série</p>
