{"id":36119,"date":"2020-10-19T07:00:00","date_gmt":"2020-10-19T10:00:00","guid":{"rendered":"http:\/\/sme.goiania.go.gov.br\/conexaoescola\/?post_type=eaja&#038;p=36119"},"modified":"2021-10-19T09:34:35","modified_gmt":"2021-10-19T12:34:35","slug":"fique-em-casa-por-nos","status":"publish","type":"eaja","link":"https:\/\/sme.goiania.go.gov.br\/conexaoescola\/eaja\/fique-em-casa-por-nos\/","title":{"rendered":"Fique em casa por n\u00f3s!"},"content":{"rendered":"\n<p class=\"has-medium-font-size\">Ol\u00e1! Tudo bem com voc\u00eas? Diante de tudo que o mundo est\u00e1 enfrentando nesse per\u00edodo cr\u00edtico de pandemia, onde fomos de maneira inesperada pegos de surpresa, precisamos nos reinventar procurando solu\u00e7\u00f5es e adequa\u00e7\u00f5es para conviver com novo modelo de vida. Ent\u00e3o, sabendo disso vamos estudar, pesquisar sobre o assunto.<\/p>\n\n\n\n<hr class=\"wp-block-separator has-text-color has-background has-vivid-purple-background-color has-vivid-purple-color\"\/>\n\n\n\n<h2 class=\"has-pale-pink-background-color has-background wp-block-heading\"><strong>ATIVIDADE 1<\/strong><\/h2>\n\n\n\n<figure class=\"wp-block-image\"><img decoding=\"async\" src=\"https:\/\/lh6.googleusercontent.com\/BOjFMPc7QUbj7-IOMetaSBVSf4GYABCLkYAJtDnmwt3bDNtSyGtDwR4XwQxT-xdC0OpQRsF6dcytR4jvgAVEDLmIZgSPz5vDeuTKrpQpf0PTVVD5-A38Z6Fy5eco5t-clJi6m5w\" alt=\"C:\\Users\\User\\Downloads\\IMG-20200319-WA0018.jpg\"\/><\/figure>\n\n\n\n<p class=\"has-medium-font-size\">Leia o an\u00fancio presente na foto acima e responda:<\/p>\n\n\n\n<p class=\"has-medium-font-size\">1 &#8211; Qual \u00e9 o nome do v\u00edrus que est\u00e1 em evid\u00eancia?<\/p>\n\n\n\n<p class=\"has-medium-font-size\">2 &#8211; Qual doen\u00e7a ele desenvolve?<\/p>\n\n\n\n<p class=\"has-medium-font-size\">3 &#8211; Quais s\u00e3o os sintomas?<\/p>\n\n\n\n<p class=\"has-medium-font-size\">4 &#8211; Como devemos nos prevenir?<\/p>\n\n\n\n<p class=\"has-medium-font-size\">5 &#8211; Quais s\u00e3o os grupos de riscos?<\/p>\n\n\n\n<p class=\"has-medium-font-size\">6 &#8211; Deixe um recadinho de conscientiza\u00e7\u00e3o para as pessoas.<\/p>\n\n\n\n<p class=\"has-medium-font-size\">7 &#8211; Conceitue pandemia. Use o dicion\u00e1rio.<\/p>\n\n\n\n<hr class=\"wp-block-separator has-text-color has-background has-vivid-purple-background-color has-vivid-purple-color\"\/>\n\n\n\n<figure class=\"wp-block-image size-large\"><img fetchpriority=\"high\" decoding=\"async\" width=\"1024\" height=\"923\" src=\"http:\/\/sme.goiania.go.gov.br\/conexaoescola\/wp-content\/uploads\/2020\/10\/placar-coronavirus-15.abril-01-e1602681177613-1024x923.png\" alt=\"\" class=\"wp-image-36123\" srcset=\"https:\/\/sme.goiania.go.gov.br\/conexaoescola\/wp-content\/uploads\/2020\/10\/placar-coronavirus-15.abril-01-e1602681177613-1024x923.png 1024w, https:\/\/sme.goiania.go.gov.br\/conexaoescola\/wp-content\/uploads\/2020\/10\/placar-coronavirus-15.abril-01-e1602681177613-300x270.png 300w, https:\/\/sme.goiania.go.gov.br\/conexaoescola\/wp-content\/uploads\/2020\/10\/placar-coronavirus-15.abril-01-e1602681177613-768x692.png 768w, https:\/\/sme.goiania.go.gov.br\/conexaoescola\/wp-content\/uploads\/2020\/10\/placar-coronavirus-15.abril-01-e1602681177613-1536x1385.png 1536w, https:\/\/sme.goiania.go.gov.br\/conexaoescola\/wp-content\/uploads\/2020\/10\/placar-coronavirus-15.abril-01-e1602681177613-2048x1847.png 2048w\" sizes=\"(max-width: 1024px) 100vw, 1024px\" \/><figcaption>Fonte: <a href=\"https:\/\/www.poder360.com.br\/coronavirus\/leia-os-numeros-atualizados-do-coronavirus-no-brasil-e-no-mundo-8\/\" target=\"_blank\" rel=\"noreferrer noopener\">https:\/\/www.poder360.com.br\/coronavirus\/leia-os-numeros-atualizados-do-coronavirus-no-brasil-e-no-mundo-8\/<\/a><\/figcaption><\/figure>\n\n\n\n<hr class=\"wp-block-separator has-text-color has-background has-vivid-purple-background-color has-vivid-purple-color\"\/>\n\n\n\n<h2 class=\"has-luminous-vivid-amber-background-color has-background wp-block-heading\"><strong>ATIVIDADE 2<\/strong><\/h2>\n\n\n\n<p class=\"has-medium-font-size\">Observe o gr\u00e1fico e responda:<\/p>\n\n\n\n<p class=\"has-medium-font-size\">1 &#8211; Qual pa\u00eds possui o maior n\u00famero de casos confirmados?<\/p>\n\n\n\n<p class=\"has-medium-font-size\">2 &#8211; Qual pa\u00eds possui o menor n\u00famero de mortes registradas? Escreva por extenso a quantidade indicada.<\/p>\n\n\n\n<p class=\"has-medium-font-size\">3 &#8211; Observe a coluna de mortes registradas e organize os n\u00fameros em ordem crescente.<\/p>\n\n\n\n<p class=\"has-medium-font-size\">4 &#8211; Calcule o total de casos confirmados da Espanha, do Brasil e da China.<\/p>\n\n\n\n<p class=\"has-medium-font-size\">5 &#8211; Qual a diferen\u00e7a do n\u00famero de mortos da \u00c1sia com a China?<\/p>\n\n\n\n<hr class=\"wp-block-separator has-text-color has-background has-vivid-purple-background-color has-vivid-purple-color\"\/>\n\n\n\n<p class=\"has-medium-font-size\"><strong>SAIBA MAIS:<\/strong><\/p>\n\n\n\n<p class=\"has-very-dark-gray-color has-pale-cyan-blue-background-color has-text-color has-background\"><a href=\"https:\/\/coronavirus.saude.gov.br\/\">https:\/\/coronavirus.saude.gov.br\/<\/a><\/p>\n\n\n\n<hr class=\"wp-block-separator has-text-color has-background has-vivid-purple-background-color has-vivid-purple-color\"\/>\n\n\n\n<figure class=\"wp-block-table alignfull\"><table class=\"has-background\" style=\"background-color:#fcf0ef\"><tbody><tr><td>Componente(s) Curricular(res)<\/td><td>L\u00edngua Portuguesa e Matem\u00e1tica<\/td><\/tr><tr><td>Objetivos de Aprendizagem e Desenvolvimento<\/td><td>(EAJALP0417)Reconhecer a fun\u00e7\u00e3o social de textos em diferentes campos da vida.<br>(EAJALP0419) Identificar informa\u00e7\u00f5es expl\u00edcitas em textos.<br>(EAJALP0106) Desenvolver a leitura e a escrita; Conhecer os sentidos gr\u00e1fico-visuais, relacionando-os a linguagem verbal.<br>(EAJAMA0106) Ampliar as propriedades da + e \u2013 em c\u00e1lculos mentais, resolu\u00e7\u00f5es de opera\u00e7\u00f5es problemas, leitura e interpreta\u00e7\u00e3o de gr\u00e1ficos e tabelas, dados estat\u00edsticos apresentados em textos, tabelas e gr\u00e1ficos de colunas ou linhas.<\/td><\/tr><\/tbody><\/table><\/figure>\n\n\n\n<hr class=\"wp-block-separator has-text-color has-background has-vivid-purple-background-color has-vivid-purple-color\"\/>\n\n\n\n<figure class=\"wp-block-table alignfull\"><table class=\"has-background\" style=\"background-color:#e9fbe5\"><tbody><tr><td>Professor:<\/td><td>Andreia Leticia Borges e Silva<\/td><\/tr><tr><td>Institui\u00e7\u00e3o Educacional:<\/td><td>Escola Municipal S\u00e3o Jos\u00e9<\/td><\/tr><\/tbody><\/table><\/figure>\n\n\n\n<hr class=\"wp-block-separator has-text-color has-background has-vivid-purple-background-color has-vivid-purple-color\"\/>\n\n\n\n<p class=\"has-text-align-center has-medium-font-size\">EAJA &#8211; Educa\u00e7\u00e3o Financeira e Empreendedorismo &#8211; 1\u00ba Segmento &#8211; 4\u00aa S\u00e9rie<\/p>\n","protected":false},"author":26,"featured_media":36134,"template":"","meta":{"_acf_changed":false,"ocean_post_layout":"","ocean_both_sidebars_style":"","ocean_both_sidebars_content_width":0,"ocean_both_sidebars_sidebars_width":0,"ocean_sidebar":"","ocean_second_sidebar":"","ocean_disable_margins":"enable","ocean_add_body_class":"","ocean_shortcode_before_top_bar":"","ocean_shortcode_after_top_bar":"","ocean_shortcode_before_header":"","ocean_shortcode_after_header":"","ocean_has_shortcode":"","ocean_shortcode_after_title":"","ocean_shortcode_before_footer_widgets":"","ocean_shortcode_after_footer_widgets":"","ocean_shortcode_before_footer_bottom":"","ocean_shortcode_after_footer_bottom":"","ocean_display_top_bar":"default","ocean_display_header":"default","ocean_header_style":"","ocean_center_header_left_menu":"","ocean_custom_header_template":"","ocean_custom_logo":0,"ocean_custom_retina_logo":0,"ocean_custom_logo_max_width":0,"ocean_custom_logo_tablet_max_width":0,"ocean_custom_logo_mobile_max_width":0,"ocean_custom_logo_max_height":0,"ocean_custom_logo_tablet_max_height":0,"ocean_custom_logo_mobile_max_height":0,"ocean_header_custom_menu":"","ocean_menu_typo_font_family":"","ocean_menu_typo_font_subset":"","ocean_menu_typo_font_size":0,"ocean_menu_typo_font_size_tablet":0,"ocean_menu_typo_font_size_mobile":0,"ocean_menu_typo_font_size_unit":"px","ocean_menu_typo_font_weight":"","ocean_menu_typo_font_weight_tablet":"","ocean_menu_typo_font_weight_mobile":"","ocean_menu_typo_transform":"","ocean_menu_typo_transform_tablet":"","ocean_menu_typo_transform_mobile":"","ocean_menu_typo_line_height":0,"ocean_menu_typo_line_height_tablet":0,"ocean_menu_typo_line_height_mobile":0,"ocean_menu_typo_line_height_unit":"","ocean_menu_typo_spacing":0,"ocean_menu_typo_spacing_tablet":0,"ocean_menu_typo_spacing_mobile":0,"ocean_menu_typo_spacing_unit":"","ocean_menu_link_color":"","ocean_menu_link_color_hover":"","ocean_menu_link_color_active":"","ocean_menu_link_background":"","ocean_menu_link_hover_background":"","ocean_menu_link_active_background":"","ocean_menu_social_links_bg":"","ocean_menu_social_hover_links_bg":"","ocean_menu_social_links_color":"","ocean_menu_social_hover_links_color":"","ocean_disable_title":"default","ocean_disable_heading":"default","ocean_post_title":"","ocean_post_subheading":"","ocean_post_title_style":"","ocean_post_title_background_color":"","ocean_post_title_background":0,"ocean_post_title_bg_image_position":"","ocean_post_title_bg_image_attachment":"","ocean_post_title_bg_image_repeat":"","ocean_post_title_bg_image_size":"","ocean_post_title_height":0,"ocean_post_title_bg_overlay":0.5,"ocean_post_title_bg_overlay_color":"","ocean_disable_breadcrumbs":"default","ocean_breadcrumbs_color":"","ocean_breadcrumbs_separator_color":"","ocean_breadcrumbs_links_color":"","ocean_breadcrumbs_links_hover_color":"","ocean_display_footer_widgets":"default","ocean_display_footer_bottom":"default","ocean_custom_footer_template":""},"eaja_categoria":[4],"serie":[73],"eaja_componente":[77,78],"class_list":["post-36119","eaja","type-eaja","status-publish","has-post-thumbnail","hentry","eaja_categoria-1o-segmento-1a-a-4a-serie","serie-4a-serie","eaja_componente-lingua-portuguesa","eaja_componente-matematica","entry","has-media"],"acf":[],"_links":{"self":[{"href":"https:\/\/sme.goiania.go.gov.br\/conexaoescola\/wp-json\/wp\/v2\/eaja\/36119","targetHints":{"allow":["GET"]}}],"collection":[{"href":"https:\/\/sme.goiania.go.gov.br\/conexaoescola\/wp-json\/wp\/v2\/eaja"}],"about":[{"href":"https:\/\/sme.goiania.go.gov.br\/conexaoescola\/wp-json\/wp\/v2\/types\/eaja"}],"author":[{"embeddable":true,"href":"https:\/\/sme.goiania.go.gov.br\/conexaoescola\/wp-json\/wp\/v2\/users\/26"}],"wp:featuredmedia":[{"embeddable":true,"href":"https:\/\/sme.goiania.go.gov.br\/conexaoescola\/wp-json\/wp\/v2\/media\/36134"}],"wp:attachment":[{"href":"https:\/\/sme.goiania.go.gov.br\/conexaoescola\/wp-json\/wp\/v2\/media?parent=36119"}],"wp:term":[{"taxonomy":"eaja_categoria","embeddable":true,"href":"https:\/\/sme.goiania.go.gov.br\/conexaoescola\/wp-json\/wp\/v2\/eaja_categoria?post=36119"},{"taxonomy":"serie","embeddable":true,"href":"https:\/\/sme.goiania.go.gov.br\/conexaoescola\/wp-json\/wp\/v2\/serie?post=36119"},{"taxonomy":"eaja_componente","embeddable":true,"href":"https:\/\/sme.goiania.go.gov.br\/conexaoescola\/wp-json\/wp\/v2\/eaja_componente?post=36119"}],"curies":[{"name":"wp","href":"https:\/\/api.w.org\/{rel}","templated":true}]}}

Fique em casa por nós!

<p class="has-medium-font-size">Olá! Tudo bem com vocês? Diante de tudo que o mundo está enfrentando nesse período crítico de pandemia, onde fomos de maneira inesperada pegos de surpresa, precisamos nos reinventar procurando soluções e adequações para conviver com novo modelo de vida. Então, sabendo disso vamos estudar, pesquisar sobre o assunto.</p>



<hr class="wp-block-separator has-text-color has-background has-vivid-purple-background-color has-vivid-purple-color"/>



<h2 class="has-pale-pink-background-color has-background wp-block-heading"><strong>ATIVIDADE 1</strong></h2>



<figure class="wp-block-image"><img decoding="async" src="https://lh6.googleusercontent.com/BOjFMPc7QUbj7-IOMetaSBVSf4GYABCLkYAJtDnmwt3bDNtSyGtDwR4XwQxT-xdC0OpQRsF6dcytR4jvgAVEDLmIZgSPz5vDeuTKrpQpf0PTVVD5-A38Z6Fy5eco5t-clJi6m5w" alt="C:\Users\User\Downloads\IMG-20200319-WA0018.jpg"/></figure>



<p class="has-medium-font-size">Leia o anúncio presente na foto acima e responda:</p>



<p class="has-medium-font-size">1 &#8211; Qual é o nome do vírus que está em evidência?</p>



<p class="has-medium-font-size">2 &#8211; Qual doença ele desenvolve?</p>



<p class="has-medium-font-size">3 &#8211; Quais são os sintomas?</p>



<p class="has-medium-font-size">4 &#8211; Como devemos nos prevenir?</p>



<p class="has-medium-font-size">5 &#8211; Quais são os grupos de riscos?</p>



<p class="has-medium-font-size">6 &#8211; Deixe um recadinho de conscientização para as pessoas.</p>



<p class="has-medium-font-size">7 &#8211; Conceitue pandemia. Use o dicionário.</p>



<hr class="wp-block-separator has-text-color has-background has-vivid-purple-background-color has-vivid-purple-color"/>



<figure class="wp-block-image size-large"><img fetchpriority="high" decoding="async" width="1024" height="923" src="http://sme.goiania.go.gov.br/conexaoescola/wp-content/uploads/2020/10/placar-coronavirus-15.abril-01-e1602681177613-1024x923.png" alt="" class="wp-image-36123" srcset="https://sme.goiania.go.gov.br/conexaoescola/wp-content/uploads/2020/10/placar-coronavirus-15.abril-01-e1602681177613-1024x923.png 1024w, https://sme.goiania.go.gov.br/conexaoescola/wp-content/uploads/2020/10/placar-coronavirus-15.abril-01-e1602681177613-300x270.png 300w, https://sme.goiania.go.gov.br/conexaoescola/wp-content/uploads/2020/10/placar-coronavirus-15.abril-01-e1602681177613-768x692.png 768w, https://sme.goiania.go.gov.br/conexaoescola/wp-content/uploads/2020/10/placar-coronavirus-15.abril-01-e1602681177613-1536x1385.png 1536w, https://sme.goiania.go.gov.br/conexaoescola/wp-content/uploads/2020/10/placar-coronavirus-15.abril-01-e1602681177613-2048x1847.png 2048w" sizes="(max-width: 1024px) 100vw, 1024px" /><figcaption>Fonte: <a href="https://www.poder360.com.br/coronavirus/leia-os-numeros-atualizados-do-coronavirus-no-brasil-e-no-mundo-8/" target="_blank" rel="noreferrer noopener">https://www.poder360.com.br/coronavirus/leia-os-numeros-atualizados-do-coronavirus-no-brasil-e-no-mundo-8/</a></figcaption></figure>



<hr class="wp-block-separator has-text-color has-background has-vivid-purple-background-color has-vivid-purple-color"/>



<h2 class="has-luminous-vivid-amber-background-color has-background wp-block-heading"><strong>ATIVIDADE 2</strong></h2>



<p class="has-medium-font-size">Observe o gráfico e responda:</p>



<p class="has-medium-font-size">1 &#8211; Qual país possui o maior número de casos confirmados?</p>



<p class="has-medium-font-size">2 &#8211; Qual país possui o menor número de mortes registradas? Escreva por extenso a quantidade indicada.</p>



<p class="has-medium-font-size">3 &#8211; Observe a coluna de mortes registradas e organize os números em ordem crescente.</p>



<p class="has-medium-font-size">4 &#8211; Calcule o total de casos confirmados da Espanha, do Brasil e da China.</p>



<p class="has-medium-font-size">5 &#8211; Qual a diferença do número de mortos da Ásia com a China?</p>



<hr class="wp-block-separator has-text-color has-background has-vivid-purple-background-color has-vivid-purple-color"/>



<p class="has-medium-font-size"><strong>SAIBA MAIS:</strong></p>



<p class="has-very-dark-gray-color has-pale-cyan-blue-background-color has-text-color has-background"><a href="https://coronavirus.saude.gov.br/">https://coronavirus.saude.gov.br/</a></p>



<hr class="wp-block-separator has-text-color has-background has-vivid-purple-background-color has-vivid-purple-color"/>



<figure class="wp-block-table alignfull"><table class="has-background" style="background-color:#fcf0ef"><tbody><tr><td>Componente(s) Curricular(res)</td><td>Língua Portuguesa e Matemática</td></tr><tr><td>Objetivos de Aprendizagem e Desenvolvimento</td><td>(EAJALP0417)Reconhecer a função social de textos em diferentes campos da vida.<br>(EAJALP0419) Identificar informações explícitas em textos.<br>(EAJALP0106) Desenvolver a leitura e a escrita; Conhecer os sentidos gráfico-visuais, relacionando-os a linguagem verbal.<br>(EAJAMA0106) Ampliar as propriedades da + e – em cálculos mentais, resoluções de operações problemas, leitura e interpretação de gráficos e tabelas, dados estatísticos apresentados em textos, tabelas e gráficos de colunas ou linhas.</td></tr></tbody></table></figure>



<hr class="wp-block-separator has-text-color has-background has-vivid-purple-background-color has-vivid-purple-color"/>



<figure class="wp-block-table alignfull"><table class="has-background" style="background-color:#e9fbe5"><tbody><tr><td>Professor:</td><td>Andreia Leticia Borges e Silva</td></tr><tr><td>Instituição Educacional:</td><td>Escola Municipal São José</td></tr></tbody></table></figure>



<hr class="wp-block-separator has-text-color has-background has-vivid-purple-background-color has-vivid-purple-color"/>



<p class="has-text-align-center has-medium-font-size">EAJA &#8211; Educação Financeira e Empreendedorismo &#8211; 1º Segmento &#8211; 4ª Série</p>
