{"id":3418,"date":"2020-06-08T07:00:00","date_gmt":"2020-06-08T10:00:00","guid":{"rendered":"http:\/\/sme.goiania.go.gov.br\/conexaoescola\/?post_type=eaja&#038;p=3418"},"modified":"2021-11-17T08:33:57","modified_gmt":"2021-11-17T10:33:57","slug":"um-pouco-sobre-a-carga-tributaria-brasileira","status":"publish","type":"eaja","link":"https:\/\/sme.goiania.go.gov.br\/conexaoescola\/eaja\/um-pouco-sobre-a-carga-tributaria-brasileira\/","title":{"rendered":"Um pouco sobre a carga tribut\u00e1ria brasileira"},"content":{"rendered":"\n<p class=\"has-drop-cap has-pale-pink-background-color has-background has-medium-font-size\">Esta atividade tem como objetivo compreender o que significa Or\u00e7amento P\u00fablico e os seus desdobramentos. A uni\u00e3o, os Estados e os Munic\u00edpios possuem tributos que revertem para a popula\u00e7\u00e3o direitos b\u00e1sicos. Assim, esperamos que voc\u00eas compreendam essa rela\u00e7\u00e3o e saiba mais sobre seus direitos.<\/p>\n\n\n\n<p class=\"has-medium-font-size\">A carga tribut\u00e1ria brasileira \u00e9 fruto de muitos debates <s>j\u00e1<\/s> faz muito tempo. Alguns economistas dizem que ela \u00e9 muito alta em rela\u00e7\u00e3o aos servi\u00e7os que o estado oferece aos cidad\u00e3os e \u00e0s cidad\u00e3s. Outros dizem que a arrecada\u00e7\u00e3o \u00e9 distribu\u00edda entre a federa\u00e7\u00e3o, os estados e munic\u00edpios de forma injusta. Por isto \u00e9 quase unanimidade que \u00e9 necess\u00e1ria uma reforma tribut\u00e1ria no Brasil. Sabendo que quem paga os tributos s\u00e3o os cidad\u00e3os e cidad\u00e3s. Esta atividade traz informa\u00e7\u00f5es importantes, para que voc\u00ea possa ter um bom entendimento sobre o tema.<\/p>\n\n\n\n<hr class=\"wp-block-separator\"\/>\n\n\n\n<h1 class=\"has-black-color has-vivid-cyan-blue-background-color has-text-color has-background wp-block-heading\">Atividade 1<\/h1>\n\n\n\n<p class=\"has-medium-font-size\">Acesse o link e assista ao v\u00eddeo \u201cImport\u00e2ncia do or\u00e7amento: Tributos, impostos, taxas e contribui\u00e7\u00f5es\u201d elaborado pelo Senado Federal, que traz informa\u00e7\u00f5es sobre a cobran\u00e7a de impostos e tributos e o que chamamos de Or\u00e7amento P\u00fablico.<\/p>\n\n\n\n<figure class=\"wp-block-embed is-type-video is-provider-youtube wp-block-embed-youtube wp-embed-aspect-16-9 wp-has-aspect-ratio\"><div class=\"wp-block-embed__wrapper\">\n<p class=\"responsive-video-wrap clr\"><iframe title=\"Import\u00e2ncia do or\u00e7amento: Tributos,  impostos, taxas e contribui\u00e7\u00f5es\" width=\"1200\" height=\"675\" src=\"https:\/\/www.youtube.com\/embed\/_ekJc20AhBI?feature=oembed\" frameborder=\"0\" allow=\"accelerometer; autoplay; clipboard-write; encrypted-media; gyroscope; picture-in-picture\" allowfullscreen><\/iframe><\/p>\n<\/div><figcaption>Fonte: YouTube. Import\u00e2ncia do or\u00e7amento: Tributos, impostos, taxas e contribui\u00e7\u00f5es. Senado Federal.<\/figcaption><\/figure>\n\n\n\n<hr class=\"wp-block-separator\"\/>\n\n\n\n<h1 class=\"has-light-green-cyan-background-color has-background wp-block-heading\">Atividade 2<\/h1>\n\n\n\n<p class=\"has-medium-font-size\">No v\u00eddeo da atividade 1 voc\u00ea viu import\u00e2ncia dos impostos para que os governos garantam os direitos dos cidad\u00e3os e das cidad\u00e3s.<\/p>\n\n\n\n<p class=\"has-medium-font-size\">Baseado no que voc\u00ea assistiu, pesquise e anote em seu caderno:<\/p>\n\n\n\n<ul class=\"has-white-color has-vivid-cyan-blue-to-vivid-purple-gradient-background has-text-color has-background has-medium-font-size wp-block-list\"><li>Tr\u00eas direitos da popula\u00e7\u00e3o que devem ser garantidos com o dinheiro da arrecada\u00e7\u00e3o de impostos.<\/li><li>Dois impostos federais, dois estaduais e dois municipais.<\/li><li>Quais s\u00e3o os dois inimigos dos benef\u00edcios que as pessoas t\u00eam direito.<\/li><\/ul>\n\n\n\n<hr class=\"wp-block-separator\"\/>\n\n\n\n<h1 class=\"has-white-color has-vivid-red-background-color has-text-color has-background wp-block-heading\">Atividade 3<\/h1>\n\n\n\n<p class=\"has-medium-font-size\">Leia a reportagem de Letycia Cardoso e Patricia Valle, para o Extra: \u201cImposto: o que faz tudo ser mais caro no Brasil\u201d que est\u00e1 no link<\/p>\n\n\n\n<p class=\"has-medium-font-size\"><a href=\"https:\/\/extra.globo.com\/noticias\/economia\/imposto-que-faz-tudo-ser-mais-caro-no-brasil-23510360.html\">https:\/\/extra.globo.com\/noticias\/economia\/imposto-que-faz-tudo-ser-mais-caro-no-brasil-23510360.html<\/a><\/p>\n\n\n\n<hr class=\"wp-block-separator\"\/>\n\n\n\n<h1 class=\"has-pale-pink-background-color has-background wp-block-heading\">Atividade 4<\/h1>\n\n\n\n<p class=\"has-medium-font-size\">A partir das leituras anteriores elabore um pequeno texto em seu caderno em que voc\u00ea fala sobre a import\u00e2ncia dos impostos, como eles devem ser revertidos para sociedade e tente propor uma estrat\u00e9gia para que a cobran\u00e7a de impostos n\u00e3o seja t\u00e3o injusta.<\/p>\n\n\n\n<hr class=\"wp-block-separator\"\/>\n\n\n\n<h1 class=\"has-white-color has-vivid-purple-background-color has-text-color has-background wp-block-heading\">Atividade 5<\/h1>\n\n\n\n<p class=\"has-medium-font-size\">Voc\u00ea sabe calcular a porcentagem de um valor usando a calculadora?&nbsp;<\/p>\n\n\n\n<p class=\"has-medium-font-size\">Veja, por exemplo, como calcular em reais, a carga tribut\u00e1ria sobre o refrigerante no Brasil, que segunda a tabela da reportagem da atividade 3, \u00e9 de 46%. Para isso, vamos supor que um refrigerante custa R$6,00.<\/p>\n\n\n\n<p class=\"has-medium-font-size\">Na calculadora digite esta sequ\u00eancia de teclas: <strong>6 x 46 % =<\/strong>, conforme a figura abaixo.<\/p>\n\n\n\n<p class=\"has-text-align-center\"><img fetchpriority=\"high\" decoding=\"async\" width=\"374\" height=\"306\" src=\"https:\/\/lh4.googleusercontent.com\/dtZ_uxoSLoF92wPY6yCD8LrSk_MhMMkSwtDqyHsgJ-1xHBTipc8zw4_KSHdgR-FF9-vxrIaIKYYSmfvkFFZTqwN-hhg0tjMLi9aUhQJljOjOUruODdPcBQmWKesk98vlQc2U2Qou\"><\/p>\n\n\n\n<p class=\"has-medium-font-size\">Fonte: SME &#8211; Goi\u00e2nia.<\/p>\n\n\n\n<p class=\"has-medium-font-size\">Pronto, o resultado \u00e9 2,76, ou seja, dos R$6,00&nbsp; que custa o refrigerante, R$2,76 s\u00e3o tributos.<\/p>\n\n\n\n<p class=\"has-medium-font-size\">Agora caso queira calcular os tributos sobre algum produto da tabela, repita estes c\u00e1lculos usando os valores envolvidos!!<\/p>\n\n\n\n<hr class=\"wp-block-separator\"\/>\n\n\n\n<figure class=\"wp-block-table alignfull\"><table><tbody><tr><td><strong>Nos Componentes<\/strong><\/td><td><strong>Objetivos de Aprendizagem e Desenvolvimento<\/strong><\/td><\/tr><tr><td>Matem\u00e1tica<\/td><td>(EAJAMA0602) Interpretar, resolver e elaborar situa\u00e7\u00f5es-problema que envolvam porcentagens, como os que lidam com acr\u00e9scimos e decr\u00e9scimos simples, utilizando a proporcionalidade.&nbsp;<\/td><\/tr><tr><td>L\u00edngua Portuguesa<\/td><td>(EAJALP0608) Realizar a leitura de textos legais\/normativos e reivindicat\u00f3rios diversos.(EAJALP0609) Notar as demandas da sociedade presentes em textos normativos e reivindicat\u00f3rios.&nbsp;<\/td><\/tr><\/tbody><\/table><\/figure>\n","protected":false},"author":13,"featured_media":3419,"template":"","meta":{"_acf_changed":false,"ocean_post_layout":"","ocean_both_sidebars_style":"","ocean_both_sidebars_content_width":0,"ocean_both_sidebars_sidebars_width":0,"ocean_sidebar":"","ocean_second_sidebar":"","ocean_disable_margins":"enable","ocean_add_body_class":"","ocean_shortcode_before_top_bar":"","ocean_shortcode_after_top_bar":"","ocean_shortcode_before_header":"","ocean_shortcode_after_header":"","ocean_has_shortcode":"","ocean_shortcode_after_title":"","ocean_shortcode_before_footer_widgets":"","ocean_shortcode_after_footer_widgets":"","ocean_shortcode_before_footer_bottom":"","ocean_shortcode_after_footer_bottom":"","ocean_display_top_bar":"default","ocean_display_header":"default","ocean_header_style":"","ocean_center_header_left_menu":"","ocean_custom_header_template":"","ocean_custom_logo":0,"ocean_custom_retina_logo":0,"ocean_custom_logo_max_width":0,"ocean_custom_logo_tablet_max_width":0,"ocean_custom_logo_mobile_max_width":0,"ocean_custom_logo_max_height":0,"ocean_custom_logo_tablet_max_height":0,"ocean_custom_logo_mobile_max_height":0,"ocean_header_custom_menu":"","ocean_menu_typo_font_family":"","ocean_menu_typo_font_subset":"","ocean_menu_typo_font_size":0,"ocean_menu_typo_font_size_tablet":0,"ocean_menu_typo_font_size_mobile":0,"ocean_menu_typo_font_size_unit":"px","ocean_menu_typo_font_weight":"","ocean_menu_typo_font_weight_tablet":"","ocean_menu_typo_font_weight_mobile":"","ocean_menu_typo_transform":"","ocean_menu_typo_transform_tablet":"","ocean_menu_typo_transform_mobile":"","ocean_menu_typo_line_height":0,"ocean_menu_typo_line_height_tablet":0,"ocean_menu_typo_line_height_mobile":0,"ocean_menu_typo_line_height_unit":"","ocean_menu_typo_spacing":0,"ocean_menu_typo_spacing_tablet":0,"ocean_menu_typo_spacing_mobile":0,"ocean_menu_typo_spacing_unit":"","ocean_menu_link_color":"","ocean_menu_link_color_hover":"","ocean_menu_link_color_active":"","ocean_menu_link_background":"","ocean_menu_link_hover_background":"","ocean_menu_link_active_background":"","ocean_menu_social_links_bg":"","ocean_menu_social_hover_links_bg":"","ocean_menu_social_links_color":"","ocean_menu_social_hover_links_color":"","ocean_disable_title":"default","ocean_disable_heading":"default","ocean_post_title":"","ocean_post_subheading":"","ocean_post_title_style":"","ocean_post_title_background_color":"","ocean_post_title_background":0,"ocean_post_title_bg_image_position":"","ocean_post_title_bg_image_attachment":"","ocean_post_title_bg_image_repeat":"","ocean_post_title_bg_image_size":"","ocean_post_title_height":0,"ocean_post_title_bg_overlay":0.5,"ocean_post_title_bg_overlay_color":"","ocean_disable_breadcrumbs":"default","ocean_breadcrumbs_color":"","ocean_breadcrumbs_separator_color":"","ocean_breadcrumbs_links_color":"","ocean_breadcrumbs_links_hover_color":"","ocean_display_footer_widgets":"default","ocean_display_footer_bottom":"default","ocean_custom_footer_template":""},"eaja_categoria":[104],"serie":[75],"eaja_componente":[77,78],"class_list":["post-3418","eaja","type-eaja","status-publish","has-post-thumbnail","hentry","eaja_categoria-2o-segmento-5a-e-6a-serie","serie-6a-serie","eaja_componente-lingua-portuguesa","eaja_componente-matematica","entry","has-media"],"acf":[],"_links":{"self":[{"href":"https:\/\/sme.goiania.go.gov.br\/conexaoescola\/wp-json\/wp\/v2\/eaja\/3418","targetHints":{"allow":["GET"]}}],"collection":[{"href":"https:\/\/sme.goiania.go.gov.br\/conexaoescola\/wp-json\/wp\/v2\/eaja"}],"about":[{"href":"https:\/\/sme.goiania.go.gov.br\/conexaoescola\/wp-json\/wp\/v2\/types\/eaja"}],"author":[{"embeddable":true,"href":"https:\/\/sme.goiania.go.gov.br\/conexaoescola\/wp-json\/wp\/v2\/users\/13"}],"wp:featuredmedia":[{"embeddable":true,"href":"https:\/\/sme.goiania.go.gov.br\/conexaoescola\/wp-json\/wp\/v2\/media\/3419"}],"wp:attachment":[{"href":"https:\/\/sme.goiania.go.gov.br\/conexaoescola\/wp-json\/wp\/v2\/media?parent=3418"}],"wp:term":[{"taxonomy":"eaja_categoria","embeddable":true,"href":"https:\/\/sme.goiania.go.gov.br\/conexaoescola\/wp-json\/wp\/v2\/eaja_categoria?post=3418"},{"taxonomy":"serie","embeddable":true,"href":"https:\/\/sme.goiania.go.gov.br\/conexaoescola\/wp-json\/wp\/v2\/serie?post=3418"},{"taxonomy":"eaja_componente","embeddable":true,"href":"https:\/\/sme.goiania.go.gov.br\/conexaoescola\/wp-json\/wp\/v2\/eaja_componente?post=3418"}],"curies":[{"name":"wp","href":"https:\/\/api.w.org\/{rel}","templated":true}]}}

Um pouco sobre a carga tributária brasileira

<p class="has-drop-cap has-pale-pink-background-color has-background has-medium-font-size">Esta atividade tem como objetivo compreender o que significa Orçamento Público e os seus desdobramentos. A união, os Estados e os Municípios possuem tributos que revertem para a população direitos básicos. Assim, esperamos que vocês compreendam essa relação e saiba mais sobre seus direitos.</p>



<p class="has-medium-font-size">A carga tributária brasileira é fruto de muitos debates <s>já</s> faz muito tempo. Alguns economistas dizem que ela é muito alta em relação aos serviços que o estado oferece aos cidadãos e às cidadãs. Outros dizem que a arrecadação é distribuída entre a federação, os estados e municípios de forma injusta. Por isto é quase unanimidade que é necessária uma reforma tributária no Brasil. Sabendo que quem paga os tributos são os cidadãos e cidadãs. Esta atividade traz informações importantes, para que você possa ter um bom entendimento sobre o tema.</p>



<hr class="wp-block-separator"/>



<h1 class="has-black-color has-vivid-cyan-blue-background-color has-text-color has-background wp-block-heading">Atividade 1</h1>



<p class="has-medium-font-size">Acesse o link e assista ao vídeo “Importância do orçamento: Tributos, impostos, taxas e contribuições” elaborado pelo Senado Federal, que traz informações sobre a cobrança de impostos e tributos e o que chamamos de Orçamento Público.</p>



<figure class="wp-block-embed is-type-video is-provider-youtube wp-block-embed-youtube wp-embed-aspect-16-9 wp-has-aspect-ratio"><div class="wp-block-embed__wrapper">
<p class="responsive-video-wrap clr"><iframe title="Importância do orçamento: Tributos,  impostos, taxas e contribuições" width="1200" height="675" src="https://www.youtube.com/embed/_ekJc20AhBI?feature=oembed" frameborder="0" allow="accelerometer; autoplay; clipboard-write; encrypted-media; gyroscope; picture-in-picture" allowfullscreen></iframe></p>
</div><figcaption>Fonte: YouTube. Importância do orçamento: Tributos, impostos, taxas e contribuições. Senado Federal.</figcaption></figure>



<hr class="wp-block-separator"/>



<h1 class="has-light-green-cyan-background-color has-background wp-block-heading">Atividade 2</h1>



<p class="has-medium-font-size">No vídeo da atividade 1 você viu importância dos impostos para que os governos garantam os direitos dos cidadãos e das cidadãs.</p>



<p class="has-medium-font-size">Baseado no que você assistiu, pesquise e anote em seu caderno:</p>



<ul class="has-white-color has-vivid-cyan-blue-to-vivid-purple-gradient-background has-text-color has-background has-medium-font-size wp-block-list"><li>Três direitos da população que devem ser garantidos com o dinheiro da arrecadação de impostos.</li><li>Dois impostos federais, dois estaduais e dois municipais.</li><li>Quais são os dois inimigos dos benefícios que as pessoas têm direito.</li></ul>



<hr class="wp-block-separator"/>



<h1 class="has-white-color has-vivid-red-background-color has-text-color has-background wp-block-heading">Atividade 3</h1>



<p class="has-medium-font-size">Leia a reportagem de Letycia Cardoso e Patricia Valle, para o Extra: “Imposto: o que faz tudo ser mais caro no Brasil” que está no link</p>



<p class="has-medium-font-size"><a href="https://extra.globo.com/noticias/economia/imposto-que-faz-tudo-ser-mais-caro-no-brasil-23510360.html">https://extra.globo.com/noticias/economia/imposto-que-faz-tudo-ser-mais-caro-no-brasil-23510360.html</a></p>



<hr class="wp-block-separator"/>



<h1 class="has-pale-pink-background-color has-background wp-block-heading">Atividade 4</h1>



<p class="has-medium-font-size">A partir das leituras anteriores elabore um pequeno texto em seu caderno em que você fala sobre a importância dos impostos, como eles devem ser revertidos para sociedade e tente propor uma estratégia para que a cobrança de impostos não seja tão injusta.</p>



<hr class="wp-block-separator"/>



<h1 class="has-white-color has-vivid-purple-background-color has-text-color has-background wp-block-heading">Atividade 5</h1>



<p class="has-medium-font-size">Você sabe calcular a porcentagem de um valor usando a calculadora?&nbsp;</p>



<p class="has-medium-font-size">Veja, por exemplo, como calcular em reais, a carga tributária sobre o refrigerante no Brasil, que segunda a tabela da reportagem da atividade 3, é de 46%. Para isso, vamos supor que um refrigerante custa R$6,00.</p>



<p class="has-medium-font-size">Na calculadora digite esta sequência de teclas: <strong>6 x 46 % =</strong>, conforme a figura abaixo.</p>



<p class="has-text-align-center"><img fetchpriority="high" decoding="async" width="374" height="306" src="https://lh4.googleusercontent.com/dtZ_uxoSLoF92wPY6yCD8LrSk_MhMMkSwtDqyHsgJ-1xHBTipc8zw4_KSHdgR-FF9-vxrIaIKYYSmfvkFFZTqwN-hhg0tjMLi9aUhQJljOjOUruODdPcBQmWKesk98vlQc2U2Qou"></p>



<p class="has-medium-font-size">Fonte: SME &#8211; Goiânia.</p>



<p class="has-medium-font-size">Pronto, o resultado é 2,76, ou seja, dos R$6,00&nbsp; que custa o refrigerante, R$2,76 são tributos.</p>



<p class="has-medium-font-size">Agora caso queira calcular os tributos sobre algum produto da tabela, repita estes cálculos usando os valores envolvidos!!</p>



<hr class="wp-block-separator"/>



<figure class="wp-block-table alignfull"><table><tbody><tr><td><strong>Nos Componentes</strong></td><td><strong>Objetivos de Aprendizagem e Desenvolvimento</strong></td></tr><tr><td>Matemática</td><td>(EAJAMA0602) Interpretar, resolver e elaborar situações-problema que envolvam porcentagens, como os que lidam com acréscimos e decréscimos simples, utilizando a proporcionalidade.&nbsp;</td></tr><tr><td>Língua Portuguesa</td><td>(EAJALP0608) Realizar a leitura de textos legais/normativos e reivindicatórios diversos.(EAJALP0609) Notar as demandas da sociedade presentes em textos normativos e reivindicatórios.&nbsp;</td></tr></tbody></table></figure>
