{"id":32536,"date":"2020-10-19T07:01:00","date_gmt":"2020-10-19T10:01:00","guid":{"rendered":"http:\/\/sme.goiania.go.gov.br\/conexaoescola\/?post_type=eaja&#038;p=32536"},"modified":"2022-01-14T00:53:31","modified_gmt":"2022-01-14T02:53:31","slug":"comida-e-remedio","status":"publish","type":"eaja","link":"https:\/\/sme.goiania.go.gov.br\/conexaoescola\/eaja\/comida-e-remedio\/","title":{"rendered":"Ci\u00eancias da Natureza: COMIDA \u00c9 REM\u00c9DIO"},"content":{"rendered":"\n<p class=\"has-cyan-bluish-gray-background-color has-background has-medium-font-size\"><strong><em>Ol\u00e1, estudante! Esta proposta de atividade de&nbsp;<span class=\"has-inline-color has-vivid-cyan-blue-color\">Ci\u00eancias da Natureza<\/span>, para a&nbsp;<span class=\"has-inline-color has-vivid-cyan-blue-color\">5\u00aa s\u00e9rie<\/span>&nbsp;da Eja, est\u00e1 dispon\u00edvel para voc\u00ea, aqui no Portal Conex\u00e3o Escola, para que possa aprender mais sobre o tema proposto. Bons estudos!<\/em><\/strong><\/p>\n\n\n\n<p class=\"has-medium-font-size\">Muito mais que apenas matar a fome, os alimentos t\u00eam um papel fundamental na constru\u00e7\u00e3o das defesas do nosso organismo. Essa atividade visa salientar a import\u00e2ncia de uma alimenta\u00e7\u00e3o balanceada, saud\u00e1vel, para a manuten\u00e7\u00e3o do equil\u00edbrio biol\u00f3gico. Vamos l\u00e1?<\/p>\n\n\n\n<div class=\"wp-block-image\"><figure class=\"aligncenter size-full\"><img fetchpriority=\"high\" decoding=\"async\" width=\"400\" height=\"285\" src=\"https:\/\/sme.goiania.go.gov.br\/conexaoescola\/wp-content\/uploads\/2020\/10\/apagar-e1642025050515.jpg\" alt=\"\" class=\"wp-image-135856\" srcset=\"https:\/\/sme.goiania.go.gov.br\/conexaoescola\/wp-content\/uploads\/2020\/10\/apagar-e1642025050515.jpg 400w, https:\/\/sme.goiania.go.gov.br\/conexaoescola\/wp-content\/uploads\/2020\/10\/apagar-e1642025050515-300x214.jpg 300w\" sizes=\"(max-width: 400px) 100vw, 400px\" \/><figcaption>Fonte: <a href=\"https:\/\/canadianfoodbusiness.com\/2020\/04\/29\/how-to-enter-the-nutraceuticals-market\/\" data-type=\"URL\" data-id=\"https:\/\/canadianfoodbusiness.com\/2020\/04\/29\/how-to-enter-the-nutraceuticals-market\/\">Canadian Food Business<\/a><\/figcaption><\/figure><\/div>\n\n\n\n<h2 class=\"has-vivid-cyan-blue-background-color has-background has-medium-font-size wp-block-heading\"><strong><span class=\"has-inline-color has-black-color\">ATIVIDADE 1<\/span><\/strong><\/h2>\n\n\n\n<p class=\"has-medium-font-size\">No seu dia a dia, voc\u00ea ingere alimentos que apresentam com a\u00e7\u00f5es anti-inflamat\u00f3rias, analg\u00e9sicas, antial\u00e9rgicas ou mesmo regulat\u00f3rias? Caso positivo, escreva o nome e a fun\u00e7\u00e3o de dois deles, no seu caderno de Ci\u00eancias. N\u00e3o tendo esse h\u00e1bito, fa\u00e7a uma breve pesquisa, ou converse com seus familiares, em especial os mais experientes, a fim de buscar um ponto de partida para a sua busca. <\/p>\n\n\n\n<p class=\"has-vivid-cyan-blue-background-color has-background has-medium-font-size\"><strong>ATIVIDADE 2<\/strong><\/p>\n\n\n\n<p class=\"has-medium-font-size\">Os alimentos cont\u00e9m nutrientes, que s\u00e3o subst\u00e2ncias que auxiliam no funcionamento do nosso organismo. Por esse motivo \u00e9 que costumamos associar certos itens alimentares \u00e0 sa\u00fade. Um exemplo \u00e9 a beterraba, reconhecidamente como fonte de um sal mineral chamado ferro, que auxilia na preven\u00e7\u00e3o da anemia. O v\u00eddeo abaixo, do Canal Nutridiversidade, explicar\u00e1 a voc\u00ea sobre os macro e os micronutrientes, com diversos exemplos. Assista atenciosamente:<\/p>\n\n\n\n<figure class=\"wp-block-embed is-type-video is-provider-youtube wp-block-embed-youtube wp-embed-aspect-16-9 wp-has-aspect-ratio\"><div class=\"wp-block-embed__wrapper\">\n<p class=\"responsive-video-wrap clr\"><iframe title=\"O Que S\u00e3o Macronutrientes e Micronutrientes, Para Que Servem | Fun\u00e7\u00f5es | Diferen\u00e7as | Resumo\" width=\"1200\" height=\"675\" src=\"https:\/\/www.youtube.com\/embed\/lO0B8xwoRpk?feature=oembed\" frameborder=\"0\" allow=\"accelerometer; autoplay; clipboard-write; encrypted-media; gyroscope; picture-in-picture\" allowfullscreen><\/iframe><\/p>\n<\/div><\/figure>\n\n\n\n<p class=\"has-vivid-cyan-blue-background-color has-background has-medium-font-size\"><strong>ATIVIDADE 3<\/strong><\/p>\n\n\n\n<p class=\"has-medium-font-size\">Al\u00e9m de conhecer os nutrientes e as v\u00e1rias fontes de cada um deles, \u00e9 relevante identificar as categorias dos alimentos, objetivando escolhas mais saud\u00e1veis. Acesse o link abaixo, do &#8220;Guia Alimentar para a popula\u00e7\u00e3o Brasileira &#8211; vers\u00e3o resumida&#8221;, do Minist\u00e9rio da Sa\u00fade, e leia as p\u00e1ginas 03 a 09 para entender essas categorias:<\/p>\n\n\n\n<p class=\"has-medium-font-size\"><strong>Link:<\/strong> <a href=\"https:\/\/www.gov.br\/saude\/pt-br\/assuntos\/saude-brasil\/publicacoes-para-promocao-a-saude\/guiadebolso2018.pdf\/@@download\/file\/guiadebolso2018.pdf\">https:\/\/www.gov.br\/saude\/pt-br\/assuntos\/saude-brasil\/publicacoes-para-promocao-a-saude\/guiadebolso2018.pdf\/@@download\/file\/guiadebolso2018.pdf<\/a><\/p>\n\n\n\n<ul class=\"has-medium-font-size wp-block-list\"><li>Reflita e responda: por que \u00e9 importante priorizar alimentos in natura ou minimamente processados, ter aten\u00e7\u00e3o quanto ao consumo de ingredientes culin\u00e1rios\/alimentos processados e evitar alimentos ultraprocessados? <\/li><\/ul>\n\n\n\n<p class=\"has-vivid-cyan-blue-background-color has-background has-medium-font-size\"><strong>ATIVIDADE 4<\/strong><\/p>\n\n\n\n<p class=\"has-medium-font-size\">Conhe\u00e7a, agora, os &#8220;dez passos para uma alimenta\u00e7\u00e3o adequada e saud\u00e1vel, contidos na p\u00e1gina 45 da mesma publica\u00e7\u00e3o citada na Atividade 3:<\/p>\n\n\n\n<div class=\"wp-block-image\"><figure class=\"aligncenter size-full is-resized\"><img decoding=\"async\" src=\"https:\/\/sme.goiania.go.gov.br\/conexaoescola\/wp-content\/uploads\/2020\/10\/DezPassos-e1642098230756.png\" alt=\"\" class=\"wp-image-135864\" width=\"600\" height=\"829\" srcset=\"https:\/\/sme.goiania.go.gov.br\/conexaoescola\/wp-content\/uploads\/2020\/10\/DezPassos-e1642098230756.png 599w, https:\/\/sme.goiania.go.gov.br\/conexaoescola\/wp-content\/uploads\/2020\/10\/DezPassos-e1642098230756-217x300.png 217w\" sizes=\"(max-width: 600px) 100vw, 600px\" \/><figcaption>Fonte:  <a href=\"http:\/\/chrome-extension:\/\/efaidnbmnnnibpcajpcglclefindmkaj\/viewer.html?pdfurl=http%3A%2F%2F189.28.128.100%2Fdab%2Fdocs%2Fportaldab%2Fpublicacoes%2Fguiadebolso2018.pdf&amp;clen=1221920&amp;chunk=true\" data-type=\"URL\" data-id=\"chrome-extension:\/\/efaidnbmnnnibpcajpcglclefindmkaj\/viewer.html?pdfurl=http%3A%2F%2F189.28.128.100%2Fdab%2Fdocs%2Fportaldab%2Fpublicacoes%2Fguiadebolso2018.pdf&amp;clen=1221920&amp;chunk=true\">Guia Alimentar para a popula\u00e7\u00e3o Brasileira &#8211; vers\u00e3o resumida.<\/a><\/figcaption><\/figure><\/div>\n\n\n\n<p class=\"has-vivid-cyan-blue-background-color has-background has-medium-font-size\"><strong>ATIVIDADE 5<\/strong><\/p>\n\n\n\n<p class=\"has-medium-font-size\">Talvez voc\u00ea j\u00e1 tenha visto ou ouvido algu\u00e9m dizer que &#8220;somos o que comemos&#8221;. De acordo com essa frase, e o que aprendeu hoje, realize as seguintes quest\u00f5es no seu caderno de Ci\u00eancias: <\/p>\n\n\n\n<ul class=\"has-medium-font-size wp-block-list\"><li>Explique com suas pr\u00f3prias palavras o significado da express\u00e3o &#8220;somos o que comemos&#8221;.<\/li><li>Registre quais s\u00e3o os h\u00e1bitos relacionados \u00e0 qualidade de vida, vistos nessa atividade, que voc\u00ea j\u00e1 tem no seu dia a dia.<\/li><li>Aponte quais condutas referentes \u00e0 alimenta\u00e7\u00e3o que fazem sentido para voc\u00ea, mas que por algum motivo ainda n\u00e3o adotou. Quais seriam esses motivos e como eles poderiam ser solucionados?<\/li><\/ul>\n\n\n\n<hr class=\"wp-block-separator\"\/>\n\n\n\n<p class=\"has-text-align-center has-medium-font-size\"><strong>&#8220;Ter uma alimenta\u00e7\u00e3o adequada e saud\u00e1vel todos os dias \u00e9 um direito humano b\u00e1sico!&#8221;<\/strong><\/p>\n\n\n\n<hr class=\"wp-block-separator\"\/>\n\n\n\n<p class=\"has-cyan-bluish-gray-background-color has-background has-medium-font-size\"><strong>Professor, essa aula segue a Matriz Estruturante para a Eaja 2021. Foi elaborada no ano de 2020, com a suspens\u00e3o das aulas presenciais devido a pandemia da Covid-19 e segue as orienta\u00e7\u00f5es de flexibiliza\u00e7\u00e3o curricular para o bi\u00eanio 2020\/2021 (Of\u00edcio Circular 149\/2020 Dirped).<\/strong><\/p>\n\n\n\n<figure class=\"wp-block-table alignfull is-style-regular\"><table><tbody><tr><td>Componente Curricular<\/td><td>Objetivos de Aprendizagem e Desenvolvimento<\/td><\/tr><tr><td>Ci\u00eancias da Natureza<\/td><td>(EAJACI0514) Entender o processo de obten\u00e7\u00e3o de energia para o corpo e sua rela\u00e7\u00e3o com as fun\u00e7\u00f5es pl\u00e1stica, energ\u00e9tica e reguladora e com a presen\u00e7a do oxig\u00eanio e de nutrientes. <br>(EAJACI0515) Discutir pr\u00e1ticas de alimenta\u00e7\u00e3o saud\u00e1vel e sua import\u00e2ncia para a preven\u00e7\u00e3o de doen\u00e7as.<\/td><\/tr><\/tbody><\/table><\/figure>\n\n\n\n<hr class=\"wp-block-separator\"\/>\n\n\n\n<figure class=\"wp-block-table\"><table><tbody><tr><td>Proponente\/Professor:<\/td><td>Alexandre Aires de Freitas Ferreira <\/td><\/tr><tr><td>Institui\u00e7\u00e3o Educacional:<\/td><td>E. M. B\u00e1rbara de Souza Morais<\/td><\/tr><tr><td> CRE: <\/td><td>Central<\/td><\/tr><\/tbody><\/table><\/figure>\n\n\n\n<p>(Adaptado e atualizado em 13\/01\/2022 por Mariana Araguaia de Castro S\u00e1 Lima).<\/p>\n","protected":false},"author":27,"featured_media":32537,"template":"","meta":{"_acf_changed":false,"ocean_post_layout":"","ocean_both_sidebars_style":"","ocean_both_sidebars_content_width":0,"ocean_both_sidebars_sidebars_width":0,"ocean_sidebar":"","ocean_second_sidebar":"","ocean_disable_margins":"enable","ocean_add_body_class":"","ocean_shortcode_before_top_bar":"","ocean_shortcode_after_top_bar":"","ocean_shortcode_before_header":"","ocean_shortcode_after_header":"","ocean_has_shortcode":"","ocean_shortcode_after_title":"","ocean_shortcode_before_footer_widgets":"","ocean_shortcode_after_footer_widgets":"","ocean_shortcode_before_footer_bottom":"","ocean_shortcode_after_footer_bottom":"","ocean_display_top_bar":"default","ocean_display_header":"default","ocean_header_style":"","ocean_center_header_left_menu":"","ocean_custom_header_template":"","ocean_custom_logo":0,"ocean_custom_retina_logo":0,"ocean_custom_logo_max_width":0,"ocean_custom_logo_tablet_max_width":0,"ocean_custom_logo_mobile_max_width":0,"ocean_custom_logo_max_height":0,"ocean_custom_logo_tablet_max_height":0,"ocean_custom_logo_mobile_max_height":0,"ocean_header_custom_menu":"","ocean_menu_typo_font_family":"","ocean_menu_typo_font_subset":"","ocean_menu_typo_font_size":0,"ocean_menu_typo_font_size_tablet":0,"ocean_menu_typo_font_size_mobile":0,"ocean_menu_typo_font_size_unit":"px","ocean_menu_typo_font_weight":"","ocean_menu_typo_font_weight_tablet":"","ocean_menu_typo_font_weight_mobile":"","ocean_menu_typo_transform":"","ocean_menu_typo_transform_tablet":"","ocean_menu_typo_transform_mobile":"","ocean_menu_typo_line_height":0,"ocean_menu_typo_line_height_tablet":0,"ocean_menu_typo_line_height_mobile":0,"ocean_menu_typo_line_height_unit":"","ocean_menu_typo_spacing":0,"ocean_menu_typo_spacing_tablet":0,"ocean_menu_typo_spacing_mobile":0,"ocean_menu_typo_spacing_unit":"","ocean_menu_link_color":"","ocean_menu_link_color_hover":"","ocean_menu_link_color_active":"","ocean_menu_link_background":"","ocean_menu_link_hover_background":"","ocean_menu_link_active_background":"","ocean_menu_social_links_bg":"","ocean_menu_social_hover_links_bg":"","ocean_menu_social_links_color":"","ocean_menu_social_hover_links_color":"","ocean_disable_title":"default","ocean_disable_heading":"default","ocean_post_title":"","ocean_post_subheading":"","ocean_post_title_style":"","ocean_post_title_background_color":"","ocean_post_title_background":0,"ocean_post_title_bg_image_position":"","ocean_post_title_bg_image_attachment":"","ocean_post_title_bg_image_repeat":"","ocean_post_title_bg_image_size":"","ocean_post_title_height":0,"ocean_post_title_bg_overlay":0.5,"ocean_post_title_bg_overlay_color":"","ocean_disable_breadcrumbs":"default","ocean_breadcrumbs_color":"","ocean_breadcrumbs_separator_color":"","ocean_breadcrumbs_links_color":"","ocean_breadcrumbs_links_hover_color":"","ocean_display_footer_widgets":"default","ocean_display_footer_bottom":"default","ocean_custom_footer_template":""},"eaja_categoria":[104],"serie":[74],"eaja_componente":[82],"class_list":["post-32536","eaja","type-eaja","status-publish","has-post-thumbnail","hentry","eaja_categoria-2o-segmento-5a-e-6a-serie","serie-5a-serie","eaja_componente-ciencias-da-natureza","entry","has-media"],"acf":[],"_links":{"self":[{"href":"https:\/\/sme.goiania.go.gov.br\/conexaoescola\/wp-json\/wp\/v2\/eaja\/32536","targetHints":{"allow":["GET"]}}],"collection":[{"href":"https:\/\/sme.goiania.go.gov.br\/conexaoescola\/wp-json\/wp\/v2\/eaja"}],"about":[{"href":"https:\/\/sme.goiania.go.gov.br\/conexaoescola\/wp-json\/wp\/v2\/types\/eaja"}],"author":[{"embeddable":true,"href":"https:\/\/sme.goiania.go.gov.br\/conexaoescola\/wp-json\/wp\/v2\/users\/27"}],"wp:featuredmedia":[{"embeddable":true,"href":"https:\/\/sme.goiania.go.gov.br\/conexaoescola\/wp-json\/wp\/v2\/media\/32537"}],"wp:attachment":[{"href":"https:\/\/sme.goiania.go.gov.br\/conexaoescola\/wp-json\/wp\/v2\/media?parent=32536"}],"wp:term":[{"taxonomy":"eaja_categoria","embeddable":true,"href":"https:\/\/sme.goiania.go.gov.br\/conexaoescola\/wp-json\/wp\/v2\/eaja_categoria?post=32536"},{"taxonomy":"serie","embeddable":true,"href":"https:\/\/sme.goiania.go.gov.br\/conexaoescola\/wp-json\/wp\/v2\/serie?post=32536"},{"taxonomy":"eaja_componente","embeddable":true,"href":"https:\/\/sme.goiania.go.gov.br\/conexaoescola\/wp-json\/wp\/v2\/eaja_componente?post=32536"}],"curies":[{"name":"wp","href":"https:\/\/api.w.org\/{rel}","templated":true}]}}

Ciências da Natureza: COMIDA É REMÉDIO

<p class="has-cyan-bluish-gray-background-color has-background has-medium-font-size"><strong><em>Olá, estudante! Esta proposta de atividade de&nbsp;<span class="has-inline-color has-vivid-cyan-blue-color">Ciências da Natureza</span>, para a&nbsp;<span class="has-inline-color has-vivid-cyan-blue-color">5ª série</span>&nbsp;da Eja, está disponível para você, aqui no Portal Conexão Escola, para que possa aprender mais sobre o tema proposto. Bons estudos!</em></strong></p>



<p class="has-medium-font-size">Muito mais que apenas matar a fome, os alimentos têm um papel fundamental na construção das defesas do nosso organismo. Essa atividade visa salientar a importância de uma alimentação balanceada, saudável, para a manutenção do equilíbrio biológico. Vamos lá?</p>



<div class="wp-block-image"><figure class="aligncenter size-full"><img fetchpriority="high" decoding="async" width="400" height="285" src="https://sme.goiania.go.gov.br/conexaoescola/wp-content/uploads/2020/10/apagar-e1642025050515.jpg" alt="" class="wp-image-135856" srcset="https://sme.goiania.go.gov.br/conexaoescola/wp-content/uploads/2020/10/apagar-e1642025050515.jpg 400w, https://sme.goiania.go.gov.br/conexaoescola/wp-content/uploads/2020/10/apagar-e1642025050515-300x214.jpg 300w" sizes="(max-width: 400px) 100vw, 400px" /><figcaption>Fonte: <a href="https://canadianfoodbusiness.com/2020/04/29/how-to-enter-the-nutraceuticals-market/" data-type="URL" data-id="https://canadianfoodbusiness.com/2020/04/29/how-to-enter-the-nutraceuticals-market/">Canadian Food Business</a></figcaption></figure></div>



<h2 class="has-vivid-cyan-blue-background-color has-background has-medium-font-size wp-block-heading"><strong><span class="has-inline-color has-black-color">ATIVIDADE 1</span></strong></h2>



<p class="has-medium-font-size">No seu dia a dia, você ingere alimentos que apresentam com ações anti-inflamatórias, analgésicas, antialérgicas ou mesmo regulatórias? Caso positivo, escreva o nome e a função de dois deles, no seu caderno de Ciências. Não tendo esse hábito, faça uma breve pesquisa, ou converse com seus familiares, em especial os mais experientes, a fim de buscar um ponto de partida para a sua busca. </p>



<p class="has-vivid-cyan-blue-background-color has-background has-medium-font-size"><strong>ATIVIDADE 2</strong></p>



<p class="has-medium-font-size">Os alimentos contém nutrientes, que são substâncias que auxiliam no funcionamento do nosso organismo. Por esse motivo é que costumamos associar certos itens alimentares à saúde. Um exemplo é a beterraba, reconhecidamente como fonte de um sal mineral chamado ferro, que auxilia na prevenção da anemia. O vídeo abaixo, do Canal Nutridiversidade, explicará a você sobre os macro e os micronutrientes, com diversos exemplos. Assista atenciosamente:</p>



<figure class="wp-block-embed is-type-video is-provider-youtube wp-block-embed-youtube wp-embed-aspect-16-9 wp-has-aspect-ratio"><div class="wp-block-embed__wrapper">
<p class="responsive-video-wrap clr"><iframe title="O Que São Macronutrientes e Micronutrientes, Para Que Servem | Funções | Diferenças | Resumo" width="1200" height="675" src="https://www.youtube.com/embed/lO0B8xwoRpk?feature=oembed" frameborder="0" allow="accelerometer; autoplay; clipboard-write; encrypted-media; gyroscope; picture-in-picture" allowfullscreen></iframe></p>
</div></figure>



<p class="has-vivid-cyan-blue-background-color has-background has-medium-font-size"><strong>ATIVIDADE 3</strong></p>



<p class="has-medium-font-size">Além de conhecer os nutrientes e as várias fontes de cada um deles, é relevante identificar as categorias dos alimentos, objetivando escolhas mais saudáveis. Acesse o link abaixo, do &#8220;Guia Alimentar para a população Brasileira &#8211; versão resumida&#8221;, do Ministério da Saúde, e leia as páginas 03 a 09 para entender essas categorias:</p>



<p class="has-medium-font-size"><strong>Link:</strong> <a href="https://www.gov.br/saude/pt-br/assuntos/saude-brasil/publicacoes-para-promocao-a-saude/guiadebolso2018.pdf/@@download/file/guiadebolso2018.pdf">https://www.gov.br/saude/pt-br/assuntos/saude-brasil/publicacoes-para-promocao-a-saude/guiadebolso2018.pdf/@@download/file/guiadebolso2018.pdf</a></p>



<ul class="has-medium-font-size wp-block-list"><li>Reflita e responda: por que é importante priorizar alimentos in natura ou minimamente processados, ter atenção quanto ao consumo de ingredientes culinários/alimentos processados e evitar alimentos ultraprocessados? </li></ul>



<p class="has-vivid-cyan-blue-background-color has-background has-medium-font-size"><strong>ATIVIDADE 4</strong></p>



<p class="has-medium-font-size">Conheça, agora, os &#8220;dez passos para uma alimentação adequada e saudável, contidos na página 45 da mesma publicação citada na Atividade 3:</p>



<div class="wp-block-image"><figure class="aligncenter size-full is-resized"><img decoding="async" src="https://sme.goiania.go.gov.br/conexaoescola/wp-content/uploads/2020/10/DezPassos-e1642098230756.png" alt="" class="wp-image-135864" width="600" height="829" srcset="https://sme.goiania.go.gov.br/conexaoescola/wp-content/uploads/2020/10/DezPassos-e1642098230756.png 599w, https://sme.goiania.go.gov.br/conexaoescola/wp-content/uploads/2020/10/DezPassos-e1642098230756-217x300.png 217w" sizes="(max-width: 600px) 100vw, 600px" /><figcaption>Fonte:  <a href="http://chrome-extension://efaidnbmnnnibpcajpcglclefindmkaj/viewer.html?pdfurl=http%3A%2F%2F189.28.128.100%2Fdab%2Fdocs%2Fportaldab%2Fpublicacoes%2Fguiadebolso2018.pdf&amp;clen=1221920&amp;chunk=true" data-type="URL" data-id="chrome-extension://efaidnbmnnnibpcajpcglclefindmkaj/viewer.html?pdfurl=http%3A%2F%2F189.28.128.100%2Fdab%2Fdocs%2Fportaldab%2Fpublicacoes%2Fguiadebolso2018.pdf&amp;clen=1221920&amp;chunk=true">Guia Alimentar para a população Brasileira &#8211; versão resumida.</a></figcaption></figure></div>



<p class="has-vivid-cyan-blue-background-color has-background has-medium-font-size"><strong>ATIVIDADE 5</strong></p>



<p class="has-medium-font-size">Talvez você já tenha visto ou ouvido alguém dizer que &#8220;somos o que comemos&#8221;. De acordo com essa frase, e o que aprendeu hoje, realize as seguintes questões no seu caderno de Ciências: </p>



<ul class="has-medium-font-size wp-block-list"><li>Explique com suas próprias palavras o significado da expressão &#8220;somos o que comemos&#8221;.</li><li>Registre quais são os hábitos relacionados à qualidade de vida, vistos nessa atividade, que você já tem no seu dia a dia.</li><li>Aponte quais condutas referentes à alimentação que fazem sentido para você, mas que por algum motivo ainda não adotou. Quais seriam esses motivos e como eles poderiam ser solucionados?</li></ul>



<hr class="wp-block-separator"/>



<p class="has-text-align-center has-medium-font-size"><strong>&#8220;Ter uma alimentação adequada e saudável todos os dias é um direito humano básico!&#8221;</strong></p>



<hr class="wp-block-separator"/>



<p class="has-cyan-bluish-gray-background-color has-background has-medium-font-size"><strong>Professor, essa aula segue a Matriz Estruturante para a Eaja 2021. Foi elaborada no ano de 2020, com a suspensão das aulas presenciais devido a pandemia da Covid-19 e segue as orientações de flexibilização curricular para o biênio 2020/2021 (Ofício Circular 149/2020 Dirped).</strong></p>



<figure class="wp-block-table alignfull is-style-regular"><table><tbody><tr><td>Componente Curricular</td><td>Objetivos de Aprendizagem e Desenvolvimento</td></tr><tr><td>Ciências da Natureza</td><td>(EAJACI0514) Entender o processo de obtenção de energia para o corpo e sua relação com as funções plástica, energética e reguladora e com a presença do oxigênio e de nutrientes. <br>(EAJACI0515) Discutir práticas de alimentação saudável e sua importância para a prevenção de doenças.</td></tr></tbody></table></figure>



<hr class="wp-block-separator"/>



<figure class="wp-block-table"><table><tbody><tr><td>Proponente/Professor:</td><td>Alexandre Aires de Freitas Ferreira </td></tr><tr><td>Instituição Educacional:</td><td>E. M. Bárbara de Souza Morais</td></tr><tr><td> CRE: </td><td>Central</td></tr></tbody></table></figure>



<p>(Adaptado e atualizado em 13/01/2022 por Mariana Araguaia de Castro Sá Lima).</p>
