{"id":32504,"date":"2020-10-19T07:00:00","date_gmt":"2020-10-19T10:00:00","guid":{"rendered":"http:\/\/sme.goiania.go.gov.br\/conexaoescola\/?post_type=eaja&#038;p=32504"},"modified":"2021-11-16T15:49:04","modified_gmt":"2021-11-16T17:49:04","slug":"goiania-a-nova-capital","status":"publish","type":"eaja","link":"https:\/\/sme.goiania.go.gov.br\/conexaoescola\/eaja\/goiania-a-nova-capital\/","title":{"rendered":"Geografia &#8211; Goi\u00e2nia &#8211; A Nova Capital"},"content":{"rendered":"\n<p class=\"has-medium-font-size\">Nessa atividade, vamos aprender sobre a constru\u00e7\u00e3o da <em>Capital do Estado de Goi\u00e1s \u2013 Goi\u00e2nia<\/em>.<\/p>\n\n\n\n<hr class=\"wp-block-separator\"\/>\n\n\n\n<h2 class=\"wp-block-heading\">Atividade 1<\/h2>\n\n\n\n<p class=\"has-medium-font-size\">Realize a leitura do texto \u201cA hist\u00f3ria da funda\u00e7\u00e3o de Goi\u00e2nia, uma das mais modernas capitais do Brasil.\u201d , dispon\u00edvel no link:<\/p>\n\n\n\n<p class=\"has-text-align-center has-vivid-purple-color has-very-light-gray-background-color has-text-color has-background has-medium-font-size\"><a href=\"https:\/\/escolakids.uol.com.br\/historia\/a-fundacao-de-goiania.htm\" target=\"_blank\" rel=\"noreferrer noopener\">https:\/\/escolakids.uol.com.br\/historia\/a-fundacao-de-goiania.htm<\/a> <\/p>\n\n\n\n<p class=\"has-medium-font-size\">E aprenda sobre a capital do Estado de Goi\u00e1s.<\/p>\n\n\n\n<hr class=\"wp-block-separator\"\/>\n\n\n\n<h2 class=\"wp-block-heading\">Atividade 2<\/h2>\n\n\n\n<p class=\"has-medium-font-size\">Assista a reportagem especial realizada em 2018 da s\u00e9rie em Homenagem aos 85 Anos de nossa jovem Capital, Goi\u00e2nia. &#8220;GOI\u00c2NIA HIST\u00d3RIAS ANTIGAS&#8221; -TV Alego \u201c<strong>. <\/strong>Dispon\u00edvel no link:<\/p>\n\n\n\n<figure class=\"wp-block-embed is-type-video is-provider-youtube wp-block-embed-youtube wp-embed-aspect-16-9 wp-has-aspect-ratio\"><div class=\"wp-block-embed__wrapper\">\n<p class=\"responsive-video-wrap clr\"><iframe title=\"Reportagem Especial - Goi\u00e2nia 85 anos: hist\u00f3rias antigas\" width=\"1200\" height=\"675\" src=\"https:\/\/www.youtube.com\/embed\/3tsb7o6ACHc?feature=oembed\" frameborder=\"0\" allow=\"accelerometer; autoplay; clipboard-write; encrypted-media; gyroscope; picture-in-picture\" allowfullscreen><\/iframe><\/p>\n<\/div><figcaption>&#8220;Reportagem Especial &#8211; Goi\u00e2nia 85 anos: hist\u00f3rias antigas&#8221; &#8211; Canal: TV Alego &#8211;<br>Link: <a rel=\"noreferrer noopener\" href=\"https:\/\/www.youtube.com\/watch?v=3tsb7o6ACHc\" target=\"_blank\">https:\/\/www.youtube.com\/watch?v=3tsb7o6ACHc<\/a><\/figcaption><\/figure>\n\n\n\n<p class=\"has-medium-font-size\">Ap\u00f3s assistir a reportagem, discuta com familiares e amigos sobre a import\u00e2ncia da Capital do Estado.<\/p>\n\n\n\n<p class=\"has-medium-font-size\">Anote em seu caderno as mudan\u00e7as ocorridas ao longo tempo na Capital.<\/p>\n\n\n\n<hr class=\"wp-block-separator\"\/>\n\n\n\n<h2 class=\"wp-block-heading\">Atividade 3<\/h2>\n\n\n\n<p class=\"has-medium-font-size\">Para complementar, assista o v\u00eddeo da TV Goi\u00e2nia dispon\u00edvel no link: <\/p>\n\n\n\n<figure class=\"wp-block-embed is-type-video is-provider-youtube wp-block-embed-youtube wp-embed-aspect-4-3 wp-has-aspect-ratio\"><div class=\"wp-block-embed__wrapper\">\n<p class=\"responsive-video-wrap clr\"><iframe title=\"Historia de Goi\u00e2nia\" width=\"1200\" height=\"900\" src=\"https:\/\/www.youtube.com\/embed\/dunvc1PKSPU?feature=oembed\" frameborder=\"0\" allow=\"accelerometer; autoplay; clipboard-write; encrypted-media; gyroscope; picture-in-picture\" allowfullscreen><\/iframe><\/p>\n<\/div><figcaption>&#8220;Hist\u00f3ria de Goi\u00e2nia&#8221; &#8211; Canal: <a href=\"https:\/\/www.youtube.com\/channel\/UCX1umSz4UUK6xpg3gxAq3Ig\">JunimHARD<\/a> &#8211; <br>Link: <a rel=\"noreferrer noopener\" href=\"https:\/\/www.youtube.com\/watch?v=dunvc1PKSPU\" target=\"_blank\">https:\/\/www.youtube.com\/watch?v=dunvc1PKSPU<\/a><\/figcaption><\/figure>\n\n\n\n<hr class=\"wp-block-separator\"\/>\n\n\n\n<p class=\"has-very-light-gray-color has-vivid-green-cyan-background-color has-text-color has-background has-medium-font-size\">Saiba Mais | Refer\u00eancias:<\/p>\n\n\n\n<p class=\"has-medium-font-size\">Campinas \u00e9 um bairro, mas j\u00e1 foi munic\u00edpio!<\/p>\n\n\n\n<p class=\"has-medium-font-size\">Voc\u00ea sabia que o Bairro de Campinas era um pequeno munic\u00edpio conhecido de Campininhas das Flores? Esse era o local onde as pessoas que constru\u00edam a nova capital compravam mantimentos e iam se divertir, nos momentos de lazer. Esse local foi escolhido como centro de apoio \u00e0 Constru\u00e7\u00e3o da nova capital. Fundado em 1810, que se ligou inicialmente a Bonfim (atual Silv\u00e2nia) e, depois a Barro Preto (atual Trindade). Nasceu ao redor do Santu\u00e1rio de Nossa Senhora do Perpetuo Socorro, atual matriz de Campinas. O bairro tem (210) duzentos e dez anos. Sendo o mais antigo e tradicional de Goi\u00e2nia. Um lugar bonito que nos faz refletir como eram as principais constru\u00e7\u00f5es.<\/p>\n\n\n\n<hr class=\"wp-block-separator\"\/>\n\n\n\n<figure class=\"wp-block-table alignfull is-style-regular\"><table><tbody><tr><td>Componente(s) Curricular(res)<\/td><td>Urbaniza\u00e7\u00e3o, industrializa\u00e7\u00e3o e moderniza\u00e7\u00e3o; A constru\u00e7\u00e3o de Goi\u00e2nia<\/td><\/tr><tr><td>Objetivos de Aprendizagem e Desenvolvimento<\/td><td>(EAJAHI0823) Identificar os processos de urbaniza\u00e7\u00e3o e moderniza\u00e7\u00e3o da sociedade brasileira e avaliar suas contradi\u00e7\u00f5es e impactos na regi\u00e3o em que vive.<\/td><\/tr><tr><td>Professor<\/td><td>Alessandra Bezerra da Silva<\/td><\/tr><tr><td>Institui\u00e7\u00e3o Educacional<\/td><td>Escola municipal Am\u00e2ncio de Seixo Brito e Maria Helena Batista Bretas<\/td><\/tr><tr><td>CRE<\/td><td>Maria Helena Batista Bretas<\/td><\/tr><\/tbody><\/table><\/figure>\n\n\n\n<hr class=\"wp-block-separator\"\/>\n\n\n\n<p class=\"has-text-align-center has-medium-font-size\">EAJA \u2013\u00c9tica e Cidadania \u2013 2\u00b0 Segmento \u2013 7\u00aa a 8\u00aa s\u00e9ries<\/p>\n","protected":false},"author":27,"featured_media":32519,"template":"","meta":{"_acf_changed":false,"ocean_post_layout":"","ocean_both_sidebars_style":"","ocean_both_sidebars_content_width":0,"ocean_both_sidebars_sidebars_width":0,"ocean_sidebar":"","ocean_second_sidebar":"","ocean_disable_margins":"enable","ocean_add_body_class":"","ocean_shortcode_before_top_bar":"","ocean_shortcode_after_top_bar":"","ocean_shortcode_before_header":"","ocean_shortcode_after_header":"","ocean_has_shortcode":"","ocean_shortcode_after_title":"","ocean_shortcode_before_footer_widgets":"","ocean_shortcode_after_footer_widgets":"","ocean_shortcode_before_footer_bottom":"","ocean_shortcode_after_footer_bottom":"","ocean_display_top_bar":"default","ocean_display_header":"default","ocean_header_style":"","ocean_center_header_left_menu":"","ocean_custom_header_template":"","ocean_custom_logo":0,"ocean_custom_retina_logo":0,"ocean_custom_logo_max_width":0,"ocean_custom_logo_tablet_max_width":0,"ocean_custom_logo_mobile_max_width":0,"ocean_custom_logo_max_height":0,"ocean_custom_logo_tablet_max_height":0,"ocean_custom_logo_mobile_max_height":0,"ocean_header_custom_menu":"","ocean_menu_typo_font_family":"","ocean_menu_typo_font_subset":"","ocean_menu_typo_font_size":0,"ocean_menu_typo_font_size_tablet":0,"ocean_menu_typo_font_size_mobile":0,"ocean_menu_typo_font_size_unit":"px","ocean_menu_typo_font_weight":"","ocean_menu_typo_font_weight_tablet":"","ocean_menu_typo_font_weight_mobile":"","ocean_menu_typo_transform":"","ocean_menu_typo_transform_tablet":"","ocean_menu_typo_transform_mobile":"","ocean_menu_typo_line_height":0,"ocean_menu_typo_line_height_tablet":0,"ocean_menu_typo_line_height_mobile":0,"ocean_menu_typo_line_height_unit":"","ocean_menu_typo_spacing":0,"ocean_menu_typo_spacing_tablet":0,"ocean_menu_typo_spacing_mobile":0,"ocean_menu_typo_spacing_unit":"","ocean_menu_link_color":"","ocean_menu_link_color_hover":"","ocean_menu_link_color_active":"","ocean_menu_link_background":"","ocean_menu_link_hover_background":"","ocean_menu_link_active_background":"","ocean_menu_social_links_bg":"","ocean_menu_social_hover_links_bg":"","ocean_menu_social_links_color":"","ocean_menu_social_hover_links_color":"","ocean_disable_title":"default","ocean_disable_heading":"default","ocean_post_title":"","ocean_post_subheading":"","ocean_post_title_style":"","ocean_post_title_background_color":"","ocean_post_title_background":0,"ocean_post_title_bg_image_position":"","ocean_post_title_bg_image_attachment":"","ocean_post_title_bg_image_repeat":"","ocean_post_title_bg_image_size":"","ocean_post_title_height":0,"ocean_post_title_bg_overlay":0.5,"ocean_post_title_bg_overlay_color":"","ocean_disable_breadcrumbs":"default","ocean_breadcrumbs_color":"","ocean_breadcrumbs_separator_color":"","ocean_breadcrumbs_links_color":"","ocean_breadcrumbs_links_hover_color":"","ocean_display_footer_widgets":"default","ocean_display_footer_bottom":"default","ocean_custom_footer_template":""},"eaja_categoria":[69],"serie":[100],"eaja_componente":[80],"class_list":["post-32504","eaja","type-eaja","status-publish","has-post-thumbnail","hentry","eaja_categoria-2o-segmento-7a-e-8a-serie","serie-8a-serie","eaja_componente-geografia","entry","has-media"],"acf":[],"_links":{"self":[{"href":"https:\/\/sme.goiania.go.gov.br\/conexaoescola\/wp-json\/wp\/v2\/eaja\/32504","targetHints":{"allow":["GET"]}}],"collection":[{"href":"https:\/\/sme.goiania.go.gov.br\/conexaoescola\/wp-json\/wp\/v2\/eaja"}],"about":[{"href":"https:\/\/sme.goiania.go.gov.br\/conexaoescola\/wp-json\/wp\/v2\/types\/eaja"}],"author":[{"embeddable":true,"href":"https:\/\/sme.goiania.go.gov.br\/conexaoescola\/wp-json\/wp\/v2\/users\/27"}],"wp:featuredmedia":[{"embeddable":true,"href":"https:\/\/sme.goiania.go.gov.br\/conexaoescola\/wp-json\/wp\/v2\/media\/32519"}],"wp:attachment":[{"href":"https:\/\/sme.goiania.go.gov.br\/conexaoescola\/wp-json\/wp\/v2\/media?parent=32504"}],"wp:term":[{"taxonomy":"eaja_categoria","embeddable":true,"href":"https:\/\/sme.goiania.go.gov.br\/conexaoescola\/wp-json\/wp\/v2\/eaja_categoria?post=32504"},{"taxonomy":"serie","embeddable":true,"href":"https:\/\/sme.goiania.go.gov.br\/conexaoescola\/wp-json\/wp\/v2\/serie?post=32504"},{"taxonomy":"eaja_componente","embeddable":true,"href":"https:\/\/sme.goiania.go.gov.br\/conexaoescola\/wp-json\/wp\/v2\/eaja_componente?post=32504"}],"curies":[{"name":"wp","href":"https:\/\/api.w.org\/{rel}","templated":true}]}}

Geografia &#8211; Goiânia &#8211; A Nova Capital

<p class="has-medium-font-size">Nessa atividade, vamos aprender sobre a construção da <em>Capital do Estado de Goiás – Goiânia</em>.</p>



<hr class="wp-block-separator"/>



<h2 class="wp-block-heading">Atividade 1</h2>



<p class="has-medium-font-size">Realize a leitura do texto “A história da fundação de Goiânia, uma das mais modernas capitais do Brasil.” , disponível no link:</p>



<p class="has-text-align-center has-vivid-purple-color has-very-light-gray-background-color has-text-color has-background has-medium-font-size"><a href="https://escolakids.uol.com.br/historia/a-fundacao-de-goiania.htm" target="_blank" rel="noreferrer noopener">https://escolakids.uol.com.br/historia/a-fundacao-de-goiania.htm</a> </p>



<p class="has-medium-font-size">E aprenda sobre a capital do Estado de Goiás.</p>



<hr class="wp-block-separator"/>



<h2 class="wp-block-heading">Atividade 2</h2>



<p class="has-medium-font-size">Assista a reportagem especial realizada em 2018 da série em Homenagem aos 85 Anos de nossa jovem Capital, Goiânia. &#8220;GOIÂNIA HISTÓRIAS ANTIGAS&#8221; -TV Alego “<strong>. </strong>Disponível no link:</p>



<figure class="wp-block-embed is-type-video is-provider-youtube wp-block-embed-youtube wp-embed-aspect-16-9 wp-has-aspect-ratio"><div class="wp-block-embed__wrapper">
<p class="responsive-video-wrap clr"><iframe title="Reportagem Especial - Goiânia 85 anos: histórias antigas" width="1200" height="675" src="https://www.youtube.com/embed/3tsb7o6ACHc?feature=oembed" frameborder="0" allow="accelerometer; autoplay; clipboard-write; encrypted-media; gyroscope; picture-in-picture" allowfullscreen></iframe></p>
</div><figcaption>&#8220;Reportagem Especial &#8211; Goiânia 85 anos: histórias antigas&#8221; &#8211; Canal: TV Alego &#8211;<br>Link: <a rel="noreferrer noopener" href="https://www.youtube.com/watch?v=3tsb7o6ACHc" target="_blank">https://www.youtube.com/watch?v=3tsb7o6ACHc</a></figcaption></figure>



<p class="has-medium-font-size">Após assistir a reportagem, discuta com familiares e amigos sobre a importância da Capital do Estado.</p>



<p class="has-medium-font-size">Anote em seu caderno as mudanças ocorridas ao longo tempo na Capital.</p>



<hr class="wp-block-separator"/>



<h2 class="wp-block-heading">Atividade 3</h2>



<p class="has-medium-font-size">Para complementar, assista o vídeo da TV Goiânia disponível no link: </p>



<figure class="wp-block-embed is-type-video is-provider-youtube wp-block-embed-youtube wp-embed-aspect-4-3 wp-has-aspect-ratio"><div class="wp-block-embed__wrapper">
<p class="responsive-video-wrap clr"><iframe title="Historia de Goiânia" width="1200" height="900" src="https://www.youtube.com/embed/dunvc1PKSPU?feature=oembed" frameborder="0" allow="accelerometer; autoplay; clipboard-write; encrypted-media; gyroscope; picture-in-picture" allowfullscreen></iframe></p>
</div><figcaption>&#8220;História de Goiânia&#8221; &#8211; Canal: <a href="https://www.youtube.com/channel/UCX1umSz4UUK6xpg3gxAq3Ig">JunimHARD</a> &#8211; <br>Link: <a rel="noreferrer noopener" href="https://www.youtube.com/watch?v=dunvc1PKSPU" target="_blank">https://www.youtube.com/watch?v=dunvc1PKSPU</a></figcaption></figure>



<hr class="wp-block-separator"/>



<p class="has-very-light-gray-color has-vivid-green-cyan-background-color has-text-color has-background has-medium-font-size">Saiba Mais | Referências:</p>



<p class="has-medium-font-size">Campinas é um bairro, mas já foi município!</p>



<p class="has-medium-font-size">Você sabia que o Bairro de Campinas era um pequeno município conhecido de Campininhas das Flores? Esse era o local onde as pessoas que construíam a nova capital compravam mantimentos e iam se divertir, nos momentos de lazer. Esse local foi escolhido como centro de apoio à Construção da nova capital. Fundado em 1810, que se ligou inicialmente a Bonfim (atual Silvânia) e, depois a Barro Preto (atual Trindade). Nasceu ao redor do Santuário de Nossa Senhora do Perpetuo Socorro, atual matriz de Campinas. O bairro tem (210) duzentos e dez anos. Sendo o mais antigo e tradicional de Goiânia. Um lugar bonito que nos faz refletir como eram as principais construções.</p>



<hr class="wp-block-separator"/>



<figure class="wp-block-table alignfull is-style-regular"><table><tbody><tr><td>Componente(s) Curricular(res)</td><td>Urbanização, industrialização e modernização; A construção de Goiânia</td></tr><tr><td>Objetivos de Aprendizagem e Desenvolvimento</td><td>(EAJAHI0823) Identificar os processos de urbanização e modernização da sociedade brasileira e avaliar suas contradições e impactos na região em que vive.</td></tr><tr><td>Professor</td><td>Alessandra Bezerra da Silva</td></tr><tr><td>Instituição Educacional</td><td>Escola municipal Amâncio de Seixo Brito e Maria Helena Batista Bretas</td></tr><tr><td>CRE</td><td>Maria Helena Batista Bretas</td></tr></tbody></table></figure>



<hr class="wp-block-separator"/>



<p class="has-text-align-center has-medium-font-size">EAJA –Ética e Cidadania – 2° Segmento – 7ª a 8ª séries</p>
