{"id":32471,"date":"2020-10-19T07:01:00","date_gmt":"2020-10-19T10:01:00","guid":{"rendered":"http:\/\/sme.goiania.go.gov.br\/conexaoescola\/?post_type=eaja&#038;p=32471"},"modified":"2021-11-16T15:32:51","modified_gmt":"2021-11-16T17:32:51","slug":"a-importancia-da-sustentabilidade","status":"publish","type":"eaja","link":"https:\/\/sme.goiania.go.gov.br\/conexaoescola\/eaja\/a-importancia-da-sustentabilidade\/","title":{"rendered":"Geografia &#8211; A import\u00e2ncia da sustentabilidade"},"content":{"rendered":"\n<p class=\"has-medium-font-size\">Ol\u00e1! Nesse encontro iremos racionalizar e planejar o consumo. Discutir a import\u00e2ncia da sustentabilidade para o planeta a partir de sua realidade local.<\/p>\n\n\n\n<hr class=\"wp-block-separator\"\/>\n\n\n\n<h2 class=\"wp-block-heading\">Atividade 1<\/h2>\n\n\n\n<p class=\"has-medium-font-size\">Leia o textos nos links abaixo: <\/p>\n\n\n\n<p class=\"has-medium-font-size\">Sustentabilidade de Lana Magalh\u00e3es, dispon\u00edvel no link:<\/p>\n\n\n\n<p class=\"has-text-align-center has-vivid-purple-color has-very-light-gray-background-color has-text-color has-background has-medium-font-size\"><a href=\"https:\/\/www.todamateria.com.br\/sustentabilidade\/\">https:\/\/www.todamateria.com.br\/sustentabilidade\/<\/a><\/p>\n\n\n\n<p class=\"has-medium-font-size\">Da teoria \u00e0 pr\u00e1tica, dispon\u00edvel no link:<\/p>\n\n\n\n<p class=\"has-text-align-center has-vivid-purple-color has-very-light-gray-background-color has-text-color has-background has-medium-font-size\"><a href=\"https:\/\/www.wwf.org.br\/participe\/porque_participar\/sustentabilidade\/\" target=\"_blank\" rel=\"noreferrer noopener\">https:\/\/www.wwf.org.br\/participe\/porque_participar\/sustentabilidade\/<\/a><\/p>\n\n\n\n<hr class=\"wp-block-separator\"\/>\n\n\n\n<h2 class=\"wp-block-heading\">Atividade 2<\/h2>\n\n\n\n<p class=\"has-medium-font-size\">Ap\u00f3s leitura do texto, refletir sobre o que \u00e9 sustentabilidade e consumismo, bem como a import\u00e2ncia de praticar a\u00e7\u00f5es sustent\u00e1veis que demostram o cuidado com meio em que vivemos.<\/p>\n\n\n\n<p class=\"has-medium-font-size\">Pensar poss\u00edveis a\u00e7\u00f5es sustent\u00e1veis que possam ser implementadas em nossa escola, desde o planejamento do consumo conforme reais necessidades, visando a coleta seletiva e reciclagem de lixo, descarte adequado de \u00f3leo de cozinha e produ\u00e7\u00e3o de sab\u00e3o caseiro, redu\u00e7\u00e3o do desperd\u00edcio de alimentos e economia de \u00e1gua, energia el\u00e9trica. Usufruir de mais recursos eletr\u00f4nicos para maior dinamismo e compartilhamento de materiais para maior economia de papel e toner.<\/p>\n\n\n\n<hr class=\"wp-block-separator\"\/>\n\n\n\n<p class=\"has-very-light-gray-color has-vivid-cyan-blue-background-color has-text-color has-background has-medium-font-size\">Saiba Mais | Refer\u00eancias<\/p>\n\n\n\n<figure class=\"wp-block-embed is-type-video is-provider-youtube wp-block-embed-youtube wp-embed-aspect-16-9 wp-has-aspect-ratio\"><div class=\"wp-block-embed__wrapper\">\n<p class=\"responsive-video-wrap clr\"><iframe title=\"Sustentabilidade - Enraizando #6\" width=\"1200\" height=\"675\" src=\"https:\/\/www.youtube.com\/embed\/Qky8NVaAfK8?feature=oembed\" frameborder=\"0\" allow=\"accelerometer; autoplay; clipboard-write; encrypted-media; gyroscope; picture-in-picture\" allowfullscreen><\/iframe><\/p>\n<\/div><figcaption>&#8220;Sustentabilidade &#8211; Enraizando #6&#8221; &#8211; Canal: Enraizando &#8211; <br>Link: <a rel=\"noreferrer noopener\" href=\"https:\/\/www.youtube.com\/watch?v=Qky8NVaAfK8\" target=\"_blank\">https:\/\/www.youtube.com\/watch?v=Qky8NVaAfK8<\/a><\/figcaption><\/figure>\n\n\n\n<figure class=\"wp-block-embed is-type-video is-provider-youtube wp-block-embed-youtube wp-embed-aspect-4-3 wp-has-aspect-ratio\"><div class=\"wp-block-embed__wrapper\">\n<p class=\"responsive-video-wrap clr\"><iframe title=\"Meio Ambiente - A destrui\u00e7\u00e3o causada pelo Homem\" width=\"1200\" height=\"900\" src=\"https:\/\/www.youtube.com\/embed\/VM9Lz0sCNaA?feature=oembed\" frameborder=\"0\" allow=\"accelerometer; autoplay; clipboard-write; encrypted-media; gyroscope; picture-in-picture\" allowfullscreen><\/iframe><\/p>\n<\/div><figcaption>&#8220;Meio Ambiente &#8211; A destrui\u00e7\u00e3o causada pelo Homem&#8221; &#8211; Canal: Luiz Renato &#8211; <br>Link: <a rel=\"noreferrer noopener\" href=\"https:\/\/www.youtube.com\/watch?v=VM9Lz0sCNaA&amp;feature=\" target=\"_blank\">https:\/\/www.youtube.com\/watch?v=VM9Lz0sCNaA&amp;feature=<\/a><\/figcaption><\/figure>\n\n\n\n<hr class=\"wp-block-separator\"\/>\n\n\n\n<figure class=\"wp-block-table alignfull is-style-regular\"><table><tbody><tr><td>Componente(s)<br>Curricular(res)<\/td><td>Geografia e Hist\u00f3ria<\/td><\/tr><tr><td>Objetivos de<br>Aprendizagem e<br>Desenvolvimento<\/td><td>(EF06GE11) Analisar distintas intera\u00e7\u00f5es das sociedades<br>com a natureza, com base na distribui\u00e7\u00e3o dos componentes<br>f\u00edsico-naturais, incluindo as transforma\u00e7\u00f5es da biodiversidade<br>local e do mundo.<\/td><\/tr><tr><td>Professores<\/td><td>Fernanda Serb\u00eato e Nilv\u00e2nio Pedro<\/td><\/tr><tr><td>Institui\u00e7\u00e3o Educacional<\/td><td>Escolas Municipais Jaime C\u00e2mara\/Vila Rosa<\/td><\/tr><tr><td>CRE<\/td><td>Maria Thom\u00e9<\/td><\/tr><\/tbody><\/table><\/figure>\n\n\n\n<hr class=\"wp-block-separator\"\/>\n\n\n\n<p class=\"has-text-align-center has-medium-font-size\">EAJA \u2013\u00c9tica e Cidadania \u2013 2\u00b0 Segmento \u2013 7\u00aa a 8\u00aa s\u00e9ries<\/p>\n","protected":false},"author":27,"featured_media":32474,"template":"","meta":{"_acf_changed":false,"ocean_post_layout":"","ocean_both_sidebars_style":"","ocean_both_sidebars_content_width":0,"ocean_both_sidebars_sidebars_width":0,"ocean_sidebar":"","ocean_second_sidebar":"","ocean_disable_margins":"enable","ocean_add_body_class":"","ocean_shortcode_before_top_bar":"","ocean_shortcode_after_top_bar":"","ocean_shortcode_before_header":"","ocean_shortcode_after_header":"","ocean_has_shortcode":"","ocean_shortcode_after_title":"","ocean_shortcode_before_footer_widgets":"","ocean_shortcode_after_footer_widgets":"","ocean_shortcode_before_footer_bottom":"","ocean_shortcode_after_footer_bottom":"","ocean_display_top_bar":"default","ocean_display_header":"default","ocean_header_style":"","ocean_center_header_left_menu":"","ocean_custom_header_template":"","ocean_custom_logo":0,"ocean_custom_retina_logo":0,"ocean_custom_logo_max_width":0,"ocean_custom_logo_tablet_max_width":0,"ocean_custom_logo_mobile_max_width":0,"ocean_custom_logo_max_height":0,"ocean_custom_logo_tablet_max_height":0,"ocean_custom_logo_mobile_max_height":0,"ocean_header_custom_menu":"","ocean_menu_typo_font_family":"","ocean_menu_typo_font_subset":"","ocean_menu_typo_font_size":0,"ocean_menu_typo_font_size_tablet":0,"ocean_menu_typo_font_size_mobile":0,"ocean_menu_typo_font_size_unit":"px","ocean_menu_typo_font_weight":"","ocean_menu_typo_font_weight_tablet":"","ocean_menu_typo_font_weight_mobile":"","ocean_menu_typo_transform":"","ocean_menu_typo_transform_tablet":"","ocean_menu_typo_transform_mobile":"","ocean_menu_typo_line_height":0,"ocean_menu_typo_line_height_tablet":0,"ocean_menu_typo_line_height_mobile":0,"ocean_menu_typo_line_height_unit":"","ocean_menu_typo_spacing":0,"ocean_menu_typo_spacing_tablet":0,"ocean_menu_typo_spacing_mobile":0,"ocean_menu_typo_spacing_unit":"","ocean_menu_link_color":"","ocean_menu_link_color_hover":"","ocean_menu_link_color_active":"","ocean_menu_link_background":"","ocean_menu_link_hover_background":"","ocean_menu_link_active_background":"","ocean_menu_social_links_bg":"","ocean_menu_social_hover_links_bg":"","ocean_menu_social_links_color":"","ocean_menu_social_hover_links_color":"","ocean_disable_title":"default","ocean_disable_heading":"default","ocean_post_title":"","ocean_post_subheading":"","ocean_post_title_style":"","ocean_post_title_background_color":"","ocean_post_title_background":0,"ocean_post_title_bg_image_position":"","ocean_post_title_bg_image_attachment":"","ocean_post_title_bg_image_repeat":"","ocean_post_title_bg_image_size":"","ocean_post_title_height":0,"ocean_post_title_bg_overlay":0.5,"ocean_post_title_bg_overlay_color":"","ocean_disable_breadcrumbs":"default","ocean_breadcrumbs_color":"","ocean_breadcrumbs_separator_color":"","ocean_breadcrumbs_links_color":"","ocean_breadcrumbs_links_hover_color":"","ocean_display_footer_widgets":"default","ocean_display_footer_bottom":"default","ocean_custom_footer_template":""},"eaja_categoria":[69],"serie":[76],"eaja_componente":[80],"class_list":["post-32471","eaja","type-eaja","status-publish","has-post-thumbnail","hentry","eaja_categoria-2o-segmento-7a-e-8a-serie","serie-7a-serie","eaja_componente-geografia","entry","has-media"],"acf":[],"_links":{"self":[{"href":"https:\/\/sme.goiania.go.gov.br\/conexaoescola\/wp-json\/wp\/v2\/eaja\/32471","targetHints":{"allow":["GET"]}}],"collection":[{"href":"https:\/\/sme.goiania.go.gov.br\/conexaoescola\/wp-json\/wp\/v2\/eaja"}],"about":[{"href":"https:\/\/sme.goiania.go.gov.br\/conexaoescola\/wp-json\/wp\/v2\/types\/eaja"}],"author":[{"embeddable":true,"href":"https:\/\/sme.goiania.go.gov.br\/conexaoescola\/wp-json\/wp\/v2\/users\/27"}],"wp:featuredmedia":[{"embeddable":true,"href":"https:\/\/sme.goiania.go.gov.br\/conexaoescola\/wp-json\/wp\/v2\/media\/32474"}],"wp:attachment":[{"href":"https:\/\/sme.goiania.go.gov.br\/conexaoescola\/wp-json\/wp\/v2\/media?parent=32471"}],"wp:term":[{"taxonomy":"eaja_categoria","embeddable":true,"href":"https:\/\/sme.goiania.go.gov.br\/conexaoescola\/wp-json\/wp\/v2\/eaja_categoria?post=32471"},{"taxonomy":"serie","embeddable":true,"href":"https:\/\/sme.goiania.go.gov.br\/conexaoescola\/wp-json\/wp\/v2\/serie?post=32471"},{"taxonomy":"eaja_componente","embeddable":true,"href":"https:\/\/sme.goiania.go.gov.br\/conexaoescola\/wp-json\/wp\/v2\/eaja_componente?post=32471"}],"curies":[{"name":"wp","href":"https:\/\/api.w.org\/{rel}","templated":true}]}}

Geografia &#8211; A importância da sustentabilidade

<p class="has-medium-font-size">Olá! Nesse encontro iremos racionalizar e planejar o consumo. Discutir a importância da sustentabilidade para o planeta a partir de sua realidade local.</p>



<hr class="wp-block-separator"/>



<h2 class="wp-block-heading">Atividade 1</h2>



<p class="has-medium-font-size">Leia o textos nos links abaixo: </p>



<p class="has-medium-font-size">Sustentabilidade de Lana Magalhães, disponível no link:</p>



<p class="has-text-align-center has-vivid-purple-color has-very-light-gray-background-color has-text-color has-background has-medium-font-size"><a href="https://www.todamateria.com.br/sustentabilidade/">https://www.todamateria.com.br/sustentabilidade/</a></p>



<p class="has-medium-font-size">Da teoria à prática, disponível no link:</p>



<p class="has-text-align-center has-vivid-purple-color has-very-light-gray-background-color has-text-color has-background has-medium-font-size"><a href="https://www.wwf.org.br/participe/porque_participar/sustentabilidade/" target="_blank" rel="noreferrer noopener">https://www.wwf.org.br/participe/porque_participar/sustentabilidade/</a></p>



<hr class="wp-block-separator"/>



<h2 class="wp-block-heading">Atividade 2</h2>



<p class="has-medium-font-size">Após leitura do texto, refletir sobre o que é sustentabilidade e consumismo, bem como a importância de praticar ações sustentáveis que demostram o cuidado com meio em que vivemos.</p>



<p class="has-medium-font-size">Pensar possíveis ações sustentáveis que possam ser implementadas em nossa escola, desde o planejamento do consumo conforme reais necessidades, visando a coleta seletiva e reciclagem de lixo, descarte adequado de óleo de cozinha e produção de sabão caseiro, redução do desperdício de alimentos e economia de água, energia elétrica. Usufruir de mais recursos eletrônicos para maior dinamismo e compartilhamento de materiais para maior economia de papel e toner.</p>



<hr class="wp-block-separator"/>



<p class="has-very-light-gray-color has-vivid-cyan-blue-background-color has-text-color has-background has-medium-font-size">Saiba Mais | Referências</p>



<figure class="wp-block-embed is-type-video is-provider-youtube wp-block-embed-youtube wp-embed-aspect-16-9 wp-has-aspect-ratio"><div class="wp-block-embed__wrapper">
<p class="responsive-video-wrap clr"><iframe title="Sustentabilidade - Enraizando #6" width="1200" height="675" src="https://www.youtube.com/embed/Qky8NVaAfK8?feature=oembed" frameborder="0" allow="accelerometer; autoplay; clipboard-write; encrypted-media; gyroscope; picture-in-picture" allowfullscreen></iframe></p>
</div><figcaption>&#8220;Sustentabilidade &#8211; Enraizando #6&#8221; &#8211; Canal: Enraizando &#8211; <br>Link: <a rel="noreferrer noopener" href="https://www.youtube.com/watch?v=Qky8NVaAfK8" target="_blank">https://www.youtube.com/watch?v=Qky8NVaAfK8</a></figcaption></figure>



<figure class="wp-block-embed is-type-video is-provider-youtube wp-block-embed-youtube wp-embed-aspect-4-3 wp-has-aspect-ratio"><div class="wp-block-embed__wrapper">
<p class="responsive-video-wrap clr"><iframe title="Meio Ambiente - A destruição causada pelo Homem" width="1200" height="900" src="https://www.youtube.com/embed/VM9Lz0sCNaA?feature=oembed" frameborder="0" allow="accelerometer; autoplay; clipboard-write; encrypted-media; gyroscope; picture-in-picture" allowfullscreen></iframe></p>
</div><figcaption>&#8220;Meio Ambiente &#8211; A destruição causada pelo Homem&#8221; &#8211; Canal: Luiz Renato &#8211; <br>Link: <a rel="noreferrer noopener" href="https://www.youtube.com/watch?v=VM9Lz0sCNaA&amp;feature=" target="_blank">https://www.youtube.com/watch?v=VM9Lz0sCNaA&amp;feature=</a></figcaption></figure>



<hr class="wp-block-separator"/>



<figure class="wp-block-table alignfull is-style-regular"><table><tbody><tr><td>Componente(s)<br>Curricular(res)</td><td>Geografia e História</td></tr><tr><td>Objetivos de<br>Aprendizagem e<br>Desenvolvimento</td><td>(EF06GE11) Analisar distintas interações das sociedades<br>com a natureza, com base na distribuição dos componentes<br>físico-naturais, incluindo as transformações da biodiversidade<br>local e do mundo.</td></tr><tr><td>Professores</td><td>Fernanda Serbêto e Nilvânio Pedro</td></tr><tr><td>Instituição Educacional</td><td>Escolas Municipais Jaime Câmara/Vila Rosa</td></tr><tr><td>CRE</td><td>Maria Thomé</td></tr></tbody></table></figure>



<hr class="wp-block-separator"/>



<p class="has-text-align-center has-medium-font-size">EAJA –Ética e Cidadania – 2° Segmento – 7ª a 8ª séries</p>
