{"id":32426,"date":"2020-10-19T07:01:00","date_gmt":"2020-10-19T10:01:00","guid":{"rendered":"http:\/\/sme.goiania.go.gov.br\/conexaoescola\/?post_type=eaja&#038;p=32426"},"modified":"2021-11-16T15:32:28","modified_gmt":"2021-11-16T17:32:28","slug":"como-interpretar-o-lugar-onde-eu-vivo","status":"publish","type":"eaja","link":"https:\/\/sme.goiania.go.gov.br\/conexaoescola\/eaja\/como-interpretar-o-lugar-onde-eu-vivo\/","title":{"rendered":"Geografia &#8211; Como interpretar o lugar onde eu vivo?"},"content":{"rendered":"\n<p class=\"has-medium-font-size\">Ol\u00e1 estudante, como vai? Voc\u00ea j\u00e1 teve tempo de parar para perceber o lugar e a paisagem onde vive? Que diferen\u00e7a podemos estabelecer entre as paisagens de seu bairro e as paisagens de outros lugares em sua cidade, no seu estado e at\u00e9 no seu pa\u00eds?<\/p>\n\n\n\n<p class=\"has-medium-font-size\">Nosso objetivo hoje \u00e9 compreender o conceito de paisagem e interpretar as mudan\u00e7as que ocorrem ao nosso redor. Vamos l\u00e1?<\/p>\n\n\n\n<hr class=\"wp-block-separator\"\/>\n\n\n\n<h2 class=\"wp-block-heading\"><strong>Atividade 1<\/strong><\/h2>\n\n\n\n<p class=\"has-medium-font-size\"> Iniciaremos <strong>assistindo a um v\u00eddeo<\/strong> educativo sobre esse importante conceito e suas diferencia\u00e7\u00f5es. <\/p>\n\n\n\n<figure class=\"wp-block-embed is-type-video is-provider-youtube wp-block-embed-youtube wp-embed-aspect-16-9 wp-has-aspect-ratio\"><div class=\"wp-block-embed__wrapper\">\n<p class=\"responsive-video-wrap clr\"><iframe title=\"Geografia e o Conceito de Paisagem\" width=\"1200\" height=\"675\" src=\"https:\/\/www.youtube.com\/embed\/6SNmQNBpyL8?feature=oembed\" frameborder=\"0\" allow=\"accelerometer; autoplay; clipboard-write; encrypted-media; gyroscope; picture-in-picture\" allowfullscreen><\/iframe><\/p>\n<\/div><figcaption>&#8220;Geografia e o Conceito de Paisagem&#8221; &#8211; Canal: Mapa Mental &#8211;<br>Link: <a rel=\"noreferrer noopener\" href=\"https:\/\/www.youtube.com\/watch?v=6SNmQNBpyL8\" target=\"_blank\">https:\/\/www.youtube.com\/watch?v=6SNmQNBpyL8<\/a><\/figcaption><\/figure>\n\n\n\n<hr class=\"wp-block-separator\"\/>\n\n\n\n<h2 class=\"wp-block-heading\"><strong>Atividade 2<\/strong><\/h2>\n\n\n\n<p class=\"has-medium-font-size\"> Depois de assistir ao v\u00eddeo iremos descrever que diferen\u00e7as percebemos entre \u201cpaisagem natural\u201d e \u201cpaisagem cultural\u201d, \u201cpaisagem urbana\u201d e paisagem rural\u201d.<\/p>\n\n\n\n<hr class=\"wp-block-separator\"\/>\n\n\n\n<h2 class=\"wp-block-heading\"><strong>Atividade 3<\/strong><\/h2>\n\n\n\n<p class=\"has-medium-font-size\"> Interpretar nosso lugar de moradia: quais s\u00e3o as principais caracter\u00edsticas da paisagem onde voc\u00ea mora? Que mudan\u00e7as voc\u00ea percebeu nesta paisagem desde quando mora nesta casa? Fa\u00e7a sua descri\u00e7\u00e3o em forma de texto e poste na plataforma. Se precisar de suporte para a descri\u00e7\u00e3o, utilize este modelo a seguir, o segundo link do saiba mais.<\/p>\n\n\n\n<hr class=\"wp-block-separator\"\/>\n\n\n\n<p class=\"has-very-light-gray-color has-vivid-purple-background-color has-text-color has-background has-medium-font-size\">Saiba Mais | Refer\u00eancias<\/p>\n\n\n\n<p class=\"has-medium-font-size\">Confira mais detalhes sobre o conceito de lugar no texto O conceito de lugar para a Geografia, de Rodolfo F. Alves Pena. Dispon\u00edvel em:<\/p>\n\n\n\n<p class=\"has-text-align-center has-vivid-purple-color has-very-light-gray-background-color has-text-color has-background has-medium-font-size\"><strong><a rel=\"noreferrer noopener\" href=\"https:\/\/mundoeducacao.bol.uol.com.br\/geografia\/o-conceito-lugar-para-geografia.htm\" target=\"_blank\">https:\/\/mundoeducacao.bol.uol.com.br\/geografia\/o-conceito-lugar-para-geografia.htm<\/a><\/strong><\/p>\n\n\n\n<p class=\"has-medium-font-size\">Roteiro sugerido para analise da paisagem: <\/p>\n\n\n\n<p class=\"has-text-align-center has-vivid-purple-color has-very-light-gray-background-color has-text-color has-background has-medium-font-size\"><a rel=\"noreferrer noopener\" href=\"https:\/\/nova-escola-producao.s3.amazonaws.com\/k6evyxzvGVAwX9ACvp5vVrVXdb4nnabaEbVg9hsV6RR6dak5FQg5auJctAWC\/geo6-1und01-atividade-de-sistematizacao.pdf\" target=\"_blank\"><strong>https:\/\/nova-escola-producao.s3.amazonaws.com\/k6evyxzvGVAwX9ACvp5vVrVXdb4nnabaEbVg9hsV6RR6dak5FQg5auJctAWC\/geo6-1und01-atividade-de-sistematizacao.pdf<\/strong><\/a><\/p>\n\n\n\n<hr class=\"wp-block-separator\"\/>\n\n\n\n<figure class=\"wp-block-table alignfull is-style-regular\"><table><tbody><tr><td>Componente(s) Curricular(es)<\/td><td>Geografia<\/td><\/tr><tr><td>Objetivos de Aprendizagem e Desenvolvimento<\/td><td>(EAJAGE0501) Reconhecer as modifica\u00e7\u00f5es nas paisagens de acordo com as diferentes din\u00e2micas sociais nos diversos contextos hist\u00f3ricos. (EAJAGE0502) Analisar as forma\u00e7\u00f5es dos espa\u00e7os geogr\u00e1ficos em Goi\u00e1s a partir a ocupa\u00e7\u00e3o humana.<\/td><\/tr><tr><td>Professor (a)<\/td><td>Caio C\u00e9sar Alencar de Sena<\/td><\/tr><tr><td>Institui\u00e7\u00e3o Educacional<\/td><td>Escola Municipal B\u00e1rbara de Souza Morais<\/td><\/tr><tr><td>CRE<\/td><td>CENTRAL<\/td><\/tr><\/tbody><\/table><\/figure>\n\n\n\n<hr class=\"wp-block-separator\"\/>\n\n\n\n<p class=\"has-text-align-center has-medium-font-size\">EAJA \u2013\u00c9tica e Cidadania \u2013 2\u00b0 Segmento \u2013 5\u00aa a 6\u00aa s\u00e9ries<\/p>\n","protected":false},"author":27,"featured_media":32432,"template":"","meta":{"_acf_changed":false,"ocean_post_layout":"","ocean_both_sidebars_style":"","ocean_both_sidebars_content_width":0,"ocean_both_sidebars_sidebars_width":0,"ocean_sidebar":"","ocean_second_sidebar":"","ocean_disable_margins":"enable","ocean_add_body_class":"","ocean_shortcode_before_top_bar":"","ocean_shortcode_after_top_bar":"","ocean_shortcode_before_header":"","ocean_shortcode_after_header":"","ocean_has_shortcode":"","ocean_shortcode_after_title":"","ocean_shortcode_before_footer_widgets":"","ocean_shortcode_after_footer_widgets":"","ocean_shortcode_before_footer_bottom":"","ocean_shortcode_after_footer_bottom":"","ocean_display_top_bar":"default","ocean_display_header":"default","ocean_header_style":"","ocean_center_header_left_menu":"","ocean_custom_header_template":"","ocean_custom_logo":0,"ocean_custom_retina_logo":0,"ocean_custom_logo_max_width":0,"ocean_custom_logo_tablet_max_width":0,"ocean_custom_logo_mobile_max_width":0,"ocean_custom_logo_max_height":0,"ocean_custom_logo_tablet_max_height":0,"ocean_custom_logo_mobile_max_height":0,"ocean_header_custom_menu":"","ocean_menu_typo_font_family":"","ocean_menu_typo_font_subset":"","ocean_menu_typo_font_size":0,"ocean_menu_typo_font_size_tablet":0,"ocean_menu_typo_font_size_mobile":0,"ocean_menu_typo_font_size_unit":"px","ocean_menu_typo_font_weight":"","ocean_menu_typo_font_weight_tablet":"","ocean_menu_typo_font_weight_mobile":"","ocean_menu_typo_transform":"","ocean_menu_typo_transform_tablet":"","ocean_menu_typo_transform_mobile":"","ocean_menu_typo_line_height":0,"ocean_menu_typo_line_height_tablet":0,"ocean_menu_typo_line_height_mobile":0,"ocean_menu_typo_line_height_unit":"","ocean_menu_typo_spacing":0,"ocean_menu_typo_spacing_tablet":0,"ocean_menu_typo_spacing_mobile":0,"ocean_menu_typo_spacing_unit":"","ocean_menu_link_color":"","ocean_menu_link_color_hover":"","ocean_menu_link_color_active":"","ocean_menu_link_background":"","ocean_menu_link_hover_background":"","ocean_menu_link_active_background":"","ocean_menu_social_links_bg":"","ocean_menu_social_hover_links_bg":"","ocean_menu_social_links_color":"","ocean_menu_social_hover_links_color":"","ocean_disable_title":"default","ocean_disable_heading":"default","ocean_post_title":"","ocean_post_subheading":"","ocean_post_title_style":"","ocean_post_title_background_color":"","ocean_post_title_background":0,"ocean_post_title_bg_image_position":"","ocean_post_title_bg_image_attachment":"","ocean_post_title_bg_image_repeat":"","ocean_post_title_bg_image_size":"","ocean_post_title_height":0,"ocean_post_title_bg_overlay":0.5,"ocean_post_title_bg_overlay_color":"","ocean_disable_breadcrumbs":"default","ocean_breadcrumbs_color":"","ocean_breadcrumbs_separator_color":"","ocean_breadcrumbs_links_color":"","ocean_breadcrumbs_links_hover_color":"","ocean_display_footer_widgets":"default","ocean_display_footer_bottom":"default","ocean_custom_footer_template":""},"eaja_categoria":[104],"serie":[74],"eaja_componente":[80],"class_list":["post-32426","eaja","type-eaja","status-publish","has-post-thumbnail","hentry","eaja_categoria-2o-segmento-5a-e-6a-serie","serie-5a-serie","eaja_componente-geografia","entry","has-media"],"acf":[],"_links":{"self":[{"href":"https:\/\/sme.goiania.go.gov.br\/conexaoescola\/wp-json\/wp\/v2\/eaja\/32426","targetHints":{"allow":["GET"]}}],"collection":[{"href":"https:\/\/sme.goiania.go.gov.br\/conexaoescola\/wp-json\/wp\/v2\/eaja"}],"about":[{"href":"https:\/\/sme.goiania.go.gov.br\/conexaoescola\/wp-json\/wp\/v2\/types\/eaja"}],"author":[{"embeddable":true,"href":"https:\/\/sme.goiania.go.gov.br\/conexaoescola\/wp-json\/wp\/v2\/users\/27"}],"wp:featuredmedia":[{"embeddable":true,"href":"https:\/\/sme.goiania.go.gov.br\/conexaoescola\/wp-json\/wp\/v2\/media\/32432"}],"wp:attachment":[{"href":"https:\/\/sme.goiania.go.gov.br\/conexaoescola\/wp-json\/wp\/v2\/media?parent=32426"}],"wp:term":[{"taxonomy":"eaja_categoria","embeddable":true,"href":"https:\/\/sme.goiania.go.gov.br\/conexaoescola\/wp-json\/wp\/v2\/eaja_categoria?post=32426"},{"taxonomy":"serie","embeddable":true,"href":"https:\/\/sme.goiania.go.gov.br\/conexaoescola\/wp-json\/wp\/v2\/serie?post=32426"},{"taxonomy":"eaja_componente","embeddable":true,"href":"https:\/\/sme.goiania.go.gov.br\/conexaoescola\/wp-json\/wp\/v2\/eaja_componente?post=32426"}],"curies":[{"name":"wp","href":"https:\/\/api.w.org\/{rel}","templated":true}]}}

<p class="has-medium-font-size">Olá estudante, como vai? Você já teve tempo de parar para perceber o lugar e a paisagem onde vive? Que diferença podemos estabelecer entre as paisagens de seu bairro e as paisagens de outros lugares em sua cidade, no seu estado e até no seu país?</p>



<p class="has-medium-font-size">Nosso objetivo hoje é compreender o conceito de paisagem e interpretar as mudanças que ocorrem ao nosso redor. Vamos lá?</p>



<hr class="wp-block-separator"/>



<h2 class="wp-block-heading"><strong>Atividade 1</strong></h2>



<p class="has-medium-font-size"> Iniciaremos <strong>assistindo a um vídeo</strong> educativo sobre esse importante conceito e suas diferenciações. </p>



<figure class="wp-block-embed is-type-video is-provider-youtube wp-block-embed-youtube wp-embed-aspect-16-9 wp-has-aspect-ratio"><div class="wp-block-embed__wrapper">
<p class="responsive-video-wrap clr"><iframe title="Geografia e o Conceito de Paisagem" width="1200" height="675" src="https://www.youtube.com/embed/6SNmQNBpyL8?feature=oembed" frameborder="0" allow="accelerometer; autoplay; clipboard-write; encrypted-media; gyroscope; picture-in-picture" allowfullscreen></iframe></p>
</div><figcaption>&#8220;Geografia e o Conceito de Paisagem&#8221; &#8211; Canal: Mapa Mental &#8211;<br>Link: <a rel="noreferrer noopener" href="https://www.youtube.com/watch?v=6SNmQNBpyL8" target="_blank">https://www.youtube.com/watch?v=6SNmQNBpyL8</a></figcaption></figure>



<hr class="wp-block-separator"/>



<h2 class="wp-block-heading"><strong>Atividade 2</strong></h2>



<p class="has-medium-font-size"> Depois de assistir ao vídeo iremos descrever que diferenças percebemos entre “paisagem natural” e “paisagem cultural”, “paisagem urbana” e paisagem rural”.</p>



<hr class="wp-block-separator"/>



<h2 class="wp-block-heading"><strong>Atividade 3</strong></h2>



<p class="has-medium-font-size"> Interpretar nosso lugar de moradia: quais são as principais características da paisagem onde você mora? Que mudanças você percebeu nesta paisagem desde quando mora nesta casa? Faça sua descrição em forma de texto e poste na plataforma. Se precisar de suporte para a descrição, utilize este modelo a seguir, o segundo link do saiba mais.</p>



<hr class="wp-block-separator"/>



<p class="has-very-light-gray-color has-vivid-purple-background-color has-text-color has-background has-medium-font-size">Saiba Mais | Referências</p>



<p class="has-medium-font-size">Confira mais detalhes sobre o conceito de lugar no texto O conceito de lugar para a Geografia, de Rodolfo F. Alves Pena. Disponível em:</p>



<p class="has-text-align-center has-vivid-purple-color has-very-light-gray-background-color has-text-color has-background has-medium-font-size"><strong><a rel="noreferrer noopener" href="https://mundoeducacao.bol.uol.com.br/geografia/o-conceito-lugar-para-geografia.htm" target="_blank">https://mundoeducacao.bol.uol.com.br/geografia/o-conceito-lugar-para-geografia.htm</a></strong></p>



<p class="has-medium-font-size">Roteiro sugerido para analise da paisagem: </p>



<p class="has-text-align-center has-vivid-purple-color has-very-light-gray-background-color has-text-color has-background has-medium-font-size"><a rel="noreferrer noopener" href="https://nova-escola-producao.s3.amazonaws.com/k6evyxzvGVAwX9ACvp5vVrVXdb4nnabaEbVg9hsV6RR6dak5FQg5auJctAWC/geo6-1und01-atividade-de-sistematizacao.pdf" target="_blank"><strong>https://nova-escola-producao.s3.amazonaws.com/k6evyxzvGVAwX9ACvp5vVrVXdb4nnabaEbVg9hsV6RR6dak5FQg5auJctAWC/geo6-1und01-atividade-de-sistematizacao.pdf</strong></a></p>



<hr class="wp-block-separator"/>



<figure class="wp-block-table alignfull is-style-regular"><table><tbody><tr><td>Componente(s) Curricular(es)</td><td>Geografia</td></tr><tr><td>Objetivos de Aprendizagem e Desenvolvimento</td><td>(EAJAGE0501) Reconhecer as modificações nas paisagens de acordo com as diferentes dinâmicas sociais nos diversos contextos históricos. (EAJAGE0502) Analisar as formações dos espaços geográficos em Goiás a partir a ocupação humana.</td></tr><tr><td>Professor (a)</td><td>Caio César Alencar de Sena</td></tr><tr><td>Instituição Educacional</td><td>Escola Municipal Bárbara de Souza Morais</td></tr><tr><td>CRE</td><td>CENTRAL</td></tr></tbody></table></figure>



<hr class="wp-block-separator"/>



<p class="has-text-align-center has-medium-font-size">EAJA –Ética e Cidadania – 2° Segmento – 5ª a 6ª séries</p>
