{"id":3168,"date":"2020-06-15T07:00:00","date_gmt":"2020-06-15T10:00:00","guid":{"rendered":"http:\/\/sme.goiania.go.gov.br\/conexaoescola\/?post_type=eaja&#038;p=3168"},"modified":"2021-11-16T09:52:28","modified_gmt":"2021-11-16T11:52:28","slug":"cidadao-participativo-em-favor-de-seus-direitos","status":"publish","type":"eaja","link":"https:\/\/sme.goiania.go.gov.br\/conexaoescola\/eaja\/cidadao-participativo-em-favor-de-seus-direitos\/","title":{"rendered":"Cidad\u00e3o Participativo em Favor de Seus Direitos"},"content":{"rendered":"\n<p class=\"has-drop-cap has-pale-pink-background-color has-background has-medium-font-size\">Ol\u00e1! Qual \u00e9 o papel do cidad\u00e3o participativo? Voc\u00ea j\u00e1 fez uma reclama\u00e7\u00e3o por escrito ou por telefone? Voc\u00ea registrou a reclama\u00e7\u00e3o em qual \u00f3rg\u00e3o?&nbsp; Voc\u00ea j\u00e1 registrou uma reclama\u00e7\u00e3o no PROCON? Sobre o qu\u00ea? Voc\u00ea j\u00e1 se perguntou por que a carta f\u00edsica vem perdendo seu espa\u00e7o para a troca de e-mails e de mensagens por celular? Voc\u00ea sabe como produzir uma Carta de Reclama\u00e7\u00e3o?<\/p>\n\n\n\n<p class=\"has-medium-font-size\">A carta \u00e9 um g\u00eanero que pode cumprir diferentes fun\u00e7\u00f5es sociais, entretanto, priorizamos, nesta atividade, a Carta de Reclama\u00e7\u00e3o. Nela, o autor usa uma forma de comunica\u00e7\u00e3o como meio de exerc\u00edcio de sua cidadania. Nesse caso, o g\u00eanero passa a pertencer ao campo da vida p\u00fablica do cidad\u00e3o.<\/p>\n\n\n\n<hr class=\"wp-block-separator\"\/>\n\n\n\n<h2 class=\"has-light-green-cyan-background-color has-background wp-block-heading\">Atividade 1<\/h2>\n\n\n\n<p class=\"has-medium-font-size\">Clique no link e assista ao v\u00eddeo \u201cCarta de Reclama\u00e7\u00e3o\u201d, produzido pelo canal \u201cCarta de Reclama\u00e7\u00e3o\u201d. Nesse v\u00eddeo, o professor Felipe Vilela faz um resumo sobre os elementos constituintes da Carta de Reclama\u00e7\u00e3o. Vamos l\u00e1!<\/p>\n\n\n\n<figure class=\"wp-block-embed is-type-video is-provider-youtube wp-block-embed-youtube wp-embed-aspect-16-9 wp-has-aspect-ratio\"><div class=\"wp-block-embed__wrapper\">\n<p class=\"responsive-video-wrap clr\"><iframe title=\"Carta de Reclama\u00e7\u00e3o\" width=\"1200\" height=\"675\" src=\"https:\/\/www.youtube.com\/embed\/I_LPR-nZua8?feature=oembed\" frameborder=\"0\" allow=\"accelerometer; autoplay; clipboard-write; encrypted-media; gyroscope; picture-in-picture\" allowfullscreen><\/iframe><\/p>\n<\/div><figcaption>&#8220;Carta de Reclama\u00e7\u00e3o&#8221; &#8211; Canal: Portugu\u00eas em Minutos &#8211; Link: <a rel=\"noreferrer noopener\" href=\"https:\/\/www.youtube.com\/watch?v=I_LPR-nZua8\" target=\"_blank\"><span class=\"has-inline-color has-vivid-cyan-blue-color\">https:\/\/www.youtube.com\/watch?v=I_LPR-nZua8<\/span><\/a><\/figcaption><\/figure>\n\n\n\n<hr class=\"wp-block-separator\"\/>\n\n\n\n<h2 class=\"has-luminous-vivid-amber-background-color has-background wp-block-heading\">Atividade 2<\/h2>\n\n\n\n<p class=\"has-medium-font-size\">Reflita sobre o v\u00eddeo que voc\u00ea assistiu. Converse com os seus familiares e discutam sobre as quest\u00f5es a seguir:<\/p>\n\n\n\n<ul class=\"wp-block-list\"><li>Atualmente, a Carta de Reclama\u00e7\u00e3o est\u00e1 presente no seu dia a dia? Quais s\u00e3o os meios que voc\u00ea utiliza para acess\u00e1-la?<\/li><li>No v\u00eddeo, foi citada a estrutura da Carta de Reclama\u00e7\u00e3o. Voc\u00ea j\u00e1 conhecia a Carta de Reclama\u00e7\u00e3o e seus elementos constituintes? Que tal pesquisar?<\/li><\/ul>\n\n\n\n<hr class=\"wp-block-separator\"\/>\n\n\n\n<h2 class=\"has-white-color has-vivid-purple-background-color has-text-color has-background wp-block-heading\">Atividade 3<\/h2>\n\n\n\n<p class=\"has-medium-font-size\">H\u00e1 v\u00e1rias formas de comunica\u00e7\u00e3o. Responda, em seu caderno, as seguintes perguntas:<\/p>\n\n\n\n<ul class=\"has-very-light-gray-to-cyan-bluish-gray-gradient-background has-background has-medium-font-size wp-block-list\"><li>Voc\u00ea j\u00e1 presenciou algu\u00e9m de sua fam\u00edlia escrevendo, fazendo uma liga\u00e7\u00e3o ou mesmo indo pessoalmente reclamar de algo?<\/li><li>Algu\u00e9m de sua casa j\u00e1 registrou reclama\u00e7\u00e3o no PROCON?<\/li><li>Qual foi a reclama\u00e7\u00e3o?<\/li><li>Qual foi a solicita\u00e7\u00e3o e os argumentos utilizados para convencer o destinat\u00e1rio a tomar provid\u00eancias?<\/li><\/ul>\n\n\n\n<hr class=\"wp-block-separator\"\/>\n\n\n\n<h2 class=\"has-pale-cyan-blue-background-color has-background wp-block-heading\">Atividade 4<\/h2>\n\n\n\n<p class=\"has-medium-font-size\">Produza uma Carta de Reclama\u00e7\u00e3o. Em seguida, endere\u00e7a-a para alguma autoridade (Procon, empresas, \u00f3rg\u00e3os respons\u00e1veis) e fa\u00e7a a sua reivindica\u00e7\u00e3o. Boa produ\u00e7\u00e3o!<\/p>\n\n\n\n<hr class=\"wp-block-separator\"\/>\n\n\n\n<figure class=\"wp-block-table alignfull\"><table><tbody><tr><td><strong><span style=\"color:#010506\" class=\"has-inline-color\">Componentes<\/span><\/strong><\/td><td><strong><span style=\"color:#010506\" class=\"has-inline-color\">Objetivos de Aprendizagem e Desenvolvimento<\/span><\/strong><\/td><\/tr><tr><td><strong><span style=\"color:#040404\" class=\"has-inline-color\">L\u00edngua Portuguesa<\/span><\/strong><\/td><td>(EAJALP0414) Compreender os g\u00eaneros carta de leitor e carta de reclama\u00e7\u00e3o, vinculados em jornais e revistas.&nbsp;<br>(EAJALP0633) Realizar levantamento e redigir textos sobre Carta de reclama\u00e7\u00e3o presente no dia a dia (Planejamento, produ\u00e7\u00e3o e revis\u00e3o textual)<\/td><\/tr><tr><td><strong><span style=\"color:#030506\" class=\"has-inline-color\">Hist\u00f3ria<\/span><\/strong><\/td><td>(EAJAHI0406) Perceber que as mudan\u00e7as na hist\u00f3ria ocorrem em ritmos diferentes e como estes se relacionam \u00e0 vida atual das pessoas.<\/td><\/tr><\/tbody><\/table><figcaption><br><\/figcaption><\/figure>\n\n\n\n<p><\/p>\n","protected":false},"author":7,"featured_media":3173,"template":"","meta":{"_acf_changed":false,"ocean_post_layout":"","ocean_both_sidebars_style":"","ocean_both_sidebars_content_width":0,"ocean_both_sidebars_sidebars_width":0,"ocean_sidebar":"","ocean_second_sidebar":"","ocean_disable_margins":"enable","ocean_add_body_class":"","ocean_shortcode_before_top_bar":"","ocean_shortcode_after_top_bar":"","ocean_shortcode_before_header":"","ocean_shortcode_after_header":"","ocean_has_shortcode":"","ocean_shortcode_after_title":"","ocean_shortcode_before_footer_widgets":"","ocean_shortcode_after_footer_widgets":"","ocean_shortcode_before_footer_bottom":"","ocean_shortcode_after_footer_bottom":"","ocean_display_top_bar":"default","ocean_display_header":"default","ocean_header_style":"","ocean_center_header_left_menu":"","ocean_custom_header_template":"","ocean_custom_logo":0,"ocean_custom_retina_logo":0,"ocean_custom_logo_max_width":0,"ocean_custom_logo_tablet_max_width":0,"ocean_custom_logo_mobile_max_width":0,"ocean_custom_logo_max_height":0,"ocean_custom_logo_tablet_max_height":0,"ocean_custom_logo_mobile_max_height":0,"ocean_header_custom_menu":"","ocean_menu_typo_font_family":"","ocean_menu_typo_font_subset":"","ocean_menu_typo_font_size":0,"ocean_menu_typo_font_size_tablet":0,"ocean_menu_typo_font_size_mobile":0,"ocean_menu_typo_font_size_unit":"px","ocean_menu_typo_font_weight":"","ocean_menu_typo_font_weight_tablet":"","ocean_menu_typo_font_weight_mobile":"","ocean_menu_typo_transform":"","ocean_menu_typo_transform_tablet":"","ocean_menu_typo_transform_mobile":"","ocean_menu_typo_line_height":0,"ocean_menu_typo_line_height_tablet":0,"ocean_menu_typo_line_height_mobile":0,"ocean_menu_typo_line_height_unit":"","ocean_menu_typo_spacing":0,"ocean_menu_typo_spacing_tablet":0,"ocean_menu_typo_spacing_mobile":0,"ocean_menu_typo_spacing_unit":"","ocean_menu_link_color":"","ocean_menu_link_color_hover":"","ocean_menu_link_color_active":"","ocean_menu_link_background":"","ocean_menu_link_hover_background":"","ocean_menu_link_active_background":"","ocean_menu_social_links_bg":"","ocean_menu_social_hover_links_bg":"","ocean_menu_social_links_color":"","ocean_menu_social_hover_links_color":"","ocean_disable_title":"default","ocean_disable_heading":"default","ocean_post_title":"","ocean_post_subheading":"","ocean_post_title_style":"","ocean_post_title_background_color":"","ocean_post_title_background":0,"ocean_post_title_bg_image_position":"","ocean_post_title_bg_image_attachment":"","ocean_post_title_bg_image_repeat":"","ocean_post_title_bg_image_size":"","ocean_post_title_height":0,"ocean_post_title_bg_overlay":0.5,"ocean_post_title_bg_overlay_color":"","ocean_disable_breadcrumbs":"default","ocean_breadcrumbs_color":"","ocean_breadcrumbs_separator_color":"","ocean_breadcrumbs_links_color":"","ocean_breadcrumbs_links_hover_color":"","ocean_display_footer_widgets":"default","ocean_display_footer_bottom":"default","ocean_custom_footer_template":""},"eaja_categoria":[4],"serie":[73],"eaja_componente":[77],"class_list":["post-3168","eaja","type-eaja","status-publish","has-post-thumbnail","hentry","eaja_categoria-1o-segmento-1a-a-4a-serie","serie-4a-serie","eaja_componente-lingua-portuguesa","entry","has-media"],"acf":[],"_links":{"self":[{"href":"https:\/\/sme.goiania.go.gov.br\/conexaoescola\/wp-json\/wp\/v2\/eaja\/3168","targetHints":{"allow":["GET"]}}],"collection":[{"href":"https:\/\/sme.goiania.go.gov.br\/conexaoescola\/wp-json\/wp\/v2\/eaja"}],"about":[{"href":"https:\/\/sme.goiania.go.gov.br\/conexaoescola\/wp-json\/wp\/v2\/types\/eaja"}],"author":[{"embeddable":true,"href":"https:\/\/sme.goiania.go.gov.br\/conexaoescola\/wp-json\/wp\/v2\/users\/7"}],"wp:featuredmedia":[{"embeddable":true,"href":"https:\/\/sme.goiania.go.gov.br\/conexaoescola\/wp-json\/wp\/v2\/media\/3173"}],"wp:attachment":[{"href":"https:\/\/sme.goiania.go.gov.br\/conexaoescola\/wp-json\/wp\/v2\/media?parent=3168"}],"wp:term":[{"taxonomy":"eaja_categoria","embeddable":true,"href":"https:\/\/sme.goiania.go.gov.br\/conexaoescola\/wp-json\/wp\/v2\/eaja_categoria?post=3168"},{"taxonomy":"serie","embeddable":true,"href":"https:\/\/sme.goiania.go.gov.br\/conexaoescola\/wp-json\/wp\/v2\/serie?post=3168"},{"taxonomy":"eaja_componente","embeddable":true,"href":"https:\/\/sme.goiania.go.gov.br\/conexaoescola\/wp-json\/wp\/v2\/eaja_componente?post=3168"}],"curies":[{"name":"wp","href":"https:\/\/api.w.org\/{rel}","templated":true}]}}

Cidadão Participativo em Favor de Seus Direitos

<p class="has-drop-cap has-pale-pink-background-color has-background has-medium-font-size">Olá! Qual é o papel do cidadão participativo? Você já fez uma reclamação por escrito ou por telefone? Você registrou a reclamação em qual órgão?&nbsp; Você já registrou uma reclamação no PROCON? Sobre o quê? Você já se perguntou por que a carta física vem perdendo seu espaço para a troca de e-mails e de mensagens por celular? Você sabe como produzir uma Carta de Reclamação?</p>



<p class="has-medium-font-size">A carta é um gênero que pode cumprir diferentes funções sociais, entretanto, priorizamos, nesta atividade, a Carta de Reclamação. Nela, o autor usa uma forma de comunicação como meio de exercício de sua cidadania. Nesse caso, o gênero passa a pertencer ao campo da vida pública do cidadão.</p>



<hr class="wp-block-separator"/>



<h2 class="has-light-green-cyan-background-color has-background wp-block-heading">Atividade 1</h2>



<p class="has-medium-font-size">Clique no link e assista ao vídeo “Carta de Reclamação”, produzido pelo canal “Carta de Reclamação”. Nesse vídeo, o professor Felipe Vilela faz um resumo sobre os elementos constituintes da Carta de Reclamação. Vamos lá!</p>



<figure class="wp-block-embed is-type-video is-provider-youtube wp-block-embed-youtube wp-embed-aspect-16-9 wp-has-aspect-ratio"><div class="wp-block-embed__wrapper">
<p class="responsive-video-wrap clr"><iframe title="Carta de Reclamação" width="1200" height="675" src="https://www.youtube.com/embed/I_LPR-nZua8?feature=oembed" frameborder="0" allow="accelerometer; autoplay; clipboard-write; encrypted-media; gyroscope; picture-in-picture" allowfullscreen></iframe></p>
</div><figcaption>&#8220;Carta de Reclamação&#8221; &#8211; Canal: Português em Minutos &#8211; Link: <a rel="noreferrer noopener" href="https://www.youtube.com/watch?v=I_LPR-nZua8" target="_blank"><span class="has-inline-color has-vivid-cyan-blue-color">https://www.youtube.com/watch?v=I_LPR-nZua8</span></a></figcaption></figure>



<hr class="wp-block-separator"/>



<h2 class="has-luminous-vivid-amber-background-color has-background wp-block-heading">Atividade 2</h2>



<p class="has-medium-font-size">Reflita sobre o vídeo que você assistiu. Converse com os seus familiares e discutam sobre as questões a seguir:</p>



<ul class="wp-block-list"><li>Atualmente, a Carta de Reclamação está presente no seu dia a dia? Quais são os meios que você utiliza para acessá-la?</li><li>No vídeo, foi citada a estrutura da Carta de Reclamação. Você já conhecia a Carta de Reclamação e seus elementos constituintes? Que tal pesquisar?</li></ul>



<hr class="wp-block-separator"/>



<h2 class="has-white-color has-vivid-purple-background-color has-text-color has-background wp-block-heading">Atividade 3</h2>



<p class="has-medium-font-size">Há várias formas de comunicação. Responda, em seu caderno, as seguintes perguntas:</p>



<ul class="has-very-light-gray-to-cyan-bluish-gray-gradient-background has-background has-medium-font-size wp-block-list"><li>Você já presenciou alguém de sua família escrevendo, fazendo uma ligação ou mesmo indo pessoalmente reclamar de algo?</li><li>Alguém de sua casa já registrou reclamação no PROCON?</li><li>Qual foi a reclamação?</li><li>Qual foi a solicitação e os argumentos utilizados para convencer o destinatário a tomar providências?</li></ul>



<hr class="wp-block-separator"/>



<h2 class="has-pale-cyan-blue-background-color has-background wp-block-heading">Atividade 4</h2>



<p class="has-medium-font-size">Produza uma Carta de Reclamação. Em seguida, endereça-a para alguma autoridade (Procon, empresas, órgãos responsáveis) e faça a sua reivindicação. Boa produção!</p>



<hr class="wp-block-separator"/>



<figure class="wp-block-table alignfull"><table><tbody><tr><td><strong><span style="color:#010506" class="has-inline-color">Componentes</span></strong></td><td><strong><span style="color:#010506" class="has-inline-color">Objetivos de Aprendizagem e Desenvolvimento</span></strong></td></tr><tr><td><strong><span style="color:#040404" class="has-inline-color">Língua Portuguesa</span></strong></td><td>(EAJALP0414) Compreender os gêneros carta de leitor e carta de reclamação, vinculados em jornais e revistas.&nbsp;<br>(EAJALP0633) Realizar levantamento e redigir textos sobre Carta de reclamação presente no dia a dia (Planejamento, produção e revisão textual)</td></tr><tr><td><strong><span style="color:#030506" class="has-inline-color">História</span></strong></td><td>(EAJAHI0406) Perceber que as mudanças na história ocorrem em ritmos diferentes e como estes se relacionam à vida atual das pessoas.</td></tr></tbody></table><figcaption><br></figcaption></figure>



<p></p>
