{"id":29724,"date":"2020-10-12T07:00:00","date_gmt":"2020-10-12T10:00:00","guid":{"rendered":"http:\/\/sme.goiania.go.gov.br\/conexaoescola\/?post_type=eaja&#038;p=29724"},"modified":"2021-10-19T10:05:20","modified_gmt":"2021-10-19T13:05:20","slug":"linguagem-verbal-e-nao-verbal","status":"publish","type":"eaja","link":"https:\/\/sme.goiania.go.gov.br\/conexaoescola\/eaja\/linguagem-verbal-e-nao-verbal\/","title":{"rendered":"Linguagem verbal e n\u00e3o verbal."},"content":{"rendered":"\n<p class=\"has-medium-font-size\"><strong>Linguagem verbal<\/strong>: tamb\u00e9m chamada de&nbsp;<strong>linguagem<\/strong>&nbsp;verbalizada, \u00e9 expressa por meio de palavras escritas ou faladas.&nbsp;<\/p>\n\n\n\n<p class=\"has-medium-font-size\"><strong>Linguagem n\u00e3o verbal<\/strong>: utiliza signos visuais, como, por exemplo, os gestos, postura, ilustra\u00e7\u00f5es, placas, m\u00fasicas.<\/p>\n\n\n\n<hr class=\"wp-block-separator has-text-color has-background has-vivid-purple-background-color has-vivid-purple-color\"\/>\n\n\n\n<h2 class=\"has-luminous-vivid-amber-background-color has-background wp-block-heading\"><strong>ATIVIDADE 1<\/strong><\/h2>\n\n\n\n<p class=\"has-medium-font-size\">Assista o v\u00eddeo abaixo:<\/p>\n\n\n\n<figure class=\"wp-block-embed is-type-video is-provider-youtube wp-block-embed-youtube wp-embed-aspect-16-9 wp-has-aspect-ratio\"><div class=\"wp-block-embed__wrapper\">\n<p class=\"responsive-video-wrap clr\"><iframe title=\"Linguagem Verbal e N\u00e3o-Verbal\" width=\"1200\" height=\"675\" src=\"https:\/\/www.youtube.com\/embed\/Pu8D18RhUcs?feature=oembed\" frameborder=\"0\" allow=\"accelerometer; autoplay; clipboard-write; encrypted-media; gyroscope; picture-in-picture\" allowfullscreen><\/iframe><\/p>\n<\/div><figcaption>&#8220;Linguagem Verbal e N\u00e3o-Verbal&#8221; &#8211; Canal: Falando Portugu\u00eas &#8211; <br>Link: https:\/\/www.youtube.com\/watch?v=Pu8D18RhUcs<\/figcaption><\/figure>\n\n\n\n<hr class=\"wp-block-separator has-text-color has-background has-light-green-cyan-background-color has-light-green-cyan-color\"\/>\n\n\n\n<h2 class=\"has-pale-cyan-blue-background-color has-background wp-block-heading\"><strong>ATIVIDADE 2<\/strong><\/h2>\n\n\n\n<p class=\"has-medium-font-size\">Agora, converse com seus familiares e responda oralmente.<\/p>\n\n\n\n<p class=\"has-medium-font-size\">&#8211; Levando em considera\u00e7\u00e3o o que voc\u00ea assistiu no v\u00eddeo, conclua: o que \u00e9 linguagem verbal, n\u00e3o verbal?<\/p>\n\n\n\n<h2 class=\"has-light-green-cyan-background-color has-background wp-block-heading\"><strong>ATIVIDADE 3<\/strong><\/h2>\n\n\n\n<p class=\"has-medium-font-size\">Quando assistimos a um jogo de futebol, as linguagens verbal e n\u00e3o verbal est\u00e3o envolvidas. Qual delas abaixo representa a linguagem verbal usadas nas partidas de futebol:&nbsp;<\/p>\n\n\n\n<p class=\"has-medium-font-size\">A) Bandeiras de impedimento&nbsp;<\/p>\n\n\n\n<p class=\"has-medium-font-size\">B) Cart\u00f5es vermelho e amarelo&nbsp;<\/p>\n\n\n\n<p class=\"has-medium-font-size\">C) &nbsp;Locutor de futebol&nbsp;<\/p>\n\n\n\n<p class=\"has-medium-font-size\">D) Apito do juiz<\/p>\n\n\n\n<hr class=\"wp-block-separator has-text-color has-background has-vivid-cyan-blue-background-color has-vivid-cyan-blue-color\"\/>\n\n\n\n<h2 class=\"has-pale-pink-background-color has-background wp-block-heading\"><strong>ATIVIDADE 4<\/strong><\/h2>\n\n\n\n<p class=\"has-medium-font-size\">Leia o texto abaixo e responda em seu caderno.<\/p>\n\n\n\n<figure class=\"wp-block-image size-large\"><img fetchpriority=\"high\" decoding=\"async\" width=\"551\" height=\"667\" src=\"http:\/\/sme.goiania.go.gov.br\/conexaoescola\/wp-content\/uploads\/2020\/10\/download-1-e1602268767125.png\" alt=\"\" class=\"wp-image-29725\" srcset=\"https:\/\/sme.goiania.go.gov.br\/conexaoescola\/wp-content\/uploads\/2020\/10\/download-1-e1602268767125.png 551w, https:\/\/sme.goiania.go.gov.br\/conexaoescola\/wp-content\/uploads\/2020\/10\/download-1-e1602268767125-248x300.png 248w\" sizes=\"(max-width: 551px) 100vw, 551px\" \/><\/figure>\n\n\n\n<p class=\"has-medium-font-size\">&#8211; Qual o tipo de linguagem foi utilizado no quadrinho?<\/p>\n\n\n\n<p class=\"has-medium-font-size\">&#8211; Que elementos o levou a essa conclus\u00e3o?<\/p>\n\n\n\n<p class=\"has-medium-font-size\">&#8211; Escreva em seu caderno a hist\u00f3ria que voc\u00ea acabou de ler.<\/p>\n\n\n\n<hr class=\"wp-block-separator has-text-color has-background has-vivid-red-background-color has-vivid-red-color\"\/>\n\n\n\n<p class=\"has-medium-font-size\"><strong>SAIBA MAIS:<\/strong><\/p>\n\n\n\n<figure class=\"wp-block-embed is-type-video is-provider-youtube wp-block-embed-youtube wp-embed-aspect-16-9 wp-has-aspect-ratio\"><div class=\"wp-block-embed__wrapper\">\n<p class=\"responsive-video-wrap clr\"><iframe title=\"Portugu\u00eas - Linguagem Verbal e n\u00e3o Verbal\" width=\"1200\" height=\"675\" src=\"https:\/\/www.youtube.com\/embed\/vJoaCAgMLIY?feature=oembed\" frameborder=\"0\" allow=\"accelerometer; autoplay; clipboard-write; encrypted-media; gyroscope; picture-in-picture\" allowfullscreen><\/iframe><\/p>\n<\/div><figcaption>&#8220;Portugu\u00eas &#8211; Linguagem Verbal e n\u00e3o Verbal&#8221; &#8211; Canal: <a href=\"https:\/\/www.youtube.com\/channel\/UCViEzcTkpNXXcir2RScV8IA\">Minha Faculdade<\/a> &#8211; <br>Link: https:\/\/www.youtube.com\/watch?v=vJoaCAgMLIY<\/figcaption><\/figure>\n\n\n\n<hr class=\"wp-block-separator has-text-color has-background has-luminous-vivid-amber-background-color has-luminous-vivid-amber-color\"\/>\n\n\n\n<figure class=\"wp-block-table alignfull\"><table class=\"has-background\" style=\"background-color:#e9fbe5\"><tbody><tr><td>Componente(s) Curricular(res)<\/td><td>L\u00edngua Portuguesa&nbsp;<\/td><\/tr><tr><td>Objetivos de Aprendizagem e Desenvolvimento<\/td><td>(EAJALP0104) Conhecer a linguagem verbal e n\u00e3o verbal do texto.<\/td><\/tr><\/tbody><\/table><\/figure>\n\n\n\n<hr class=\"wp-block-separator has-text-color has-background has-luminous-vivid-orange-background-color has-luminous-vivid-orange-color\"\/>\n\n\n\n<p class=\"has-text-align-center has-medium-font-size\">EAJA &#8211; \u00c9tica e Cidadania &#8211; 1\u00ba Segmento &#8211; 1\u00aa S\u00e9rie<\/p>\n","protected":false},"author":26,"featured_media":29728,"template":"","meta":{"_acf_changed":false,"ocean_post_layout":"","ocean_both_sidebars_style":"","ocean_both_sidebars_content_width":0,"ocean_both_sidebars_sidebars_width":0,"ocean_sidebar":"","ocean_second_sidebar":"","ocean_disable_margins":"enable","ocean_add_body_class":"","ocean_shortcode_before_top_bar":"","ocean_shortcode_after_top_bar":"","ocean_shortcode_before_header":"","ocean_shortcode_after_header":"","ocean_has_shortcode":"","ocean_shortcode_after_title":"","ocean_shortcode_before_footer_widgets":"","ocean_shortcode_after_footer_widgets":"","ocean_shortcode_before_footer_bottom":"","ocean_shortcode_after_footer_bottom":"","ocean_display_top_bar":"default","ocean_display_header":"default","ocean_header_style":"","ocean_center_header_left_menu":"","ocean_custom_header_template":"","ocean_custom_logo":0,"ocean_custom_retina_logo":0,"ocean_custom_logo_max_width":0,"ocean_custom_logo_tablet_max_width":0,"ocean_custom_logo_mobile_max_width":0,"ocean_custom_logo_max_height":0,"ocean_custom_logo_tablet_max_height":0,"ocean_custom_logo_mobile_max_height":0,"ocean_header_custom_menu":"","ocean_menu_typo_font_family":"","ocean_menu_typo_font_subset":"","ocean_menu_typo_font_size":0,"ocean_menu_typo_font_size_tablet":0,"ocean_menu_typo_font_size_mobile":0,"ocean_menu_typo_font_size_unit":"px","ocean_menu_typo_font_weight":"","ocean_menu_typo_font_weight_tablet":"","ocean_menu_typo_font_weight_mobile":"","ocean_menu_typo_transform":"","ocean_menu_typo_transform_tablet":"","ocean_menu_typo_transform_mobile":"","ocean_menu_typo_line_height":0,"ocean_menu_typo_line_height_tablet":0,"ocean_menu_typo_line_height_mobile":0,"ocean_menu_typo_line_height_unit":"","ocean_menu_typo_spacing":0,"ocean_menu_typo_spacing_tablet":0,"ocean_menu_typo_spacing_mobile":0,"ocean_menu_typo_spacing_unit":"","ocean_menu_link_color":"","ocean_menu_link_color_hover":"","ocean_menu_link_color_active":"","ocean_menu_link_background":"","ocean_menu_link_hover_background":"","ocean_menu_link_active_background":"","ocean_menu_social_links_bg":"","ocean_menu_social_hover_links_bg":"","ocean_menu_social_links_color":"","ocean_menu_social_hover_links_color":"","ocean_disable_title":"default","ocean_disable_heading":"default","ocean_post_title":"","ocean_post_subheading":"","ocean_post_title_style":"","ocean_post_title_background_color":"","ocean_post_title_background":0,"ocean_post_title_bg_image_position":"","ocean_post_title_bg_image_attachment":"","ocean_post_title_bg_image_repeat":"","ocean_post_title_bg_image_size":"","ocean_post_title_height":0,"ocean_post_title_bg_overlay":0.5,"ocean_post_title_bg_overlay_color":"","ocean_disable_breadcrumbs":"default","ocean_breadcrumbs_color":"","ocean_breadcrumbs_separator_color":"","ocean_breadcrumbs_links_color":"","ocean_breadcrumbs_links_hover_color":"","ocean_display_footer_widgets":"default","ocean_display_footer_bottom":"default","ocean_custom_footer_template":""},"eaja_categoria":[4],"serie":[70],"eaja_componente":[77],"class_list":["post-29724","eaja","type-eaja","status-publish","has-post-thumbnail","hentry","eaja_categoria-1o-segmento-1a-a-4a-serie","serie-1a-serie","eaja_componente-lingua-portuguesa","entry","has-media"],"acf":[],"_links":{"self":[{"href":"https:\/\/sme.goiania.go.gov.br\/conexaoescola\/wp-json\/wp\/v2\/eaja\/29724","targetHints":{"allow":["GET"]}}],"collection":[{"href":"https:\/\/sme.goiania.go.gov.br\/conexaoescola\/wp-json\/wp\/v2\/eaja"}],"about":[{"href":"https:\/\/sme.goiania.go.gov.br\/conexaoescola\/wp-json\/wp\/v2\/types\/eaja"}],"author":[{"embeddable":true,"href":"https:\/\/sme.goiania.go.gov.br\/conexaoescola\/wp-json\/wp\/v2\/users\/26"}],"wp:featuredmedia":[{"embeddable":true,"href":"https:\/\/sme.goiania.go.gov.br\/conexaoescola\/wp-json\/wp\/v2\/media\/29728"}],"wp:attachment":[{"href":"https:\/\/sme.goiania.go.gov.br\/conexaoescola\/wp-json\/wp\/v2\/media?parent=29724"}],"wp:term":[{"taxonomy":"eaja_categoria","embeddable":true,"href":"https:\/\/sme.goiania.go.gov.br\/conexaoescola\/wp-json\/wp\/v2\/eaja_categoria?post=29724"},{"taxonomy":"serie","embeddable":true,"href":"https:\/\/sme.goiania.go.gov.br\/conexaoescola\/wp-json\/wp\/v2\/serie?post=29724"},{"taxonomy":"eaja_componente","embeddable":true,"href":"https:\/\/sme.goiania.go.gov.br\/conexaoescola\/wp-json\/wp\/v2\/eaja_componente?post=29724"}],"curies":[{"name":"wp","href":"https:\/\/api.w.org\/{rel}","templated":true}]}}

Linguagem verbal e não verbal.

<p class="has-medium-font-size"><strong>Linguagem verbal</strong>: também chamada de&nbsp;<strong>linguagem</strong>&nbsp;verbalizada, é expressa por meio de palavras escritas ou faladas.&nbsp;</p>



<p class="has-medium-font-size"><strong>Linguagem não verbal</strong>: utiliza signos visuais, como, por exemplo, os gestos, postura, ilustrações, placas, músicas.</p>



<hr class="wp-block-separator has-text-color has-background has-vivid-purple-background-color has-vivid-purple-color"/>



<h2 class="has-luminous-vivid-amber-background-color has-background wp-block-heading"><strong>ATIVIDADE 1</strong></h2>



<p class="has-medium-font-size">Assista o vídeo abaixo:</p>



<figure class="wp-block-embed is-type-video is-provider-youtube wp-block-embed-youtube wp-embed-aspect-16-9 wp-has-aspect-ratio"><div class="wp-block-embed__wrapper">
<p class="responsive-video-wrap clr"><iframe title="Linguagem Verbal e Não-Verbal" width="1200" height="675" src="https://www.youtube.com/embed/Pu8D18RhUcs?feature=oembed" frameborder="0" allow="accelerometer; autoplay; clipboard-write; encrypted-media; gyroscope; picture-in-picture" allowfullscreen></iframe></p>
</div><figcaption>&#8220;Linguagem Verbal e Não-Verbal&#8221; &#8211; Canal: Falando Português &#8211; <br>Link: https://www.youtube.com/watch?v=Pu8D18RhUcs</figcaption></figure>



<hr class="wp-block-separator has-text-color has-background has-light-green-cyan-background-color has-light-green-cyan-color"/>



<h2 class="has-pale-cyan-blue-background-color has-background wp-block-heading"><strong>ATIVIDADE 2</strong></h2>



<p class="has-medium-font-size">Agora, converse com seus familiares e responda oralmente.</p>



<p class="has-medium-font-size">&#8211; Levando em consideração o que você assistiu no vídeo, conclua: o que é linguagem verbal, não verbal?</p>



<h2 class="has-light-green-cyan-background-color has-background wp-block-heading"><strong>ATIVIDADE 3</strong></h2>



<p class="has-medium-font-size">Quando assistimos a um jogo de futebol, as linguagens verbal e não verbal estão envolvidas. Qual delas abaixo representa a linguagem verbal usadas nas partidas de futebol:&nbsp;</p>



<p class="has-medium-font-size">A) Bandeiras de impedimento&nbsp;</p>



<p class="has-medium-font-size">B) Cartões vermelho e amarelo&nbsp;</p>



<p class="has-medium-font-size">C) &nbsp;Locutor de futebol&nbsp;</p>



<p class="has-medium-font-size">D) Apito do juiz</p>



<hr class="wp-block-separator has-text-color has-background has-vivid-cyan-blue-background-color has-vivid-cyan-blue-color"/>



<h2 class="has-pale-pink-background-color has-background wp-block-heading"><strong>ATIVIDADE 4</strong></h2>



<p class="has-medium-font-size">Leia o texto abaixo e responda em seu caderno.</p>



<figure class="wp-block-image size-large"><img fetchpriority="high" decoding="async" width="551" height="667" src="http://sme.goiania.go.gov.br/conexaoescola/wp-content/uploads/2020/10/download-1-e1602268767125.png" alt="" class="wp-image-29725" srcset="https://sme.goiania.go.gov.br/conexaoescola/wp-content/uploads/2020/10/download-1-e1602268767125.png 551w, https://sme.goiania.go.gov.br/conexaoescola/wp-content/uploads/2020/10/download-1-e1602268767125-248x300.png 248w" sizes="(max-width: 551px) 100vw, 551px" /></figure>



<p class="has-medium-font-size">&#8211; Qual o tipo de linguagem foi utilizado no quadrinho?</p>



<p class="has-medium-font-size">&#8211; Que elementos o levou a essa conclusão?</p>



<p class="has-medium-font-size">&#8211; Escreva em seu caderno a história que você acabou de ler.</p>



<hr class="wp-block-separator has-text-color has-background has-vivid-red-background-color has-vivid-red-color"/>



<p class="has-medium-font-size"><strong>SAIBA MAIS:</strong></p>



<figure class="wp-block-embed is-type-video is-provider-youtube wp-block-embed-youtube wp-embed-aspect-16-9 wp-has-aspect-ratio"><div class="wp-block-embed__wrapper">
<p class="responsive-video-wrap clr"><iframe title="Português - Linguagem Verbal e não Verbal" width="1200" height="675" src="https://www.youtube.com/embed/vJoaCAgMLIY?feature=oembed" frameborder="0" allow="accelerometer; autoplay; clipboard-write; encrypted-media; gyroscope; picture-in-picture" allowfullscreen></iframe></p>
</div><figcaption>&#8220;Português &#8211; Linguagem Verbal e não Verbal&#8221; &#8211; Canal: <a href="https://www.youtube.com/channel/UCViEzcTkpNXXcir2RScV8IA">Minha Faculdade</a> &#8211; <br>Link: https://www.youtube.com/watch?v=vJoaCAgMLIY</figcaption></figure>



<hr class="wp-block-separator has-text-color has-background has-luminous-vivid-amber-background-color has-luminous-vivid-amber-color"/>



<figure class="wp-block-table alignfull"><table class="has-background" style="background-color:#e9fbe5"><tbody><tr><td>Componente(s) Curricular(res)</td><td>Língua Portuguesa&nbsp;</td></tr><tr><td>Objetivos de Aprendizagem e Desenvolvimento</td><td>(EAJALP0104) Conhecer a linguagem verbal e não verbal do texto.</td></tr></tbody></table></figure>



<hr class="wp-block-separator has-text-color has-background has-luminous-vivid-orange-background-color has-luminous-vivid-orange-color"/>



<p class="has-text-align-center has-medium-font-size">EAJA &#8211; Ética e Cidadania &#8211; 1º Segmento &#8211; 1ª Série</p>
